I, [2012-07-16T10:38:29.377367 #9588] INFO -- : Redaction for way 5011009 v3 hidden
I, [2012-07-16T10:38:29.480308 #9588] INFO -- : Redaction for way 5011009 v4 visible
I, [2012-07-16T10:38:29.563386 #9588] INFO -- : Redaction for way 5011009 v5 visible
I, [2012-07-16T10:38:29.650598 #9588] INFO -- : Redaction for way 5011009 v6 visible
I, [2012-07-16T10:38:29.740006 #9588] INFO -- : Redaction for way 5011009 v7 hidden
I, [2012-07-16T10:38:29.836803 #9588] INFO -- : Redaction for way 5011009 v8 hidden
I, [2012-07-16T10:38:29.920987 #9588] INFO -- : Redaction for way 5011009 v9 visible
I, [2012-07-16T10:38:30.014973 #9588] INFO -- : Redaction for way 5011009 v10 visible
I, [2012-07-16T10:38:30.116917 #9588] INFO -- : Redaction for way 5011009 v11 visible
I, [2012-07-16T10:38:30.220535 #9588] INFO -- : Redaction for way 5011009 v12 visible
I, [2012-07-16T10:38:30.305571 #9588] INFO -- : Redaction for way 5011009 v13 visible
I, [2012-07-16T10:38:30.426154 #9588] INFO -- : Redaction for way 5011009 v14 visible
I, [2012-07-16T10:38:30.509822 #9588] INFO -- : Redaction for way 5011009 v15 visible
I, [2012-07-16T10:38:30.595106 #9588] INFO -- : Redaction for way 5011009 v16 visible
I, [2012-07-16T10:38:30.679853 #9588] INFO -- : Redaction for way 5011009 v17 visible
I, [2012-07-16T10:38:30.763406 #9588] INFO -- : Redaction for way 5011009 v18 visible
I, [2012-07-16T10:38:30.846831 #9588] INFO -- : Redaction for way 5011009 v19 visible
I, [2012-07-16T10:38:31.240868 #9588] INFO -- : Redaction for way 5011009 v20 visible
I, [2012-07-16T10:38:31.369213 #9588] INFO -- : Redaction for way 5011009 v21 visible
I, [2012-07-16T10:38:31.469389 #9588] INFO -- : Redaction for way 5011009 v22 visible
I, [2012-07-16T10:38:31.583265 #9588] INFO -- : Redaction for way 5011009 v23 visible
I, [2012-07-16T10:38:31.666556 #9588] INFO -- : Redaction for way 5011009 v24 visible
I, [2012-07-16T10:38:31.750199 #9588] INFO -- : Redaction for way 5011009 v25 visible
I, [2012-07-16T10:38:31.904162 #9588] INFO -- : Redaction for way 5011009 v26 visible
I, [2012-07-16T10:38:32.308268 #9588] INFO -- : Redaction for way 5089221 v2 hidden
I, [2012-07-16T10:38:32.411108 #9588] INFO -- : Redaction for way 5089221 v3 hidden
I, [2012-07-16T10:38:32.502628 #9588] INFO -- : Redaction for way 5089221 v4 visible
I, [2012-07-16T10:38:32.602637 #9588] INFO -- : Redaction for way 5089221 v5 hidden
I, [2012-07-16T10:38:32.653147 #9590] INFO -- : Redaction for way 10277401 v4 visible
I, [2012-07-16T10:38:32.698095 #9588] INFO -- : Redaction for way 5089221 v6 visible
I, [2012-07-16T10:38:32.741707 #9590] INFO -- : Redaction for way 10277401 v5 visible
I, [2012-07-16T10:38:32.789852 #9588] INFO -- : Redaction for way 5089221 v7 visible
I, [2012-07-16T10:38:32.863986 #9590] INFO -- : Redaction for way 10277401 v6 visible
I, [2012-07-16T10:38:32.914284 #9588] INFO -- : Redaction for way 5089221 v8 visible
I, [2012-07-16T10:38:33.006431 #9590] INFO -- : Redaction for way 10277401 v7 visible
I, [2012-07-16T10:38:33.051134 #9588] INFO -- : Redaction for way 5089221 v9 visible
I, [2012-07-16T10:38:33.175904 #9588] INFO -- : Redaction for way 5089221 v10 visible
I, [2012-07-16T10:38:33.289721 #9588] INFO -- : Redaction for way 5089221 v11 visible
I, [2012-07-16T10:38:33.381698 #9588] INFO -- : Redaction for way 5089221 v12 visible
I, [2012-07-16T10:38:33.474279 #9588] INFO -- : Redaction for way 5089221 v13 visible
I, [2012-07-16T10:38:38.103879 #9590] INFO -- : Redaction for way 10277401 v8 visible
I, [2012-07-16T10:38:38.204726 #9590] INFO -- : Redaction for way 10277401 v9 visible
I, [2012-07-16T10:38:38.314442 #9590] INFO -- : Redaction for way 10277401 v10 visible
I, [2012-07-16T10:38:38.429664 #9590] INFO -- : Redaction for way 10277363 v1 hidden
I, [2012-07-16T10:38:38.554835 #9590] INFO -- : Redaction for way 10277363 v2 hidden
I, [2012-07-16T10:38:38.666978 #9590] INFO -- : Redaction for way 10277394 v1 hidden
I, [2012-07-16T10:38:38.797999 #9590] INFO -- : Redaction for way 10277394 v2 hidden
I, [2012-07-16T10:38:38.931649 #9590] INFO -- : Redaction for way 10277394 v3 visible
I, [2012-07-16T10:38:39.073402 #9590] INFO -- : Redaction for way 10277394 v4 visible
I, [2012-07-16T10:38:39.128679 #9588] INFO -- : Redaction for way 5089221 v14 visible
I, [2012-07-16T10:38:39.200549 #9590] INFO -- : Redaction for way 10277352 v1 hidden
I, [2012-07-16T10:38:39.246230 #9588] INFO -- : Redaction for way 5089221 v15 visible
I, [2012-07-16T10:38:39.365090 #9590] INFO -- : Redaction for way 10277352 v2 visible
I, [2012-07-16T10:38:39.443255 #9588] INFO -- : Redaction for way 5089221 v16 visible
I, [2012-07-16T10:38:39.504142 #9590] INFO -- : Redaction for way 10277352 v3 visible
I, [2012-07-16T10:38:39.590940 #9588] INFO -- : Redaction for way 5089221 v17 visible
I, [2012-07-16T10:38:39.595765 #9590] INFO -- : Redaction for way 10277352 v4 visible
I, [2012-07-16T10:38:39.681688 #9590] INFO -- : Redaction for way 10277352 v5 visible
I, [2012-07-16T10:38:39.681942 #9588] INFO -- : Redaction for way 5089221 v18 visible
I, [2012-07-16T10:38:39.784161 #9590] INFO -- : Redaction for way 10277336 v1 hidden
I, [2012-07-16T10:38:39.804181 #9588] INFO -- : Redaction for way 5089221 v19 visible
I, [2012-07-16T10:38:39.888772 #9590] INFO -- : Redaction for way 10277336 v2 hidden
I, [2012-07-16T10:38:39.926777 #9588] INFO -- : Redaction for way 5089221 v20 visible
I, [2012-07-16T10:38:40.031927 #9588] INFO -- : Redaction for way 5089221 v21 visible
I, [2012-07-16T10:38:40.137835 #9588] INFO -- : Redaction for way 5089221 v22 visible
I, [2012-07-16T10:38:45.005377 #9590] INFO -- : Redaction for way 10277336 v3 visible
I, [2012-07-16T10:38:45.116562 #9590] INFO -- : Redaction for way 10277336 v4 visible
I, [2012-07-16T10:38:45.226861 #9590] INFO -- : Redaction for way 10274110 v1 hidden
I, [2012-07-16T10:38:45.262815 #9588] INFO -- : Redaction for way 5089221 v23 visible
I, [2012-07-16T10:38:45.314818 #9590] INFO -- : Redaction for way 10274110 v2 hidden
I, [2012-07-16T10:38:45.388325 #9588] INFO -- : Redaction for way 5089221 v24 visible
I, [2012-07-16T10:38:45.477389 #9588] INFO -- : Redaction for way 10267717 v1 hidden
I, [2012-07-16T10:38:45.570860 #9588] INFO -- : Redaction for way 10267717 v2 hidden
I, [2012-07-16T10:38:45.658282 #9588] INFO -- : Redaction for way 10267717 v3 visible
I, [2012-07-16T10:38:45.758165 #9588] INFO -- : Redaction for way 10267717 v4 hidden
I, [2012-07-16T10:38:45.881486 #9588] INFO -- : Redaction for way 10267717 v5 visible
I, [2012-07-16T10:38:45.996150 #9588] INFO -- : Redaction for way 10267717 v6 visible
I, [2012-07-16T10:38:46.089601 #9588] INFO -- : Redaction for way 10267717 v7 visible
I, [2012-07-16T10:38:46.182155 #9588] INFO -- : Redaction for way 10267717 v8 visible
I, [2012-07-16T10:38:50.415281 #9590] INFO -- : Redaction for way 10274110 v3 hidden
I, [2012-07-16T10:38:50.505125 #9590] INFO -- : Redaction for way 10274136 v1 hidden
I, [2012-07-16T10:38:50.591819 #9590] INFO -- : Redaction for way 10274136 v2 hidden
I, [2012-07-16T10:38:50.681205 #9590] INFO -- : Redaction for way 10274136 v3 hidden
I, [2012-07-16T10:38:50.771005 #9590] INFO -- : Redaction for way 10274136 v4 visible
I, [2012-07-16T10:38:50.862926 #9590] INFO -- : Redaction for way 10274136 v5 hidden
I, [2012-07-16T10:38:50.953186 #9590] INFO -- : Redaction for way 10274163 v1 hidden
I, [2012-07-16T10:38:51.042551 #9590] INFO -- : Redaction for way 10274163 v2 hidden
I, [2012-07-16T10:38:51.145908 #9590] INFO -- : Redaction for way 10274163 v3 hidden
I, [2012-07-16T10:38:51.235601 #9590] INFO -- : Redaction for way 10274163 v4 hidden
I, [2012-07-16T10:38:51.280832 #9588] INFO -- : Redaction for way 10267717 v9 visible
I, [2012-07-16T10:38:51.342730 #9590] INFO -- : Redaction for way 10274163 v5 hidden
I, [2012-07-16T10:38:51.393524 #9588] INFO -- : Redaction for way 10267717 v10 visible
I, [2012-07-16T10:38:51.470705 #9590] INFO -- : Redaction for way 10274163 v6 hidden
I, [2012-07-16T10:38:51.528306 #9588] INFO -- : Redaction for way 10267717 v11 visible
I, [2012-07-16T10:38:51.627189 #9588] INFO -- : Redaction for way 10267717 v12 visible
I, [2012-07-16T10:38:51.747506 #9588] INFO -- : Redaction for way 10267717 v13 visible
I, [2012-07-16T10:38:51.885284 #9588] INFO -- : Redaction for way 29724265 v4 hidden
I, [2012-07-16T10:38:51.992496 #9588] INFO -- : Redaction for way 29724265 v5 hidden
I, [2012-07-16T10:38:52.005005 #9590] INFO -- : Redaction for way 10274163 v7 hidden
I, [2012-07-16T10:38:52.105766 #9588] INFO -- : Redaction for way 29724265 v6 hidden
I, [2012-07-16T10:38:52.115034 #9590] INFO -- : Redaction for way 10274163 v8 visible
I, [2012-07-16T10:38:52.219884 #9590] INFO -- : Redaction for way 10274163 v9 visible
I, [2012-07-16T10:38:52.336137 #9590] INFO -- : Redaction for way 10274163 v10 visible
I, [2012-07-16T10:38:52.455233 #9590] INFO -- : Redaction for way 10274163 v11 visible
I, [2012-07-16T10:38:52.560454 #9590] INFO -- : Redaction for way 10274163 v12 visible
I, [2012-07-16T10:38:52.560351 #9588] INFO -- : Redaction for way 29724265 v7 visible
I, [2012-07-16T10:38:52.656035 #9590] INFO -- : Redaction for way 10274163 v13 visible
I, [2012-07-16T10:38:57.681408 #9588] INFO -- : Redaction for way 29724265 v8 visible
I, [2012-07-16T10:38:57.742089 #9590] INFO -- : Redaction for way 10274163 v14 visible
I, [2012-07-16T10:38:57.771297 #9588] INFO -- : Redaction for way 29724265 v9 visible
I, [2012-07-16T10:38:57.829675 #9590] INFO -- : Redaction for way 10274163 v15 visible
I, [2012-07-16T10:38:57.864846 #9588] INFO -- : Redaction for way 29724265 v10 visible
I, [2012-07-16T10:38:57.914612 #9590] INFO -- : Redaction for way 10274163 v16 visible
I, [2012-07-16T10:38:58.010947 #9590] INFO -- : Redaction for way 10274163 v17 visible
I, [2012-07-16T10:38:58.123544 #9590] INFO -- : Redaction for way 10274163 v18 hidden
I, [2012-07-16T10:38:58.243403 #9590] INFO -- : Redaction for way 10274163 v19 hidden
I, [2012-07-16T10:38:58.333960 #9590] INFO -- : Redaction for way 10274163 v20 hidden
I, [2012-07-16T10:38:58.370899 #9588] INFO -- : Redaction for way 29724265 v11 visible
I, [2012-07-16T10:38:58.444152 #9590] INFO -- : Redaction for way 10274163 v21 visible
I, [2012-07-16T10:38:58.521117 #9588] INFO -- : Redaction for way 29724265 v12 visible
I, [2012-07-16T10:38:58.558649 #9590] INFO -- : Redaction for way 10274163 v22 visible
I, [2012-07-16T10:38:58.661467 #9588] INFO -- : Redaction for way 29724265 v13 visible
I, [2012-07-16T10:38:58.774698 #9590] INFO -- : Redaction for way 10274163 v23 visible
I, [2012-07-16T10:38:58.835830 #9588] INFO -- : Redaction for way 10271181 v1 hidden
I, [2012-07-16T10:38:59.011475 #9588] INFO -- : Redaction for way 10271181 v2 hidden
I, [2012-07-16T10:38:59.160612 #9588] INFO -- : Redaction for way 39219023 v1 hidden
I, [2012-07-16T10:38:59.702799 #9590] INFO -- : Redaction for way 10274163 v24 visible
I, [2012-07-16T10:38:59.925639 #9588] INFO -- : Redaction for way 10275575 v1 hidden
I, [2012-07-16T10:39:00.059961 #9588] INFO -- : Redaction for way 10270114 v1 hidden
I, [2012-07-16T10:39:00.209519 #9588] INFO -- : Redaction for way 10270114 v2 hidden
I, [2012-07-16T10:39:00.225920 #9590] INFO -- : Redaction for way 10274163 v25 visible
I, [2012-07-16T10:39:00.331819 #9588] INFO -- : Redaction for way 10270114 v3 hidden
I, [2012-07-16T10:39:00.334972 #9590] INFO -- : Redaction for way 10274163 v26 visible
I, [2012-07-16T10:39:00.437035 #9588] INFO -- : Redaction for way 10270114 v4 visible
I, [2012-07-16T10:39:00.450589 #9590] INFO -- : Redaction for way 10274186 v1 hidden
I, [2012-07-16T10:39:00.533109 #9588] INFO -- : Redaction for way 10270114 v5 hidden
I, [2012-07-16T10:39:00.550840 #9590] INFO -- : Redaction for way 10274186 v2 hidden
I, [2012-07-16T10:39:00.631815 #9588] INFO -- : Redaction for way 10270359 v1 hidden
I, [2012-07-16T10:39:00.649153 #9590] INFO -- : Redaction for way 10274186 v3 hidden
I, [2012-07-16T10:39:00.731797 #9588] INFO -- : Redaction for way 10270359 v2 hidden
I, [2012-07-16T10:39:00.744538 #9590] INFO -- : Redaction for way 10274186 v4 hidden
I, [2012-07-16T10:39:00.827847 #9590] INFO -- : Redaction for way 10274186 v5 visible
I, [2012-07-16T10:39:00.909029 #9590] INFO -- : Redaction for way 10274186 v6 visible
I, [2012-07-16T10:39:00.989581 #9590] INFO -- : Redaction for way 10274186 v7 visible
I, [2012-07-16T10:39:01.073190 #9590] INFO -- : Redaction for way 10274186 v8 visible
I, [2012-07-16T10:39:05.829099 #9588] INFO -- : Redaction for way 10270359 v3 hidden
I, [2012-07-16T10:39:05.922457 #9588] INFO -- : Redaction for way 10270359 v4 hidden
I, [2012-07-16T10:39:06.195484 #9590] INFO -- : Redaction for way 10274186 v9 visible
I, [2012-07-16T10:39:06.316365 #9590] INFO -- : Redaction for way 10271574 v1 hidden
I, [2012-07-16T10:39:06.592794 #9588] INFO -- : Redaction for way 10270359 v5 hidden
I, [2012-07-16T10:39:06.706589 #9588] INFO -- : Redaction for way 10270359 v6 hidden
I, [2012-07-16T10:39:06.900758 #9588] INFO -- : Redaction for way 10270359 v7 visible
I, [2012-07-16T10:39:07.108770 #9588] INFO -- : Redaction for way 39218892 v1 hidden
I, [2012-07-16T10:39:07.272554 #9588] INFO -- : Redaction for way 39218893 v1 hidden
I, [2012-07-16T10:39:07.280632 #9590] INFO -- : Redaction for way 10271574 v2 hidden
I, [2012-07-16T10:39:07.398539 #9590] INFO -- : Redaction for way 10271574 v3 hidden
I, [2012-07-16T10:39:07.402327 #9588] INFO -- : Redaction for way 39218893 v2 hidden
I, [2012-07-16T10:39:07.516643 #9588] INFO -- : Redaction for way 39218893 v3 visible
I, [2012-07-16T10:39:07.527519 #9590] INFO -- : Redaction for way 10271574 v4 hidden
I, [2012-07-16T10:39:07.640035 #9590] INFO -- : Redaction for way 10271574 v5 visible
I, [2012-07-16T10:39:07.657391 #9588] INFO -- : Redaction for way 10270151 v1 hidden
I, [2012-07-16T10:39:07.726918 #9590] INFO -- : Redaction for way 10271613 v1 hidden
I, [2012-07-16T10:39:07.741931 #9588] INFO -- : Redaction for way 10270151 v2 hidden
I, [2012-07-16T10:39:12.824005 #9590] INFO -- : Redaction for way 10271613 v2 hidden
I, [2012-07-16T10:39:12.834445 #9588] INFO -- : Redaction for way 10270151 v3 hidden
I, [2012-07-16T10:39:12.935035 #9590] INFO -- : Redaction for way 10271613 v3 hidden
I, [2012-07-16T10:39:12.955197 #9588] INFO -- : Redaction for way 10270151 v4 visible
I, [2012-07-16T10:39:13.036728 #9590] INFO -- : Redaction for way 10271613 v4 hidden
I, [2012-07-16T10:39:13.054922 #9588] INFO -- : Redaction for way 10270151 v5 hidden
I, [2012-07-16T10:39:13.175078 #9590] INFO -- : Redaction for way 10271613 v5 hidden
I, [2012-07-16T10:39:13.194969 #9588] INFO -- : Redaction for way 10270151 v6 hidden
I, [2012-07-16T10:39:13.271930 #9590] INFO -- : Redaction for way 10271613 v6 hidden
I, [2012-07-16T10:39:13.306663 #9588] INFO -- : Redaction for way 10270151 v7 visible
I, [2012-07-16T10:39:13.358986 #9590] INFO -- : Redaction for way 10271613 v7 hidden
I, [2012-07-16T10:39:13.396304 #9588] INFO -- : Redaction for way 10271052 v1 hidden
I, [2012-07-16T10:39:13.443167 #9590] INFO -- : Redaction for way 10271613 v8 hidden
I, [2012-07-16T10:39:13.495188 #9588] INFO -- : Redaction for way 10271052 v2 hidden
I, [2012-07-16T10:39:13.532317 #9590] INFO -- : Redaction for way 10271613 v9 visible
I, [2012-07-16T10:39:13.610426 #9588] INFO -- : Redaction for way 39218891 v1 hidden
I, [2012-07-16T10:39:13.636525 #9590] INFO -- : Redaction for way 10271613 v10 visible
I, [2012-07-16T10:39:13.707938 #9588] INFO -- : Redaction for way 10271132 v1 hidden
I, [2012-07-16T10:39:13.795651 #9588] INFO -- : Redaction for way 10271132 v2 hidden
I, [2012-07-16T10:39:13.898535 #9588] INFO -- : Redaction for way 10271132 v3 visible
I, [2012-07-16T10:39:14.005140 #9588] INFO -- : Redaction for way 10275566 v1 hidden
I, [2012-07-16T10:39:18.732894 #9590] INFO -- : Redaction for way 10271613 v11 visible
I, [2012-07-16T10:39:18.821118 #9590] INFO -- : Redaction for way 10271613 v12 visible
I, [2012-07-16T10:39:18.908974 #9590] INFO -- : Redaction for way 10271613 v13 visible
I, [2012-07-16T10:39:18.994516 #9590] INFO -- : Redaction for way 10271613 v14 visible
I, [2012-07-16T10:39:19.095997 #9590] INFO -- : Redaction for way 10277415 v1 hidden
I, [2012-07-16T10:39:19.118449 #9588] INFO -- : Redaction for way 10275619 v1 hidden
I, [2012-07-16T10:39:19.189636 #9590] INFO -- : Redaction for way 10277415 v2 visible
I, [2012-07-16T10:39:19.215628 #9588] INFO -- : Redaction for way 10275619 v2 visible
I, [2012-07-16T10:39:19.271020 #9590] INFO -- : Redaction for way 10277415 v3 hidden
I, [2012-07-16T10:39:19.301457 #9588] INFO -- : Redaction for way 10275619 v3 visible
I, [2012-07-16T10:39:19.379614 #9590] INFO -- : Redaction for way 10277415 v4 hidden
I, [2012-07-16T10:39:19.394973 #9588] INFO -- : Redaction for way 5011014 v2 hidden
I, [2012-07-16T10:39:19.534253 #9588] INFO -- : Redaction for way 5011014 v3 visible
I, [2012-07-16T10:39:19.639378 #9588] INFO -- : Redaction for way 5011014 v4 visible
I, [2012-07-16T10:39:19.774366 #9588] INFO -- : Redaction for way 5011014 v5 visible
I, [2012-07-16T10:39:19.877074 #9588] INFO -- : Redaction for way 5011014 v6 visible
I, [2012-07-16T10:39:19.894073 #9590] INFO -- : Redaction for way 10277415 v5 visible
I, [2012-07-16T10:39:19.991525 #9590] INFO -- : Redaction for way 10277415 v6 visible
I, [2012-07-16T10:39:20.083750 #9590] INFO -- : Redaction for way 10277415 v7 visible
I, [2012-07-16T10:39:20.173934 #9590] INFO -- : Redaction for way 10277415 v8 visible
I, [2012-07-16T10:39:20.265971 #9590] INFO -- : Redaction for way 10277415 v9 visible
I, [2012-07-16T10:39:20.274048 #9588] INFO -- : Redaction for way 5011014 v7 visible
I, [2012-07-16T10:39:20.346717 #9590] INFO -- : Redaction for way 10277415 v10 visible
I, [2012-07-16T10:39:25.404423 #9588] INFO -- : Redaction for way 10277518 v1 hidden
I, [2012-07-16T10:39:25.445874 #9590] INFO -- : Redaction for way 10277415 v11 visible
I, [2012-07-16T10:39:25.510868 #9588] INFO -- : Redaction for way 10277518 v2 visible
I, [2012-07-16T10:39:25.618353 #9588] INFO -- : Redaction for way 10277518 v3 visible
I, [2012-07-16T10:39:25.747077 #9588] INFO -- : Redaction for way 10277518 v4 visible
I, [2012-07-16T10:39:25.901422 #9588] INFO -- : Redaction for way 10277518 v5 visible
I, [2012-07-16T10:39:26.005713 #9590] INFO -- : Redaction for way 10277415 v12 visible
I, [2012-07-16T10:39:26.030655 #9588] INFO -- : Redaction for way 10277518 v6 visible
I, [2012-07-16T10:39:26.157136 #9590] INFO -- : Redaction for way 10277415 v13 visible
I, [2012-07-16T10:39:26.157984 #9588] INFO -- : Redaction for way 10277518 v7 visible
I, [2012-07-16T10:39:26.314434 #9588] INFO -- : Redaction for way 10277518 v8 visible
I, [2012-07-16T10:39:26.434181 #9588] INFO -- : Redaction for way 10277518 v9 visible
I, [2012-07-16T10:39:26.537271 #9588] INFO -- : Redaction for way 10277518 v10 visible
I, [2012-07-16T10:39:26.639992 #9588] INFO -- : Redaction for way 10277518 v11 visible
I, [2012-07-16T10:39:26.736386 #9588] INFO -- : Redaction for way 10277518 v12 visible
I, [2012-07-16T10:39:26.841418 #9588] INFO -- : Redaction for way 10269910 v1 hidden
I, [2012-07-16T10:39:26.927450 #9588] INFO -- : Redaction for way 10269910 v2 hidden
I, [2012-07-16T10:39:27.013723 #9588] INFO -- : Redaction for way 10269910 v3 hidden
I, [2012-07-16T10:39:27.097843 #9588] INFO -- : Redaction for way 10269910 v4 visible
I, [2012-07-16T10:39:27.192760 #9588] INFO -- : Redaction for way 10269910 v5 hidden
I, [2012-07-16T10:39:27.285680 #9588] INFO -- : Redaction for way 10269910 v6 visible
I, [2012-07-16T10:39:27.697308 #9588] INFO -- : Redaction for way 10275630 v1 hidden
I, [2012-07-16T10:39:27.794108 #9588] INFO -- : Redaction for way 10274892 v1 hidden
I, [2012-07-16T10:39:27.899412 #9588] INFO -- : Redaction for way 10274892 v2 visible
I, [2012-07-16T10:39:28.006746 #9588] INFO -- : Redaction for way 10274892 v3 visible
I, [2012-07-16T10:39:28.105283 #9588] INFO -- : Redaction for way 10274892 v4 visible
D, [2012-07-16T10:39:28.204671 #9588] DEBUG -- : Marking entities succeeded: 386 / 52 / 0
D, [2012-07-16T10:39:28.205035 #9588] DEBUG -- : Nodes: 495965731,495965734,495965727,495965737,495965714,495965740,495965711,495965743,495965708,495965703,495965746,495965753,495965697,495965757,495965758,495965761,495965762,495965764,495965940,495965769,495965773,495965943,495965768,495965835,495965772,495965942,495965775,495965944,495965776,495965946,495965777,495965948,495965949,495965778,495965780,495965950,495965959,495965785,495965781,495965789,495965953,495965783,495965961,495965790,495965958,495965962,495965782,495965955,495965791,495965964,495965793,495965966,495965794,495965968,495965830,495966011,264391388,264391389,495965834,495966012,264391390,344241291,495965838,495966014,264391392,264391393,495965840,495966015,264391394,264391395,264391397,264391396,264391398,264391399,495965841,495966016,264391400,495965845,495966018,264391401,495965847,495966019,264391402,495965850,495966021,264391403,495965853,495966023,264391405,264391406,495965855,495966025,264391407,495965857,495966032,264391408,495965859,495966037,264391410,264391409,264391411,495965860,495966040,495965862,495966043,264391316,495965864,495966045,495965868,495966046,264391412,495965872,495966050,495965873,495966053,264391413,264391414,495965875,495966056,264391415,495965877,495966058,264391301,264391417,495965879,495966059,264391416,264391418,264391300,495965880,495966061,264391419,264391420,264391299,495965882,495966064,264391421,264391298,264391445,264391423,264391450,264391422,264391444,264391424,264391449,495965885,495966067,264391451,264391448,264391425,264391452,495965887,495966069,264391426,264391447,264391453,264391446,495965891,495966070,264391454,264391427,264391428,264391455,264391429,264391430,264391431,264391456,264391457,264391458,264391432,264391443,264391459,264391433,495965892,495966071,264391460,264391442,264391461,264391434,264391465,264391439,264391438,264391462,264391440,264391441,264391463,264391466,264391464,264391437,264391435,264391467,264391436,264391468,264391469,495965895,495966073,264391470,495965896,495966075,264391471,264391472,264391473,264391474,460929069,264391475,495965899,495966077,495965902,495966079,495965903,495966081,495965906,495966082,495965907,495966083,495965911,495966085,495965914,495966087,495965918,495966089,495965922,495966090,495965926,495966091,34912216,495965927,495966093,495965929,495966095,278645302,85779316,278645301,278645300,278645345,278645299,33028720,278645298,278645398,33028721,85871823,34928923,33028726,86031716,86031714,86002394,86031715,269226718,269226725,33028727,86001539,85915031,86104363,85915595,85915030,33349937,33349944,86107463,33028730,86107464,85797346,33349942,85915033,86107462,86108040,86107287,86107929,86107075,86107291,86107289,86107888,86106399,85850112,86107290,86106675,85911797,86107074,85778818,86108199,85911796,85908532,85908239,86106407,86108198,86106405,34696759,85889742,85915029,85849022,85814704,85907725,85850111,85881156,85905969,85897998,85795760,85848697,34696756,86102423,85841612,86016297,85907065,85897997,85791774,34696815,85881157,85795506,85897131,85850110,86108197,34844644,85881158,86106210,86108543,86108542,85897996,85847625,85881159,85850109,85861693,33028735,85897795,469815875,469814514,469815876,33056888,86041310,269224683,269226941,85894136,85897326,85870589,85881161,85897796,86041311,85881160,85894614,85997551,469814516,85897798,469814517,85861695,85762754,85850107,85881162,469815335,85870591,469814518,86041312,85945794,85863238,469814515,85881163,85894134,85870590,327454131,85894135,469814859,85894612,86040932,85881164,85780398,85898952,33350040,33350024,33350026,86043053,33350027,85870441,33350025,86043054,85850106,85870442,86040933,86040934,85863240,85881165,33056884,85863239,327538060,86105688,86044657,86044659,86044658,86004999,85881166
D, [2012-07-16T10:39:28.205099 #9588] DEBUG -- : Ways: 40793257,40793258,40793261,40793260,40793266,25564743,10276043,10275222,10277395,10277401,10277363,10277394,10277352,10277336,5089216,10274110,10274136,10274163,10274186,10271574,10271613,10277415,10270687,10269825,4984407,10271172,10277437,10271190,24776409,5011009,5089221,10267717,29724265,10271181,39219023,10275575,10270114,10270359,39218892,39218893,10270151,10271052,39218891,10271132,10275566,10275619,5011014,10277518,10269910,10275630,10274892,29724274
D, [2012-07-16T10:39:28.205145 #9588] DEBUG -- : Relations:
D, [2012-07-16T10:39:28.234636 #9588] DEBUG -- : 4 areas remaining
D, [2012-07-16T10:39:28.234789 #9588] DEBUG -- : 5 areas remaining
I, [2012-07-16T10:39:28.234928 #9588] INFO -- : Processing {:minlat=>46.75, :maxlat=>46.875, :minlon=>15.5625, :maxlon=>15.625}
D, [2012-07-16T10:39:28.292973 #9588] DEBUG -- : Processing Entities: 25 / 18 / 1
I, [2012-07-16T10:39:31.243434 #9590] INFO -- : Redaction for way 10270687 v1 hidden
I, [2012-07-16T10:39:31.324678 #9590] INFO -- : Redaction for way 10270687 v2 visible
I, [2012-07-16T10:39:31.414681 #9590] INFO -- : Redaction for way 10270687 v3 hidden
I, [2012-07-16T10:39:31.498726 #9590] INFO -- : Redaction for way 10270687 v4 visible
I, [2012-07-16T10:39:31.586439 #9590] INFO -- : Redaction for way 10270687 v5 hidden
I, [2012-07-16T10:39:31.672015 #9590] INFO -- : Redaction for way 10270687 v6 visible
I, [2012-07-16T10:39:31.759520 #9590] INFO -- : Redaction for way 10269825 v1 hidden
I, [2012-07-16T10:39:31.842648 #9590] INFO -- : Redaction for way 10269825 v2 visible
I, [2012-07-16T10:39:32.280845 #9590] INFO -- : Redaction for way 10269825 v3 visible
I, [2012-07-16T10:39:32.371788 #9590] INFO -- : Redaction for way 10269825 v4 visible
I, [2012-07-16T10:39:32.472303 #9590] INFO -- : Redaction for way 10269825 v5 visible
I, [2012-07-16T10:39:32.586767 #9590] INFO -- : Redaction for way 10269825 v6 visible
I, [2012-07-16T10:39:32.691000 #9590] INFO -- : Redaction for way 10269825 v7 visible
I, [2012-07-16T10:39:32.788276 #9590] INFO -- : Redaction for way 10269825 v8 visible
I, [2012-07-16T10:39:32.905769 #9590] INFO -- : Redaction for way 10269825 v9 visible
I, [2012-07-16T10:39:33.004278 #9590] INFO -- : Redaction for way 10269825 v10 visible
I, [2012-07-16T10:39:33.102893 #9590] INFO -- : Redaction for way 10269825 v11 visible
I, [2012-07-16T10:39:33.207766 #9590] INFO -- : Redaction for way 10269825 v12 visible
I, [2012-07-16T10:39:33.319476 #9590] INFO -- : Redaction for way 10269825 v13 visible
I, [2012-07-16T10:39:33.427698 #9590] INFO -- : Redaction for way 10269825 v14 visible
I, [2012-07-16T10:39:33.535558 #9590] INFO -- : Redaction for way 10269825 v15 visible
I, [2012-07-16T10:39:33.638509 #9590] INFO -- : Redaction for way 10269825 v16 visible
I, [2012-07-16T10:39:33.721262 #9590] INFO -- : Redaction for way 10269825 v17 visible
I, [2012-07-16T10:39:38.813098 #9590] INFO -- : Redaction for way 10269825 v18 visible
I, [2012-07-16T10:39:38.913037 #9590] INFO -- : Redaction for way 10269825 v19 visible
I, [2012-07-16T10:39:39.018011 #9590] INFO -- : Redaction for way 10269825 v20 visible
I, [2012-07-16T10:39:39.166438 #9590] INFO -- : Redaction for way 10269825 v21 visible
I, [2012-07-16T10:39:39.312614 #9590] INFO -- : Redaction for way 10269825 v22 visible
I, [2012-07-16T10:39:39.504150 #9590] INFO -- : Redaction for way 10269825 v23 visible
I, [2012-07-16T10:39:39.936345 #9590] INFO -- : Redaction for way 10269825 v24 visible
I, [2012-07-16T10:39:40.045216 #9590] INFO -- : Redaction for way 10269825 v25 visible
I, [2012-07-16T10:39:40.621954 #9590] INFO -- : Redaction for way 10269825 v26 visible
I, [2012-07-16T10:39:40.762897 #9590] INFO -- : Redaction for way 10269825 v27 visible
I, [2012-07-16T10:39:40.872823 #9590] INFO -- : Redaction for way 10269825 v28 visible
I, [2012-07-16T10:39:40.969590 #9590] INFO -- : Redaction for way 10269825 v29 visible
I, [2012-07-16T10:39:41.056918 #9590] INFO -- : Redaction for way 4984407 v2 hidden
I, [2012-07-16T10:39:41.146382 #9590] INFO -- : Redaction for way 4984407 v3 hidden
I, [2012-07-16T10:39:41.237213 #9590] INFO -- : Redaction for way 4984407 v4 visible
I, [2012-07-16T10:39:41.320183 #9590] INFO -- : Redaction for way 4984407 v5 hidden
I, [2012-07-16T10:39:41.410224 #9590] INFO -- : Redaction for way 4984407 v6 visible
I, [2012-07-16T10:39:41.496905 #9590] INFO -- : Redaction for way 4984407 v7 hidden
I, [2012-07-16T10:39:41.581758 #9590] INFO -- : Redaction for way 4984407 v8 visible
I, [2012-07-16T10:39:41.669958 #9590] INFO -- : Redaction for way 4984407 v9 visible
I, [2012-07-16T10:39:41.766051 #9590] INFO -- : Redaction for way 4984407 v10 visible
I, [2012-07-16T10:39:41.852190 #9590] INFO -- : Redaction for way 4984407 v11 hidden
I, [2012-07-16T10:39:41.949847 #9590] INFO -- : Redaction for way 10271172 v1 hidden
I, [2012-07-16T10:39:42.040493 #9590] INFO -- : Redaction for way 10271172 v2 hidden
I, [2012-07-16T10:39:47.148312 #9590] INFO -- : Redaction for way 10271172 v3 hidden
I, [2012-07-16T10:39:47.560625 #9590] INFO -- : Redaction for way 10277437 v1 hidden
I, [2012-07-16T10:39:47.650638 #9590] INFO -- : Redaction for way 10271190 v1 hidden
I, [2012-07-16T10:39:53.156339 #9590] INFO -- : Redaction for way 10271190 v2 visible
I, [2012-07-16T10:39:53.257504 #9590] INFO -- : Redaction for way 10271190 v3 visible
I, [2012-07-16T10:39:53.372057 #9590] INFO -- : Redaction for way 10271190 v4 visible
I, [2012-07-16T10:39:58.467750 #9590] INFO -- : Redaction for way 10271190 v5 visible
I, [2012-07-16T10:39:58.551105 #9590] INFO -- : Redaction for way 10271190 v6 visible
I, [2012-07-16T10:39:58.638505 #9590] INFO -- : Redaction for way 24776409 v2 hidden
I, [2012-07-16T10:39:58.723687 #9590] INFO -- : Redaction for way 24776409 v3 visible
I, [2012-07-16T10:39:58.805940 #9590] INFO -- : Redaction for way 24776409 v4 visible
I, [2012-07-16T10:39:58.896380 #9590] INFO -- : Redaction for way 24776409 v5 visible
I, [2012-07-16T10:39:58.988484 #9590] INFO -- : Redaction for way 24776409 v6 visible
I, [2012-07-16T10:39:59.099486 #9590] INFO -- : Redaction for way 24776409 v7 visible
I, [2012-07-16T10:39:59.215283 #9590] INFO -- : Redaction for way 5011009 v3 hidden
I, [2012-07-16T10:39:59.314181 #9590] INFO -- : Redaction for way 5011009 v4 visible
I, [2012-07-16T10:39:59.429784 #9590] INFO -- : Redaction for way 5011009 v5 visible
I, [2012-07-16T10:39:59.519002 #9590] INFO -- : Redaction for way 5011009 v6 visible
I, [2012-07-16T10:39:59.726992 #9590] INFO -- : Redaction for way 5011009 v7 hidden
I, [2012-07-16T10:39:59.864266 #9590] INFO -- : Redaction for way 5011009 v8 hidden
I, [2012-07-16T10:39:59.988024 #9590] INFO -- : Redaction for way 5011009 v9 visible
I, [2012-07-16T10:40:00.124939 #9590] INFO -- : Redaction for way 5011009 v10 visible
I, [2012-07-16T10:40:00.249285 #9590] INFO -- : Redaction for way 5011009 v11 visible
I, [2012-07-16T10:40:00.339959 #9590] INFO -- : Redaction for way 5011009 v12 visible
I, [2012-07-16T10:40:00.425202 #9590] INFO -- : Redaction for way 5011009 v13 visible
I, [2012-07-16T10:40:00.526227 #9590] INFO -- : Redaction for way 5011009 v14 visible
I, [2012-07-16T10:40:00.615155 #9590] INFO -- : Redaction for way 5011009 v15 visible
I, [2012-07-16T10:40:00.707479 #9590] INFO -- : Redaction for way 5011009 v16 visible
I, [2012-07-16T10:40:00.811153 #9590] INFO -- : Redaction for way 5011009 v17 visible
I, [2012-07-16T10:40:00.903486 #9590] INFO -- : Redaction for way 5011009 v18 visible
I, [2012-07-16T10:40:00.986031 #9590] INFO -- : Redaction for way 5011009 v19 visible
I, [2012-07-16T10:40:06.097820 #9590] INFO -- : Redaction for way 5011009 v20 visible
I, [2012-07-16T10:40:06.202667 #9590] INFO -- : Redaction for way 5011009 v21 visible
I, [2012-07-16T10:40:06.307258 #9590] INFO -- : Redaction for way 5011009 v22 visible
I, [2012-07-16T10:40:06.400625 #9590] INFO -- : Redaction for way 5011009 v23 visible
I, [2012-07-16T10:40:06.504275 #9590] INFO -- : Redaction for way 5011009 v24 visible
I, [2012-07-16T10:40:06.593943 #9590] INFO -- : Redaction for way 5011009 v25 visible
I, [2012-07-16T10:40:06.688402 #9590] INFO -- : Redaction for way 5011009 v26 visible
I, [2012-07-16T10:40:06.778114 #9590] INFO -- : Redaction for way 5089221 v2 hidden
I, [2012-07-16T10:40:06.871522 #9590] INFO -- : Redaction for way 5089221 v3 hidden
I, [2012-07-16T10:40:06.963821 #9590] INFO -- : Redaction for way 5089221 v4 visible
I, [2012-07-16T10:40:07.044615 #9590] INFO -- : Redaction for way 5089221 v5 hidden
I, [2012-07-16T10:40:07.140096 #9590] INFO -- : Redaction for way 5089221 v6 visible
I, [2012-07-16T10:40:07.222015 #9590] INFO -- : Redaction for way 5089221 v7 visible
I, [2012-07-16T10:40:07.313382 #9590] INFO -- : Redaction for way 5089221 v8 visible
I, [2012-07-16T10:40:07.400351 #9590] INFO -- : Redaction for way 5089221 v9 visible
I, [2012-07-16T10:40:07.487935 #9590] INFO -- : Redaction for way 5089221 v10 visible
I, [2012-07-16T10:40:07.583301 #9590] INFO -- : Redaction for way 5089221 v11 visible
I, [2012-07-16T10:40:07.676407 #9590] INFO -- : Redaction for way 5089221 v12 visible
I, [2012-07-16T10:40:07.763364 #9590] INFO -- : Redaction for way 5089221 v13 visible
I, [2012-07-16T10:40:07.842909 #9590] INFO -- : Redaction for way 5089221 v14 visible
I, [2012-07-16T10:40:07.938222 #9590] INFO -- : Redaction for way 5089221 v15 visible
I, [2012-07-16T10:40:08.022082 #9590] INFO -- : Redaction for way 5089221 v16 visible
I, [2012-07-16T10:40:08.105205 #9590] INFO -- : Redaction for way 5089221 v17 visible
I, [2012-07-16T10:40:08.194156 #9590] INFO -- : Redaction for way 5089221 v18 visible
I, [2012-07-16T10:40:08.277165 #9590] INFO -- : Redaction for way 5089221 v19 visible
I, [2012-07-16T10:40:13.395506 #9590] INFO -- : Redaction for way 5089221 v20 visible
I, [2012-07-16T10:40:13.501322 #9590] INFO -- : Redaction for way 5089221 v21 visible
I, [2012-07-16T10:40:13.595001 #9590] INFO -- : Redaction for way 5089221 v22 visible
I, [2012-07-16T10:40:13.692049 #9590] INFO -- : Redaction for way 5089221 v23 visible
I, [2012-07-16T10:40:14.083862 #9590] INFO -- : Redaction for way 5089221 v24 visible
I, [2012-07-16T10:40:14.203872 #9590] INFO -- : Redaction for way 10267717 v1 hidden
I, [2012-07-16T10:40:14.305164 #9590] INFO -- : Redaction for way 10267717 v2 hidden
I, [2012-07-16T10:40:14.426747 #9590] INFO -- : Redaction for way 10267717 v3 visible
I, [2012-07-16T10:40:14.530965 #9590] INFO -- : Redaction for way 10267717 v4 hidden
I, [2012-07-16T10:40:14.615646 #9590] INFO -- : Redaction for way 10267717 v5 visible
I, [2012-07-16T10:40:14.700271 #9590] INFO -- : Redaction for way 10267717 v6 visible
I, [2012-07-16T10:40:14.780649 #9590] INFO -- : Redaction for way 10267717 v7 visible
I, [2012-07-16T10:40:14.862304 #9590] INFO -- : Redaction for way 10267717 v8 visible
I, [2012-07-16T10:40:14.942673 #9590] INFO -- : Redaction for way 10267717 v9 visible
I, [2012-07-16T10:40:15.026318 #9590] INFO -- : Redaction for way 10267717 v10 visible
I, [2012-07-16T10:40:15.112319 #9590] INFO -- : Redaction for way 10267717 v11 visible
I, [2012-07-16T10:40:15.191707 #9590] INFO -- : Redaction for way 10267717 v12 visible
I, [2012-07-16T10:40:15.532742 #9590] INFO -- : Redaction for way 10267717 v13 visible
I, [2012-07-16T10:40:15.894370 #9590] INFO -- : Redaction for way 29724265 v4 hidden
I, [2012-07-16T10:40:15.983228 #9590] INFO -- : Redaction for way 29724265 v5 hidden
I, [2012-07-16T10:40:16.071216 #9590] INFO -- : Redaction for way 29724265 v6 hidden
I, [2012-07-16T10:40:16.159598 #9590] INFO -- : Redaction for way 29724265 v7 visible
I, [2012-07-16T10:40:16.246014 #9590] INFO -- : Redaction for way 29724265 v8 visible
I, [2012-07-16T10:40:16.329723 #9590] INFO -- : Redaction for way 29724265 v9 visible
I, [2012-07-16T10:40:16.410653 #9590] INFO -- : Redaction for way 29724265 v10 visible
I, [2012-07-16T10:40:16.500288 #9590] INFO -- : Redaction for way 29724265 v11 visible
I, [2012-07-16T10:40:16.584584 #9590] INFO -- : Redaction for way 29724265 v12 visible
I, [2012-07-16T10:40:16.674764 #9590] INFO -- : Redaction for way 29724265 v13 visible
I, [2012-07-16T10:40:16.758322 #9590] INFO -- : Redaction for way 10271181 v1 hidden
I, [2012-07-16T10:40:16.841931 #9590] INFO -- : Redaction for way 10271181 v2 hidden
I, [2012-07-16T10:40:16.931793 #9590] INFO -- : Redaction for way 39219023 v1 hidden
I, [2012-07-16T10:40:17.015273 #9590] INFO -- : Redaction for way 10275575 v1 hidden
I, [2012-07-16T10:40:17.452142 #9590] INFO -- : Redaction for way 10270114 v1 hidden
I, [2012-07-16T10:40:17.537962 #9590] INFO -- : Redaction for way 10270114 v2 hidden
I, [2012-07-16T10:40:17.622989 #9590] INFO -- : Redaction for way 10270114 v3 hidden
I, [2012-07-16T10:40:17.709285 #9590] INFO -- : Redaction for way 10270114 v4 visible
I, [2012-07-16T10:40:17.795061 #9590] INFO -- : Redaction for way 10270114 v5 hidden
I, [2012-07-16T10:40:17.877809 #9590] INFO -- : Redaction for way 10270359 v1 hidden
I, [2012-07-16T10:40:17.958457 #9590] INFO -- : Redaction for way 10270359 v2 hidden
I, [2012-07-16T10:40:18.041419 #9590] INFO -- : Redaction for way 10270359 v3 hidden
I, [2012-07-16T10:40:18.125260 #9590] INFO -- : Redaction for way 10270359 v4 hidden
I, [2012-07-16T10:40:18.207691 #9590] INFO -- : Redaction for way 10270359 v5 hidden
I, [2012-07-16T10:40:18.288100 #9590] INFO -- : Redaction for way 10270359 v6 hidden
I, [2012-07-16T10:40:18.367414 #9590] INFO -- : Redaction for way 10270359 v7 visible
I, [2012-07-16T10:40:18.451620 #9590] INFO -- : Redaction for way 39218892 v1 hidden
I, [2012-07-16T10:40:18.543410 #9590] INFO -- : Redaction for way 39218893 v1 hidden
I, [2012-07-16T10:40:18.629964 #9590] INFO -- : Redaction for way 39218893 v2 hidden
I, [2012-07-16T10:40:19.077186 #9590] INFO -- : Redaction for way 39218893 v3 visible
I, [2012-07-16T10:40:19.176221 #9590] INFO -- : Redaction for way 10270151 v1 hidden
I, [2012-07-16T10:40:19.269454 #9590] INFO -- : Redaction for way 10270151 v2 hidden
I, [2012-07-16T10:40:19.363365 #9590] INFO -- : Redaction for way 10270151 v3 hidden
I, [2012-07-16T10:40:19.451134 #9590] INFO -- : Redaction for way 10270151 v4 visible
I, [2012-07-16T10:40:19.543576 #9590] INFO -- : Redaction for way 10270151 v5 hidden
I, [2012-07-16T10:40:19.732111 #9590] INFO -- : Redaction for way 10270151 v6 hidden
I, [2012-07-16T10:40:19.834811 #9590] INFO -- : Redaction for way 10270151 v7 visible
I, [2012-07-16T10:40:19.933451 #9590] INFO -- : Redaction for way 10271052 v1 hidden
I, [2012-07-16T10:40:20.020641 #9590] INFO -- : Redaction for way 10271052 v2 hidden
I, [2012-07-16T10:40:20.118899 #9590] INFO -- : Redaction for way 39218891 v1 hidden
I, [2012-07-16T10:40:20.215225 #9590] INFO -- : Redaction for way 10271132 v1 hidden
I, [2012-07-16T10:40:20.305867 #9590] INFO -- : Redaction for way 10271132 v2 hidden
I, [2012-07-16T10:40:20.392323 #9590] INFO -- : Redaction for way 10271132 v3 visible
I, [2012-07-16T10:40:20.475743 #9590] INFO -- : Redaction for way 10275566 v1 hidden
I, [2012-07-16T10:40:20.568171 #9590] INFO -- : Redaction for way 10275619 v1 hidden
I, [2012-07-16T10:40:20.665713 #9590] INFO -- : Redaction for way 10275619 v2 visible
I, [2012-07-16T10:40:20.753020 #9590] INFO -- : Redaction for way 10275619 v3 visible
I, [2012-07-16T10:40:20.846026 #9590] INFO -- : Redaction for way 5011014 v2 hidden
I, [2012-07-16T10:40:20.951419 #9590] INFO -- : Redaction for way 5011014 v3 visible
I, [2012-07-16T10:40:21.036604 #9590] INFO -- : Redaction for way 5011014 v4 visible
I, [2012-07-16T10:40:21.125979 #9590] INFO -- : Redaction for way 5011014 v5 visible
I, [2012-07-16T10:40:21.207275 #9590] INFO -- : Redaction for way 5011014 v6 visible
I, [2012-07-16T10:40:21.291952 #9590] INFO -- : Redaction for way 5011014 v7 visible
I, [2012-07-16T10:40:21.377875 #9590] INFO -- : Redaction for way 10277518 v1 hidden
I, [2012-07-16T10:40:21.474019 #9590] INFO -- : Redaction for way 10277518 v2 visible
I, [2012-07-16T10:40:21.558769 #9590] INFO -- : Redaction for way 10277518 v3 visible
I, [2012-07-16T10:40:21.641229 #9590] INFO -- : Redaction for way 10277518 v4 visible
I, [2012-07-16T10:40:21.731123 #9590] INFO -- : Redaction for way 10277518 v5 visible
I, [2012-07-16T10:40:21.813644 #9590] INFO -- : Redaction for way 10277518 v6 visible
I, [2012-07-16T10:40:21.896072 #9590] INFO -- : Redaction for way 10277518 v7 visible
I, [2012-07-16T10:40:21.983156 #9590] INFO -- : Redaction for way 10277518 v8 visible
I, [2012-07-16T10:40:22.064778 #9590] INFO -- : Redaction for way 10277518 v9 visible
I, [2012-07-16T10:40:22.396674 #9590] INFO -- : Redaction for way 10277518 v10 visible
I, [2012-07-16T10:40:22.480890 #9590] INFO -- : Redaction for way 10277518 v11 visible
I, [2012-07-16T10:40:22.568635 #9590] INFO -- : Redaction for way 10277518 v12 visible
I, [2012-07-16T10:40:22.656512 #9590] INFO -- : Redaction for way 10269910 v1 hidden
I, [2012-07-16T10:40:22.743564 #9590] INFO -- : Redaction for way 10269910 v2 hidden
I, [2012-07-16T10:40:22.825423 #9590] INFO -- : Redaction for way 10269910 v3 hidden
I, [2012-07-16T10:40:22.918669 #9590] INFO -- : Redaction for way 10269910 v4 visible
I, [2012-07-16T10:40:23.280961 #9590] INFO -- : Redaction for way 10269910 v5 hidden
I, [2012-07-16T10:40:23.372120 #9590] INFO -- : Redaction for way 10269910 v6 visible
I, [2012-07-16T10:40:23.462517 #9590] INFO -- : Redaction for way 10275630 v1 hidden
I, [2012-07-16T10:40:23.546234 #9590] INFO -- : Redaction for way 10274892 v1 hidden
I, [2012-07-16T10:40:23.630932 #9590] INFO -- : Redaction for way 10274892 v2 visible
I, [2012-07-16T10:40:23.722121 #9590] INFO -- : Redaction for way 10274892 v3 visible
I, [2012-07-16T10:40:23.808314 #9590] INFO -- : Redaction for way 10274892 v4 visible
D, [2012-07-16T10:40:24.217044 #9590] DEBUG -- : Marking entities succeeded: 386 / 52 / 0
D, [2012-07-16T10:40:24.217280 #9590] DEBUG -- : Nodes: 495965731,495965734,495965727,495965737,495965714,495965740,495965711,495965743,495965708,495965703,495965746,495965753,495965697,495965757,495965758,495965761,495965762,495965764,495965940,495965769,495965773,495965943,495965768,495965835,495965772,495965942,495965775,495965944,495965776,495965946,495965777,495965948,495965949,495965778,495965780,495965950,495965959,495965785,495965781,495965789,495965953,495965783,495965961,495965790,495965958,495965962,495965782,495965955,495965791,495965964,495965793,495965966,495965794,495965968,495965830,495966011,264391388,264391389,495965834,495966012,264391390,344241291,495965838,495966014,264391392,264391393,495965840,495966015,264391394,264391395,264391397,264391396,264391398,264391399,495965841,495966016,264391400,495965845,495966018,264391401,495965847,495966019,264391402,495965850,495966021,264391403,495965853,495966023,264391405,264391406,495965855,495966025,264391407,495965857,495966032,264391408,495965859,495966037,264391410,264391409,264391411,495965860,495966040,495965862,495966043,264391316,495965864,495966045,495965868,495966046,264391412,495965872,495966050,495965873,495966053,264391413,264391414,495965875,495966056,264391415,495965877,495966058,264391301,264391417,495965879,495966059,264391416,264391418,264391300,495965880,495966061,264391419,264391420,264391299,495965882,495966064,264391421,264391298,264391445,264391423,264391450,264391422,264391444,264391424,264391449,495965885,495966067,264391451,264391448,264391425,264391452,495965887,495966069,264391426,264391447,264391453,264391446,495965891,495966070,264391454,264391427,264391428,264391455,264391429,264391430,264391431,264391456,264391457,264391458,264391432,264391443,264391459,264391433,495965892,495966071,264391460,264391442,264391461,264391434,264391465,264391439,264391438,264391462,264391440,264391441,264391463,264391466,264391464,264391437,264391435,264391467,264391436,264391468,264391469,495965895,495966073,264391470,495965896,495966075,264391471,264391472,264391473,264391474,460929069,264391475,495965899,495966077,495965902,495966079,495965903,495966081,495965906,495966082,495965907,495966083,495965911,495966085,495965914,495966087,495965918,495966089,495965922,495966090,495965926,495966091,34912216,495965927,495966093,495965929,495966095,278645302,85779316,278645301,278645300,278645345,278645299,33028720,278645298,278645398,33028721,85871823,34928923,33028726,86031716,86031714,86002394,86031715,269226718,269226725,33028727,86001539,85915031,86104363,85915595,85915030,33349937,33349944,86107463,33028730,86107464,85797346,33349942,85915033,86107462,86108040,86107287,86107929,86107075,86107291,86107289,86107888,86106399,85850112,86107290,86106675,85911797,86107074,85778818,86108199,85911796,85908532,85908239,86106407,86108198,86106405,34696759,85889742,85915029,85849022,85814704,85907725,85850111,85881156,85905969,85897998,85795760,85848697,34696756,86102423,85841612,86016297,85907065,85897997,85791774,34696815,85881157,85795506,85897131,85850110,86108197,34844644,85881158,86106210,86108543,86108542,85897996,85847625,85881159,85850109,85861693,33028735,85897795,469815875,469814514,469815876,33056888,86041310,269224683,269226941,85894136,85897326,85870589,85881161,85897796,86041311,85881160,85894614,85997551,469814516,85897798,469814517,85861695,85762754,85850107,85881162,469815335,85870591,469814518,86041312,85945794,85863238,469814515,85881163,85894134,85870590,327454131,85894135,469814859,85894612,86040932,85881164,85780398,85898952,33350040,33350024,33350026,86043053,33350027,85870441,33350025,86043054,85850106,85870442,86040933,86040934,85863240,85881165,33056884,85863239,327538060,86105688,86044657,86044659,86044658,86004999,85881166
D, [2012-07-16T10:40:24.217349 #9590] DEBUG -- : Ways: 40793257,40793258,40793261,40793260,40793266,25564743,10276043,10275222,10277395,10277401,10277363,10277394,10277352,10277336,5089216,10274110,10274136,10274163,10274186,10271574,10271613,10277415,10270687,10269825,4984407,10271172,10277437,10271190,24776409,5011009,5089221,10267717,29724265,10271181,39219023,10275575,10270114,10270359,39218892,39218893,10270151,10271052,39218891,10271132,10275566,10275619,5011014,10277518,10269910,10275630,10274892,29724274
D, [2012-07-16T10:40:24.217382 #9590] DEBUG -- : Relations:
D, [2012-07-16T10:40:24.230566 #9590] DEBUG -- : 4 areas remaining
D, [2012-07-16T10:40:24.230639 #9590] DEBUG -- : 5 areas remaining
I, [2012-07-16T10:40:24.230699 #9590] INFO -- : Processing {:minlat=>46.75, :maxlat=>46.875, :minlon=>15.5625, :maxlon=>15.625}
D, [2012-07-16T10:40:24.285855 #9590] DEBUG -- : Processing Entities: 25 / 18 / 1
D, [2012-07-16T10:51:07.012025 #9588] DEBUG -- : Changeset:
I, [2012-07-16T10:51:31.348738 #9588] INFO -- : Uploaded changeset 12241993
I, [2012-07-16T10:51:31.348882 #9588] INFO -- : Redaction for node 509280314 v1 hidden
I, [2012-07-16T10:51:31.524281 #9588] INFO -- : Redaction for node 509297051 v1 hidden
I, [2012-07-16T10:51:31.647489 #9588] INFO -- : Redaction for node 419773982 v2 hidden
I, [2012-07-16T10:51:36.760622 #9588] INFO -- : Redaction for node 419775014 v2 hidden
I, [2012-07-16T10:51:36.850498 #9588] INFO -- : Redaction for node 419775014 v3 visible
I, [2012-07-16T10:51:36.974884 #9588] INFO -- : Redaction for way 35360920 v7 hidden
I, [2012-07-16T10:51:37.088173 #9588] INFO -- : Redaction for way 35360920 v8 visible
I, [2012-07-16T10:51:37.214596 #9588] INFO -- : Redaction for way 35360920 v9 visible
I, [2012-07-16T10:51:37.330796 #9588] INFO -- : Redaction for way 41550144 v1 hidden
I, [2012-07-16T10:51:37.456064 #9588] INFO -- : Redaction for way 41550144 v3 visible
I, [2012-07-16T10:51:42.566537 #9588] INFO -- : Redaction for way 41550145 v1 hidden
I, [2012-07-16T10:51:42.666351 #9588] INFO -- : Redaction for way 41550145 v2 visible
I, [2012-07-16T10:51:42.764363 #9588] INFO -- : Redaction for way 41550145 v3 visible
I, [2012-07-16T10:51:42.861627 #9588] INFO -- : Redaction for way 35910155 v2 hidden
I, [2012-07-16T10:51:42.947708 #9588] INFO -- : Redaction for relation 144173 v96 hidden
I, [2012-07-16T10:51:43.060584 #9588] INFO -- : Redaction for relation 144173 v97 visible
I, [2012-07-16T10:51:43.259580 #9588] INFO -- : Redaction for relation 144173 v98 visible
I, [2012-07-16T10:51:43.348249 #9588] INFO -- : Redaction for relation 144173 v99 visible
I, [2012-07-16T10:51:43.430202 #9588] INFO -- : Redaction for relation 144173 v100 visible
I, [2012-07-16T10:51:43.940137 #9588] INFO -- : Redaction for relation 144173 v101 visible
I, [2012-07-16T10:51:44.039420 #9588] INFO -- : Redaction for relation 144173 v102 visible
I, [2012-07-16T10:51:44.133751 #9588] INFO -- : Redaction for relation 144173 v103 visible
I, [2012-07-16T10:51:44.245970 #9588] INFO -- : Redaction for relation 144173 v104 visible
I, [2012-07-16T10:51:44.611234 #9588] INFO -- : Redaction for relation 144173 v105 visible
I, [2012-07-16T10:51:44.719222 #9588] INFO -- : Redaction for relation 144173 v106 visible
I, [2012-07-16T10:51:44.829192 #9588] INFO -- : Redaction for relation 144173 v107 visible
I, [2012-07-16T10:51:44.934891 #9588] INFO -- : Redaction for relation 144173 v108 visible
I, [2012-07-16T10:51:45.036182 #9588] INFO -- : Redaction for relation 144173 v109 visible
I, [2012-07-16T10:51:50.224038 #9588] INFO -- : Redaction for relation 144173 v110 visible
I, [2012-07-16T10:51:50.317843 #9588] INFO -- : Redaction for relation 144173 v111 visible
I, [2012-07-16T10:51:50.442027 #9588] INFO -- : Redaction for relation 144173 v112 visible
I, [2012-07-16T10:51:50.541065 #9588] INFO -- : Redaction for relation 144173 v113 visible
I, [2012-07-16T10:51:50.655258 #9588] INFO -- : Redaction for relation 144173 v114 visible
I, [2012-07-16T10:51:51.068381 #9588] INFO -- : Redaction for relation 144173 v115 visible
I, [2012-07-16T10:51:51.174271 #9588] INFO -- : Redaction for relation 144173 v116 visible
I, [2012-07-16T10:51:51.283968 #9588] INFO -- : Redaction for relation 144173 v117 visible
I, [2012-07-16T10:51:51.403098 #9588] INFO -- : Redaction for relation 144173 v118 visible
I, [2012-07-16T10:51:56.517196 #9588] INFO -- : Redaction for relation 144173 v119 visible
