I, [2012-07-16T10:55:44.977017 #9590] INFO -- : Redaction for relation 23789 v78 visible
I, [2012-07-16T10:55:45.069495 #9590] INFO -- : Redaction for relation 23789 v79 visible
I, [2012-07-16T10:55:45.156242 #9590] INFO -- : Redaction for relation 23789 v80 visible
I, [2012-07-16T10:55:45.256055 #9590] INFO -- : Redaction for relation 23789 v81 visible
I, [2012-07-16T10:55:45.355578 #9590] INFO -- : Redaction for relation 23789 v82 visible
I, [2012-07-16T10:55:45.648021 #9590] INFO -- : Redaction for relation 23789 v83 visible
I, [2012-07-16T10:55:45.767762 #9590] INFO -- : Redaction for relation 23789 v84 visible
I, [2012-07-16T10:55:45.850491 #9590] INFO -- : Redaction for relation 23789 v85 visible
D, [2012-07-16T10:55:45.952050 #9590] DEBUG -- : Marking entities succeeded: 27 / 4 / 1
D, [2012-07-16T10:55:45.952113 #9590] DEBUG -- : Nodes: 1262386938,249145065,847070642,847070856,306541185,274983610,274983611,274983612,274983613,274983614,274983615,268478112,268478111,268478110,266487603,266487614,266487625,268478339,268478265,268478342,267702269,267702267,318433228,267702345,306223017,267702370,267702366
D, [2012-07-16T10:55:45.952169 #9590] DEBUG -- : Ways: 5208692,71140024,11150445,71140010
D, [2012-07-16T10:55:45.952220 #9590] DEBUG -- : Relations: 23789
D, [2012-07-16T10:55:45.955801 #9590] DEBUG -- : 3 areas remaining
I, [2012-07-16T10:55:45.955878 #9590] INFO -- : Processing {:minlat=>46.5, :maxlat=>46.625, :minlon=>15.5, :maxlon=>15.5625}
D, [2012-07-16T10:55:46.002421 #9590] DEBUG -- : Processing Entities: 12 / 2 / 0
I, [2012-07-16T10:55:46.327443 #9588] INFO -- : Redaction for way 24902510 v2 hidden
I, [2012-07-16T10:55:46.414016 #9588] INFO -- : Redaction for way 24902510 v3 visible
I, [2012-07-16T10:55:46.520359 #9588] INFO -- : Redaction for way 24902510 v4 visible
D, [2012-07-16T10:55:46.859790 #9590] DEBUG -- : No changeset to apply
I, [2012-07-16T10:55:46.859899 #9590] INFO -- : Redaction for node 48017833 v2 hidden
D, [2012-07-16T10:55:47.024577 #9590] DEBUG -- : Marking entities succeeded: 12 / 2 / 0
D, [2012-07-16T10:55:47.024666 #9590] DEBUG -- : Nodes: 48017833,683564899,309485595,309485592,317036039,317035883,418342025,418342024,281600313,1019683709,1587776620,282964629
D, [2012-07-16T10:55:47.024714 #9590] DEBUG -- : Ways: 28837742,28837741
D, [2012-07-16T10:55:47.024745 #9590] DEBUG -- : Relations:
D, [2012-07-16T10:55:47.027148 #9590] DEBUG -- : 2 areas remaining
D, [2012-07-16T10:55:47.027208 #9590] DEBUG -- : 3 areas remaining
D, [2012-07-16T10:55:47.027246 #9590] DEBUG -- : 4 areas remaining
D, [2012-07-16T10:55:47.027280 #9590] DEBUG -- : 5 areas remaining
D, [2012-07-16T10:55:47.027316 #9590] DEBUG -- : 6 areas remaining
D, [2012-07-16T10:55:47.027351 #9590] DEBUG -- : 7 areas remaining
I, [2012-07-16T10:55:47.027407 #9590] INFO -- : Processing {:minlat=>46.375, :maxlat=>46.5, :minlon=>15.9375, :maxlon=>16.0}
D, [2012-07-16T10:55:47.066524 #9590] DEBUG -- : Processing Entities: 13 / 0 / 0
I, [2012-07-16T10:55:47.135972 #9588] INFO -- : Redaction for way 24902510 v5 visible
D, [2012-07-16T10:55:47.164594 #9590] DEBUG -- : No changeset to apply
D, [2012-07-16T10:55:47.164663 #9590] DEBUG -- : Marking entities succeeded: 13 / 0 / 0
D, [2012-07-16T10:55:47.164702 #9590] DEBUG -- : Nodes: 96587217,96587218,96587219,96587220,96586972,96586971,96587221,96586974,96586975,96587225,96587222,96587223,96587224
D, [2012-07-16T10:55:47.164731 #9590] DEBUG -- : Ways:
D, [2012-07-16T10:55:47.164759 #9590] DEBUG -- : Relations:
D, [2012-07-16T10:55:47.166114 #9590] DEBUG -- : 6 areas remaining
I, [2012-07-16T10:55:47.166180 #9590] INFO -- : Processing {:minlat=>46.375, :maxlat=>46.5, :minlon=>15.875, :maxlon=>15.9375}
D, [2012-07-16T10:55:47.203760 #9590] DEBUG -- : Processing Entities: 40 / 4 / 0
I, [2012-07-16T10:55:47.263067 #9588] INFO -- : Redaction for way 26793702 v1 hidden
I, [2012-07-16T10:55:47.380901 #9588] INFO -- : Redaction for way 26793702 v2 visible
I, [2012-07-16T10:55:47.518362 #9588] INFO -- : Redaction for way 26793702 v3 visible
I, [2012-07-16T10:55:47.664427 #9588] INFO -- : Redaction for way 26793702 v4 visible
I, [2012-07-16T10:55:47.802355 #9588] INFO -- : Redaction for way 26793704 v1 hidden
I, [2012-07-16T10:55:47.952676 #9588] INFO -- : Redaction for way 26793704 v2 visible
I, [2012-07-16T10:55:48.107875 #9588] INFO -- : Redaction for way 5228056 v4 hidden
I, [2012-07-16T10:55:48.197514 #9588] INFO -- : Redaction for way 5228056 v5 hidden
D, [2012-07-16T10:55:48.243769 #9590] DEBUG -- : Changeset:
I, [2012-07-16T10:55:48.286462 #9588] INFO -- : Redaction for way 5228056 v6 visible
I, [2012-07-16T10:55:48.371426 #9588] INFO -- : Redaction for way 5228056 v7 visible
I, [2012-07-16T10:55:48.455804 #9588] INFO -- : Redaction for way 5228056 v8 hidden
I, [2012-07-16T10:55:48.543352 #9588] INFO -- : Redaction for way 5228056 v9 visible
I, [2012-07-16T10:55:48.633307 #9588] INFO -- : Redaction for way 40252414 v1 hidden
I, [2012-07-16T10:55:48.715959 #9588] INFO -- : Redaction for way 40252412 v1 hidden
I, [2012-07-16T10:55:48.799755 #9588] INFO -- : Redaction for way 40252412 v2 visible
I, [2012-07-16T10:55:48.885633 #9588] INFO -- : Redaction for way 22804901 v2 hidden
I, [2012-07-16T10:55:48.971175 #9588] INFO -- : Redaction for way 22804901 v3 visible
I, [2012-07-16T10:55:49.057977 #9588] INFO -- : Redaction for way 5184707 v3 hidden
I, [2012-07-16T10:55:49.142394 #9588] INFO -- : Redaction for way 10473149 v5 hidden
I, [2012-07-16T10:55:49.227562 #9588] INFO -- : Redaction for way 10473149 v6 visible
I, [2012-07-16T10:55:49.314581 #9588] INFO -- : Redaction for way 10473149 v7 visible
I, [2012-07-16T10:55:49.396044 #9588] INFO -- : Redaction for way 10473149 v8 visible
I, [2012-07-16T10:55:49.480346 #9588] INFO -- : Redaction for way 10473149 v9 visible
I, [2012-07-16T10:55:49.559514 #9588] INFO -- : Redaction for way 10473149 v10 visible
I, [2012-07-16T10:55:49.638172 #9588] INFO -- : Redaction for way 10473149 v11 visible
I, [2012-07-16T10:55:49.995128 #9588] INFO -- : Redaction for way 10473149 v12 visible
I, [2012-07-16T10:55:50.081840 #9588] INFO -- : Redaction for way 10473149 v13 visible
D, [2012-07-16T10:55:50.169847 #9588] DEBUG -- : Marking entities succeeded: 311 / 62 / 0
D, [2012-07-16T10:55:50.170057 #9588] DEBUG -- : Nodes: 48894173,48894185,48894188,48894190,48894192,48894194,48894216,48892884,48894213,48894210,48894218,48894196,48894207,48894199,48894205,48894202,1476261442,485342744,35811479,260911919,485346021,485346017,260911917,485346015,636119178,47099143,636119179,636119177,636119180,615141401,55421370,485342736,485322043,485322028,48018919,615143113,493915910,615143115,293922817,493914938,493915984,493915983,493914939,41193072,41193038,293923771,41193076,41193043,41193079,41193045,260911899,41193087,41193048,51846208,636119181,51846206,260911898,51846210,41193093,41193054,51846213,36670819,636119187,260911897,51846216,42151497,42151489,51846219,636119183,297993598,297993601,260911895,35810965,636119182,51846222,35810968,474748932,51846225,636119189,474748928,51846226,636119185,35810971,41193097,474748919,35810974,474748383,51846229,41193060,42152337,35810977,42152332,51846231,42152327,35810980,293923960,36754493,636119191,42151506,485337616,636119194,36670817,36754489,485321997,36754490,485327904,36754487,36754491,270566218,306576034,485322014,270566219,270566220,485327965,485347968,505412410,1180759821,1180759820,505412416,485347967,485347961,485347941,485347965,485347949,485347940,485296636,485296648,485347939,329971946,35811211,35811221,1174477261,48877699,48877678,811202659,711427545,260912118,48877698,48877700,711427553,711427548,844099950,48877680,711427547,711427551,48877692,844099988,48877691,48877681,1412303940,1431759395,48877693,48877689,844099994,48877687,712237219,1412303941,1412303942,48877694,35810951,844099973,712237215,844099953,1309754799,35811226,59936085,48877683,48877685,48877686,35811235,35811239,35811243,314820172,99297273,99297279,99297283,99297290,99297295,35811246,99297300,35811250,99297303,99297305,291177110,35811253,99297307,485296659,99297308,35811257,99297310,99297311,35811261,99297313,274983603,35811265,274983604,316460610,274983605,274983606,274983607,35811269,306540644,316048781,274983608,35811274,274983609,35811278,35811282,35811285,89966744,89966749,35811289,35811293,35811297,89966789,89966785,89966792,89966781,89966795,89966799,89966797,35811299,35811303,415951940,35811307,35811311,36158377,415951941,89966751,89966778,36158378,89966777,89966753,36158379,89966772,89966776,89966760,89966769,89966765,260912090,36158380,89966756,36158381,36158382,36753090,36158383,89966759,36158384,36158385,36158386,36158387,36158388,36158389,36158390,36158391,36158392,36158393,36753075,36158394,36158395,36158396,36158397,36158398,36158399,36158400,36158401,36158402,36158403,36158404,36158405,36158407,36158408,36158409,36158410,36158411,36158412,36158413,36158414,36158415,36158416,36158417,36158418,36158422,36158423,36158424,36158425,36158426,36158428,36158429,36158430,36158431,36158433,36158434,267775434,36158435,36158436,36158437,36158438,36158439,36158440,36158441,36158442,36158443,36143844,36751965,300412628,277647030,290816570,298524003,36742365,36742383
D, [2012-07-16T10:55:50.170137 #9588] DEBUG -- : Ways: 7146234,5182446,26733087,6619752,7650846,6217363,5890800,48435199,5230322,40666060,26793560,50097650,6217364,28782632,50097654,8116829,50097653,27160374,50097652,50097651,5652271,26561805,24902510,26793702,11150444,26793704,5228056,41339156,40252414,40252412,22804901,5184707,5939840,11150451,5939835,127650932,57008234,26603104,40870266,40664857,28642552,77348075,77348095,28642547,77348080,10473149,76845764,76845772,76845776,77348081,77348083,77348088,77348070,77348084,77348074,77348066,77348082,40770610,40770618,28464760,28464738,28464736
D, [2012-07-16T10:55:50.170168 #9588] DEBUG -- : Relations:
D, [2012-07-16T10:55:50.181580 #9588] DEBUG -- : 3 areas remaining
D, [2012-07-16T10:55:50.181708 #9588] DEBUG -- : 4 areas remaining
D, [2012-07-16T10:55:50.181745 #9588] DEBUG -- : 5 areas remaining
I, [2012-07-16T10:55:50.181809 #9588] INFO -- : Processing {:minlat=>46.625, :maxlat=>46.75, :minlon=>15.5625, :maxlon=>15.625}
D, [2012-07-16T10:55:50.226017 #9588] DEBUG -- : Processing Entities: 0 / 0 / 0
D, [2012-07-16T10:55:50.226169 #9588] DEBUG -- : No changeset to apply
D, [2012-07-16T10:55:50.226208 #9588] DEBUG -- : Marking entities succeeded: 0 / 0 / 0
D, [2012-07-16T10:55:50.226238 #9588] DEBUG -- : Nodes:
D, [2012-07-16T10:55:50.226266 #9588] DEBUG -- : Ways:
D, [2012-07-16T10:55:50.226295 #9588] DEBUG -- : Relations:
D, [2012-07-16T10:55:50.226324 #9588] DEBUG -- : 4 areas remaining
I, [2012-07-16T10:55:50.226375 #9588] INFO -- : Processing {:minlat=>46.625, :maxlat=>46.75, :minlon=>15.5, :maxlon=>15.5625}
D, [2012-07-16T10:55:50.269356 #9588] DEBUG -- : Processing Entities: 0 / 0 / 0
D, [2012-07-16T10:55:50.269436 #9588] DEBUG -- : No changeset to apply
D, [2012-07-16T10:55:50.269470 #9588] DEBUG -- : Marking entities succeeded: 0 / 0 / 0
D, [2012-07-16T10:55:50.269499 #9588] DEBUG -- : Nodes:
D, [2012-07-16T10:55:50.269529 #9588] DEBUG -- : Ways:
D, [2012-07-16T10:55:50.269557 #9588] DEBUG -- : Relations:
D, [2012-07-16T10:55:50.269586 #9588] DEBUG -- : 3 areas remaining
D, [2012-07-16T10:55:50.269628 #9588] DEBUG -- : 4 areas remaining
I, [2012-07-16T10:55:50.269674 #9588] INFO -- : Processing {:minlat=>46.5, :maxlat=>46.625, :minlon=>15.5625, :maxlon=>15.625}
D, [2012-07-16T10:55:50.315748 #9588] DEBUG -- : Processing Entities: 0 / 0 / 0
D, [2012-07-16T10:55:50.315854 #9588] DEBUG -- : No changeset to apply
D, [2012-07-16T10:55:50.315889 #9588] DEBUG -- : Marking entities succeeded: 0 / 0 / 0
D, [2012-07-16T10:55:50.315926 #9588] DEBUG -- : Nodes:
D, [2012-07-16T10:55:50.315954 #9588] DEBUG -- : Ways:
D, [2012-07-16T10:55:50.315981 #9588] DEBUG -- : Relations:
D, [2012-07-16T10:55:50.316011 #9588] DEBUG -- : 3 areas remaining
I, [2012-07-16T10:55:50.316059 #9588] INFO -- : Processing {:minlat=>46.5, :maxlat=>46.625, :minlon=>15.5, :maxlon=>15.5625}
D, [2012-07-16T10:55:50.361441 #9588] DEBUG -- : Processing Entities: 0 / 0 / 0
D, [2012-07-16T10:55:50.361517 #9588] DEBUG -- : No changeset to apply
D, [2012-07-16T10:55:50.361551 #9588] DEBUG -- : Marking entities succeeded: 0 / 0 / 0
D, [2012-07-16T10:55:50.361580 #9588] DEBUG -- : Nodes:
D, [2012-07-16T10:55:50.361607 #9588] DEBUG -- : Ways:
D, [2012-07-16T10:55:50.361655 #9588] DEBUG -- : Relations:
D, [2012-07-16T10:55:50.361685 #9588] DEBUG -- : 2 areas remaining
D, [2012-07-16T10:55:50.361728 #9588] DEBUG -- : 3 areas remaining
D, [2012-07-16T10:55:50.361764 #9588] DEBUG -- : 4 areas remaining
D, [2012-07-16T10:55:50.361800 #9588] DEBUG -- : 5 areas remaining
D, [2012-07-16T10:55:50.361834 #9588] DEBUG -- : 6 areas remaining
D, [2012-07-16T10:55:50.361870 #9588] DEBUG -- : 7 areas remaining
I, [2012-07-16T10:55:50.361913 #9588] INFO -- : Processing {:minlat=>46.375, :maxlat=>46.5, :minlon=>15.9375, :maxlon=>16.0}
D, [2012-07-16T10:55:50.397892 #9588] DEBUG -- : Processing Entities: 0 / 0 / 0
D, [2012-07-16T10:55:50.397979 #9588] DEBUG -- : No changeset to apply
D, [2012-07-16T10:55:50.398013 #9588] DEBUG -- : Marking entities succeeded: 0 / 0 / 0
D, [2012-07-16T10:55:50.398041 #9588] DEBUG -- : Nodes:
D, [2012-07-16T10:55:50.398069 #9588] DEBUG -- : Ways:
D, [2012-07-16T10:55:50.398096 #9588] DEBUG -- : Relations:
D, [2012-07-16T10:55:50.398125 #9588] DEBUG -- : 6 areas remaining
I, [2012-07-16T10:55:50.398170 #9588] INFO -- : Processing {:minlat=>46.375, :maxlat=>46.5, :minlon=>15.875, :maxlon=>15.9375}
D, [2012-07-16T10:55:50.433934 #9588] DEBUG -- : Processing Entities: 40 / 4 / 0
D, [2012-07-16T10:55:50.635934 #9588] DEBUG -- : Changeset:
I, [2012-07-16T10:55:51.315500 #9588] INFO -- : Uploaded changeset 12242089
I, [2012-07-16T10:55:51.315659 #9588] INFO -- : Redaction for node 288325503 v1 hidden
I, [2012-07-16T10:55:51.432018 #9588] INFO -- : Redaction for node 288325501 v1 hidden
I, [2012-07-16T10:55:51.514331 #9588] INFO -- : Redaction for node 288325505 v1 hidden
I, [2012-07-16T10:55:51.596151 #9588] INFO -- : Redaction for node 288325707 v1 hidden
I, [2012-07-16T10:55:51.690102 #9588] INFO -- : Redaction for node 288325507 v1 hidden
I, [2012-07-16T10:55:51.774336 #9588] INFO -- : Redaction for node 288325498 v1 hidden
I, [2012-07-16T10:55:51.855201 #9588] INFO -- : Redaction for node 288325705 v1 hidden
I, [2012-07-16T10:55:52.221015 #9588] INFO -- : Redaction for node 288325509 v1 hidden
I, [2012-07-16T10:55:52.306906 #9588] INFO -- : Redaction for node 288325514 v1 hidden
I, [2012-07-16T10:55:52.400861 #9588] INFO -- : Redaction for node 288325511 v1 hidden
I, [2012-07-16T10:55:52.487710 #9588] INFO -- : Redaction for node 29952113 v2 hidden
I, [2012-07-16T10:55:52.592792 #9588] INFO -- : Redaction for way 26316357 v1 hidden
I, [2012-07-16T10:55:52.683522 #9588] INFO -- : Redaction for way 26316357 v2 visible
I, [2012-07-16T10:55:52.777494 #9588] INFO -- : Redaction for way 26316357 v3 visible
I, [2012-07-16T10:55:52.889132 #9588] INFO -- : Redaction for way 26316357 v4 visible
I, [2012-07-16T10:55:52.986550 #9588] INFO -- : Redaction for way 26316357 v5 visible
I, [2012-07-16T10:55:53.104144 #9588] INFO -- : Redaction for way 26316357 v6 visible
I, [2012-07-16T10:55:53.237715 #9588] INFO -- : Redaction for way 26316357 v7 visible
E, [2012-07-16T10:55:53.328068 #9590] ERROR -- : Changeset failed to apply. Response 409: Version mismatch: Provided 7, server had: 8 of Way 26316357
E, [2012-07-16T10:55:53.328170 #9590] ERROR -- : Changeset failed to apply
E, [2012-07-16T10:55:53.328216 #9590] ERROR -- : ["run_bot.rb:169:in `process_changeset'", "run_bot.rb:201:in `block in process_entities'", "run_bot.rb:200:in `each_slice'", "run_bot.rb:200:in `process_entities'", "run_bot.rb:461:in `block in
'", "run_bot.rb:416:in `transaction'", "run_bot.rb:416:in `
'"]
E, [2012-07-16T10:55:53.328290 #9590] ERROR -- : Marking region failed: {:id=>"564", :lat=>46.0, :lon=>15.0}
E, [2012-07-16T10:55:53.338606 #9590] ERROR -- : Marking entities as failed: 40 / 4 / 0
E, [2012-07-16T10:55:53.338669 #9590] ERROR -- : Nodes: 288325503,288325501,288325505,288325707,288325507,288325498,288325705,288325509,288325514,288325511,29952113,96586991,96586992,96586993,96586994,96586995,96586989,96586986,96586987,96586988,96586996,96586985,96586997,96586984,96586983,96586998,96586982,96586981,96586980,96586979,96586999,96587000,96586978,96587001,96586977,96587002,96586976,96587003,96587005,96587004
E, [2012-07-16T10:55:53.338702 #9590] ERROR -- : Ways: 4707070,26316357,26316374,24957234
E, [2012-07-16T10:55:53.338731 #9590] ERROR -- : Relations:
D, [2012-07-16T10:55:53.341330 #9590] DEBUG -- : 5 areas remaining
D, [2012-07-16T10:55:53.341379 #9590] DEBUG -- : 6 areas remaining
I, [2012-07-16T10:55:53.341426 #9590] INFO -- : Processing {:minlat=>46.25, :maxlat=>46.375, :minlon=>15.9375, :maxlon=>16.0}
I, [2012-07-16T10:55:53.390839 #9588] INFO -- : Redaction for way 26316374 v1 hidden
D, [2012-07-16T10:55:53.390953 #9590] DEBUG -- : Processing Entities: 154 / 15 / 6
I, [2012-07-16T10:55:53.483977 #9588] INFO -- : Redaction for way 26316374 v2 visible
I, [2012-07-16T10:55:53.588925 #9588] INFO -- : Redaction for way 26316374 v3 visible
I, [2012-07-16T10:55:53.692549 #9588] INFO -- : Redaction for way 26316374 v4 visible
I, [2012-07-16T10:55:53.794152 #9588] INFO -- : Redaction for way 26316374 v5 visible
I, [2012-07-16T10:55:53.934556 #9588] INFO -- : Redaction for way 26316374 v6 visible
I, [2012-07-16T10:55:54.076821 #9588] INFO -- : Redaction for way 24957234 v2 hidden
I, [2012-07-16T10:55:54.197907 #9588] INFO -- : Redaction for way 24957234 v3 visible
I, [2012-07-16T10:55:55.114627 #9588] INFO -- : Redaction for way 24957234 v4 visible
D, [2012-07-16T10:55:55.275771 #9588] DEBUG -- : Marking entities succeeded: 40 / 4 / 0
D, [2012-07-16T10:55:55.275867 #9588] DEBUG -- : Nodes: 288325503,288325501,288325505,288325707,288325507,288325498,288325705,288325509,288325514,288325511,29952113,96586991,96586992,96586993,96586994,96586995,96586989,96586986,96586987,96586988,96586996,96586985,96586997,96586984,96586983,96586998,96586982,96586981,96586980,96586979,96586999,96587000,96586978,96587001,96586977,96587002,96586976,96587003,96587005,96587004
D, [2012-07-16T10:55:55.275909 #9588] DEBUG -- : Ways: 4707070,26316357,26316374,24957234
D, [2012-07-16T10:55:55.275956 #9588] DEBUG -- : Relations:
D, [2012-07-16T10:55:55.278118 #9588] DEBUG -- : 5 areas remaining
D, [2012-07-16T10:55:55.278180 #9588] DEBUG -- : 6 areas remaining
I, [2012-07-16T10:55:55.278238 #9588] INFO -- : Processing {:minlat=>46.25, :maxlat=>46.375, :minlon=>15.9375, :maxlon=>16.0}
D, [2012-07-16T10:55:55.322425 #9588] DEBUG -- : Processing Entities: 154 / 15 / 6
D, [2012-07-16T10:55:55.693927 #9588] DEBUG -- : Changeset:
I, [2012-07-16T10:55:57.615508 #9588] INFO -- : Uploaded changeset 12242090
I, [2012-07-16T10:55:57.615660 #9588] INFO -- : Redaction for node 500048914 v1 hidden
I, [2012-07-16T10:55:57.698344 #9588] INFO -- : Redaction for node 500048914 v2 visible
I, [2012-07-16T10:55:57.823392 #9588] INFO -- : Redaction for node 1586378892 v1 hidden
I, [2012-07-16T10:55:57.953346 #9588] INFO -- : Redaction for node 500048913 v1 hidden
I, [2012-07-16T10:55:58.042313 #9588] INFO -- : Redaction for node 500048915 v1 hidden
I, [2012-07-16T10:55:58.140837 #9588] INFO -- : Redaction for node 500048881 v1 hidden
I, [2012-07-16T10:55:58.228364 #9588] INFO -- : Redaction for node 1586378891 v1 hidden
I, [2012-07-16T10:55:58.331583 #9588] INFO -- : Redaction for node 500048916 v1 hidden
I, [2012-07-16T10:55:58.428032 #9588] INFO -- : Redaction for node 1586378893 v1 hidden
I, [2012-07-16T10:55:58.802391 #9588] INFO -- : Redaction for node 500048908 v1 hidden
I, [2012-07-16T10:55:58.893656 #9588] INFO -- : Redaction for node 500048917 v1 hidden
I, [2012-07-16T10:55:58.978704 #9588] INFO -- : Redaction for node 500048917 v2 visible
I, [2012-07-16T10:55:59.074629 #9588] INFO -- : Redaction for node 1586378894 v1 hidden
I, [2012-07-16T10:55:59.162990 #9588] INFO -- : Redaction for node 500048918 v1 hidden
I, [2012-07-16T10:55:59.249842 #9588] INFO -- : Redaction for node 500048919 v1 hidden
I, [2012-07-16T10:55:59.340413 #9588] INFO -- : Redaction for node 500048920 v1 hidden
I, [2012-07-16T10:55:59.763443 #9588] INFO -- : Redaction for node 500048921 v1 hidden
I, [2012-07-16T10:55:59.848877 #9588] INFO -- : Redaction for node 500048922 v1 hidden
I, [2012-07-16T10:55:59.930414 #9588] INFO -- : Redaction for node 500048925 v1 hidden
I, [2012-07-16T10:56:00.017344 #9588] INFO -- : Redaction for node 500048939 v1 hidden
D, [2012-07-16T10:56:00.273808 #9590] DEBUG -- : Changeset:
E, [2012-07-16T10:56:00.357397 #9590] ERROR -- : Changeset failed to apply. Response 409: Version mismatch: Provided 4, server had: 5 of Relation 1347831
E, [2012-07-16T10:56:00.357528 #9590] ERROR -- : Changeset failed to apply
E, [2012-07-16T10:56:00.357581 #9590] ERROR -- : ["run_bot.rb:169:in `process_changeset'", "run_bot.rb:201:in `block in process_entities'", "run_bot.rb:200:in `each_slice'", "run_bot.rb:200:in `process_entities'", "run_bot.rb:461:in `block in
'", "run_bot.rb:416:in `transaction'", "run_bot.rb:416:in `
'"]
E, [2012-07-16T10:56:00.357745 #9590] ERROR -- : Marking region failed: {:id=>"564", :lat=>46.0, :lon=>15.0}
E, [2012-07-16T10:56:00.366324 #9590] ERROR -- : Marking entities as failed: 154 / 15 / 6
E, [2012-07-16T10:56:00.366478 #9590] ERROR -- : Nodes: 500048914,1585142426,1586378892,500048913,500048915,500048881,1586378891,1585142421,500048916,1585142430,1586378893,500048908,500048917,1585142433,1586378894,500048918,500048919,500048920,500048921,500048922,500048925,500048939,500048941,500048927,500048932,500048930,500048934,1585142445,1586378895,500048907,500048905,1585142455,1586378896,1143090090,720590954,500048903,1585142457,1586378897,500048901,500048896,1585142459,1586378898,500048894,1585142462,1586378899,500048893,1585142464,1586378900,1285516947,1285516953,1285516949,1285516955,1285516940,1285516944,1285516967,1285516962,1285516973,1285516971,1285516976,1285516929,1585142470,1586378901,500048892,1285516960,1285516883,1285516969,1285516948,1285516964,1285516879,1285516928,1285516957,1285516943,1285516966,1285516954,1285516961,1285516933,1285516951,1285516972,1285516965,1285516950,1285516970,1285516855,1285516937,1285516958,1285516974,1285516968,1285516975,1285516936,1285516930,1285516931,1285516956,1285516939,1285516941,1285516945,1285516852,1285516963,1285516934,1285516932,1285516938,1285516952,1285516927,1285516935,1285516942,1285516959,1285516946,1285516854,1285516876,1285516866,500048891,1285516873,1585142476,1586378902,1285516869,1285516885,1285516867,1285516856,1285516871,1285516863,1285516853,1285516862,1285516860,1285516859,1285516858,1285516864,1285516861,1285516884,1285516880,1285516874,1285516877,1285516875,1285516882,1285516872,1285516878,500048890,1585142481,1586378903,1285516857,1285516868,1285516881,1285516870,500048887,1586378904,1285516865,500048885,1586378905,1027224670,1586378906,1027224372,1027224231,1586378907,500048884,1586378908,500048883,1586378909
E, [2012-07-16T10:56:00.366535 #9590] ERROR -- : Ways: 62286138,145043697,145207984,109007843,109012524,58069231,88444903,58069228,113340789,113340798,113340797,88441589,41020347,108985867,123323019
E, [2012-07-16T10:56:00.366570 #9590] ERROR -- : Relations: 1224564,1546863,1546926,1419607,1347831,1553114
D, [2012-07-16T10:56:00.374820 #9590] DEBUG -- : 5 areas remaining
I, [2012-07-16T10:56:00.374925 #9590] INFO -- : Processing {:minlat=>46.25, :maxlat=>46.375, :minlon=>15.875, :maxlon=>15.9375}
D, [2012-07-16T10:56:00.419119 #9590] DEBUG -- : Processing Entities: 76 / 4 / 0
I, [2012-07-16T10:56:00.484255 #9588] INFO -- : Redaction for node 500048939 v2 visible
I, [2012-07-16T10:56:00.624957 #9588] INFO -- : Redaction for node 500048941 v1 hidden
I, [2012-07-16T10:56:00.734375 #9588] INFO -- : Redaction for node 500048927 v1 hidden
I, [2012-07-16T10:56:00.854736 #9588] INFO -- : Redaction for node 500048932 v1 hidden
I, [2012-07-16T10:56:00.971849 #9588] INFO -- : Redaction for node 500048932 v2 visible
I, [2012-07-16T10:56:01.096933 #9588] INFO -- : Redaction for node 500048930 v1 hidden
D, [2012-07-16T10:56:01.377778 #9590] DEBUG -- : No changeset to apply
I, [2012-07-16T10:56:01.377871 #9590] INFO -- : Redaction for node 500048956 v1 hidden
I, [2012-07-16T10:56:01.501368 #9590] INFO -- : Redaction for node 500048956 v2 visible
I, [2012-07-16T10:56:01.586362 #9590] INFO -- : Redaction for node 500048954 v1 hidden
I, [2012-07-16T10:56:01.689657 #9590] INFO -- : Redaction for node 500048954 v2 visible
I, [2012-07-16T10:56:01.778213 #9590] INFO -- : Redaction for node 500048952 v1 hidden
I, [2012-07-16T10:56:01.870974 #9590] INFO -- : Redaction for node 500048947 v1 hidden
I, [2012-07-16T10:56:02.333006 #9590] INFO -- : Redaction for node 500048945 v1 hidden
I, [2012-07-16T10:56:02.425570 #9590] INFO -- : Redaction for node 500049044 v1 hidden
I, [2012-07-16T10:56:02.525204 #9590] INFO -- : Redaction for node 500049044 v2 visible
I, [2012-07-16T10:56:02.618026 #9590] INFO -- : Redaction for node 500049052 v1 hidden
I, [2012-07-16T10:56:02.711868 #9590] INFO -- : Redaction for node 500049052 v2 visible
I, [2012-07-16T10:56:02.804845 #9590] INFO -- : Redaction for node 500049051 v1 hidden
I, [2012-07-16T10:56:02.899526 #9590] INFO -- : Redaction for node 500049051 v2 visible
I, [2012-07-16T10:56:02.982786 #9590] INFO -- : Redaction for node 500049041 v1 hidden
I, [2012-07-16T10:56:03.069200 #9590] INFO -- : Redaction for node 500049041 v2 visible
I, [2012-07-16T10:56:03.151241 #9590] INFO -- : Redaction for node 500049046 v1 hidden
I, [2012-07-16T10:56:03.237283 #9590] INFO -- : Redaction for node 500049046 v2 visible
I, [2012-07-16T10:56:03.326094 #9590] INFO -- : Redaction for node 500049048 v1 hidden
I, [2012-07-16T10:56:03.427321 #9590] INFO -- : Redaction for node 500049048 v2 visible
I, [2012-07-16T10:56:03.835325 #9590] INFO -- : Redaction for node 500049049 v1 hidden
I, [2012-07-16T10:56:03.925245 #9590] INFO -- : Redaction for node 500049049 v2 visible
I, [2012-07-16T10:56:04.008494 #9590] INFO -- : Redaction for node 500049037 v1 hidden
I, [2012-07-16T10:56:04.100326 #9590] INFO -- : Redaction for node 500049037 v2 visible
I, [2012-07-16T10:56:04.186325 #9590] INFO -- : Redaction for node 500048943 v1 hidden
I, [2012-07-16T10:56:04.288593 #9590] INFO -- : Redaction for node 500049033 v1 hidden
I, [2012-07-16T10:56:04.380639 #9590] INFO -- : Redaction for node 500049033 v2 visible
I, [2012-07-16T10:56:04.466698 #9590] INFO -- : Redaction for node 500049071 v1 hidden
I, [2012-07-16T10:56:04.575376 #9590] INFO -- : Redaction for node 500049071 v2 visible
I, [2012-07-16T10:56:04.664797 #9590] INFO -- : Redaction for node 500048959 v1 hidden
I, [2012-07-16T10:56:04.752089 #9590] INFO -- : Redaction for node 500048959 v2 visible
I, [2012-07-16T10:56:04.838058 #9590] INFO -- : Redaction for node 500049031 v1 hidden
I, [2012-07-16T10:56:05.289561 #9590] INFO -- : Redaction for node 500049031 v2 visible
I, [2012-07-16T10:56:05.377716 #9590] INFO -- : Redaction for node 500049066 v1 hidden
I, [2012-07-16T10:56:05.478860 #9590] INFO -- : Redaction for node 500049066 v2 visible
I, [2012-07-16T10:56:05.574945 #9590] INFO -- : Redaction for node 500048967 v1 hidden
I, [2012-07-16T10:56:05.996555 #9590] INFO -- : Redaction for node 500048967 v2 visible
I, [2012-07-16T10:56:06.077964 #9590] INFO -- : Redaction for node 500049035 v1 hidden
I, [2012-07-16T10:56:06.167880 #9590] INFO -- : Redaction for node 500049035 v2 visible
I, [2012-07-16T10:56:06.187032 #9588] INFO -- : Redaction for node 500048934 v1 hidden
I, [2012-07-16T10:56:06.251083 #9590] INFO -- : Redaction for node 500048969 v1 hidden
I, [2012-07-16T10:56:06.274490 #9588] INFO -- : Redaction for node 1586378895 v1 hidden
I, [2012-07-16T10:56:06.346810 #9590] INFO -- : Redaction for node 500048969 v2 visible
I, [2012-07-16T10:56:06.443679 #9590] INFO -- : Redaction for node 500049029 v1 hidden
I, [2012-07-16T10:56:06.597974 #9590] INFO -- : Redaction for node 500049029 v2 visible
I, [2012-07-16T10:56:06.740423 #9590] INFO -- : Redaction for node 500049065 v1 hidden
I, [2012-07-16T10:56:06.903310 #9590] INFO -- : Redaction for node 500049065 v2 visible
I, [2012-07-16T10:56:06.935837 #9588] INFO -- : Redaction for node 500048907 v1 hidden
I, [2012-07-16T10:56:07.043438 #9590] INFO -- : Redaction for node 500048965 v1 hidden
I, [2012-07-16T10:56:07.085698 #9588] INFO -- : Redaction for node 500048905 v1 hidden
I, [2012-07-16T10:56:07.169894 #9588] INFO -- : Redaction for node 1586378896 v1 hidden
I, [2012-07-16T10:56:07.284622 #9590] INFO -- : Redaction for node 500048965 v2 visible
I, [2012-07-16T10:56:07.339179 #9588] INFO -- : Redaction for node 500048903 v1 hidden
I, [2012-07-16T10:56:07.465654 #9590] INFO -- : Redaction for node 500049024 v1 hidden
I, [2012-07-16T10:56:07.581567 #9590] INFO -- : Redaction for node 500049024 v2 visible
I, [2012-07-16T10:56:07.708727 #9590] INFO -- : Redaction for node 500048961 v1 hidden
I, [2012-07-16T10:56:07.846048 #9590] INFO -- : Redaction for node 500048961 v2 visible
I, [2012-07-16T10:56:07.992502 #9590] INFO -- : Redaction for node 500048971 v1 hidden
I, [2012-07-16T10:56:08.136508 #9590] INFO -- : Redaction for node 500048971 v2 visible
I, [2012-07-16T10:56:08.242877 #9588] INFO -- : Redaction for node 1586378897 v1 hidden
I, [2012-07-16T10:56:08.283478 #9590] INFO -- : Redaction for node 500049053 v1 hidden
I, [2012-07-16T10:56:08.370592 #9588] INFO -- : Redaction for node 500048901 v1 hidden
I, [2012-07-16T10:56:08.492789 #9588] INFO -- : Redaction for node 500048896 v1 hidden
I, [2012-07-16T10:56:08.616557 #9588] INFO -- : Redaction for node 1586378898 v1 hidden
I, [2012-07-16T10:56:08.740077 #9588] INFO -- : Redaction for node 500048894 v1 hidden
I, [2012-07-16T10:56:13.379188 #9590] INFO -- : Redaction for node 500049053 v2 visible
I, [2012-07-16T10:56:13.466676 #9590] INFO -- : Redaction for node 500049059 v1 hidden
I, [2012-07-16T10:56:13.560150 #9590] INFO -- : Redaction for node 500049059 v2 visible
I, [2012-07-16T10:56:13.655448 #9590] INFO -- : Redaction for node 500049056 v1 hidden
I, [2012-07-16T10:56:13.747133 #9590] INFO -- : Redaction for node 500049056 v2 visible
I, [2012-07-16T10:56:13.838898 #9588] INFO -- : Redaction for node 1586378899 v1 hidden
I, [2012-07-16T10:56:13.845167 #9590] INFO -- : Redaction for node 500049005 v1 hidden
I, [2012-07-16T10:56:13.926631 #9588] INFO -- : Redaction for node 500048893 v1 hidden
I, [2012-07-16T10:56:13.933268 #9590] INFO -- : Redaction for node 500049005 v2 visible
I, [2012-07-16T10:56:14.019976 #9588] INFO -- : Redaction for node 1586378900 v1 hidden
I, [2012-07-16T10:56:14.024985 #9590] INFO -- : Redaction for node 500049063 v1 hidden
I, [2012-07-16T10:56:14.122389 #9590] INFO -- : Redaction for node 500049063 v2 visible
I, [2012-07-16T10:56:14.130884 #9588] INFO -- : Redaction for node 1586378901 v1 hidden
I, [2012-07-16T10:56:14.209616 #9590] INFO -- : Redaction for node 500049008 v1 hidden
I, [2012-07-16T10:56:14.232182 #9588] INFO -- : Redaction for node 500048892 v1 hidden
I, [2012-07-16T10:56:14.324489 #9590] INFO -- : Redaction for node 500049008 v2 visible
I, [2012-07-16T10:56:14.380232 #9588] INFO -- : Redaction for node 500048891 v1 hidden
I, [2012-07-16T10:56:14.475798 #9590] INFO -- : Redaction for node 500048978 v1 hidden
I, [2012-07-16T10:56:14.513923 #9588] INFO -- : Redaction for node 1586378902 v1 hidden
I, [2012-07-16T10:56:14.647462 #9588] INFO -- : Redaction for node 500048890 v1 hidden
I, [2012-07-16T10:56:14.672683 #9590] INFO -- : Redaction for node 500048978 v2 visible
I, [2012-07-16T10:56:14.768018 #9588] INFO -- : Redaction for node 1586378903 v1 hidden
I, [2012-07-16T10:56:14.817175 #9590] INFO -- : Redaction for node 500049003 v1 hidden
I, [2012-07-16T10:56:14.975855 #9590] INFO -- : Redaction for node 500049003 v2 visible
I, [2012-07-16T10:56:15.135526 #9590] INFO -- : Redaction for node 500049061 v1 hidden
I, [2012-07-16T10:56:15.268572 #9590] INFO -- : Redaction for node 500049061 v2 visible
I, [2012-07-16T10:56:15.392796 #9590] INFO -- : Redaction for node 500049010 v1 hidden
I, [2012-07-16T10:56:15.511397 #9588] INFO -- : Redaction for node 500048887 v1 hidden
I, [2012-07-16T10:56:15.511848 #9590] INFO -- : Redaction for node 500049010 v2 visible
I, [2012-07-16T10:56:15.628210 #9588] INFO -- : Redaction for node 1586378904 v1 hidden
I, [2012-07-16T10:56:15.636392 #9590] INFO -- : Redaction for node 500049022 v1 hidden
I, [2012-07-16T10:56:15.741712 #9590] INFO -- : Redaction for node 500049022 v2 visible
I, [2012-07-16T10:56:15.789570 #9588] INFO -- : Redaction for node 500048885 v1 hidden
I, [2012-07-16T10:56:15.861901 #9590] INFO -- : Redaction for node 500048973 v1 hidden
I, [2012-07-16T10:56:15.912509 #9588] INFO -- : Redaction for node 1586378905 v1 hidden
I, [2012-07-16T10:56:15.964740 #9590] INFO -- : Redaction for node 500048973 v2 visible
I, [2012-07-16T10:56:16.032674 #9588] INFO -- : Redaction for node 1586378906 v1 hidden
I, [2012-07-16T10:56:16.076354 #9590] INFO -- : Redaction for node 500049054 v1 hidden
I, [2012-07-16T10:56:16.176641 #9588] INFO -- : Redaction for node 1586378907 v1 hidden
I, [2012-07-16T10:56:16.212707 #9590] INFO -- : Redaction for node 500049054 v2 visible
I, [2012-07-16T10:56:16.297278 #9588] INFO -- : Redaction for node 500048884 v1 hidden
I, [2012-07-16T10:56:16.355678 #9590] INFO -- : Redaction for node 500049012 v1 hidden
I, [2012-07-16T10:56:16.415686 #9588] INFO -- : Redaction for node 1586378908 v1 hidden
I, [2012-07-16T10:56:16.462976 #9590] INFO -- : Redaction for node 500049012 v2 visible
I, [2012-07-16T10:56:16.560566 #9588] INFO -- : Redaction for node 500048883 v1 hidden
I, [2012-07-16T10:56:16.678891 #9588] INFO -- : Redaction for node 1586378909 v1 hidden
I, [2012-07-16T10:56:16.788538 #9588] INFO -- : Redaction for way 62286138 v5 hidden
I, [2012-07-16T10:56:16.929348 #9588] INFO -- : Redaction for way 62286138 v6 visible
I, [2012-07-16T10:56:17.031111 #9588] INFO -- : Redaction for way 145207984 v1 hidden
I, [2012-07-16T10:56:17.128512 #9588] INFO -- : Redaction for way 145207984 v2 visible
I, [2012-07-16T10:56:17.241239 #9588] INFO -- : Redaction for way 145207984 v3 visible
I, [2012-07-16T10:56:17.335515 #9588] INFO -- : Redaction for way 145207984 v4 visible
I, [2012-07-16T10:56:17.427768 #9588] INFO -- : Redaction for way 41020347 v1 hidden
I, [2012-07-16T10:56:17.521833 #9588] INFO -- : Redaction for way 41020347 v2 visible
I, [2012-07-16T10:56:17.641647 #9588] INFO -- : Redaction for way 41020347 v3 visible
I, [2012-07-16T10:56:17.767593 #9588] INFO -- : Redaction for way 41020347 v4 visible
I, [2012-07-16T10:56:17.898707 #9588] INFO -- : Redaction for relation 1347831 v4 hidden
D, [2012-07-16T10:56:18.004803 #9588] DEBUG -- : Marking entities succeeded: 154 / 15 / 6
D, [2012-07-16T10:56:18.004987 #9588] DEBUG -- : Nodes: 500048914,1585142426,1586378892,500048913,500048915,500048881,1586378891,1585142421,500048916,1585142430,1586378893,500048908,500048917,1585142433,1586378894,500048918,500048919,500048920,500048921,500048922,500048925,500048939,500048941,500048927,500048932,500048930,500048934,1585142445,1586378895,500048907,500048905,1585142455,1586378896,1143090090,720590954,500048903,1585142457,1586378897,500048901,500048896,1585142459,1586378898,500048894,1585142462,1586378899,500048893,1585142464,1586378900,1285516947,1285516953,1285516949,1285516955,1285516940,1285516944,1285516967,1285516962,1285516973,1285516971,1285516976,1285516929,1585142470,1586378901,500048892,1285516960,1285516883,1285516969,1285516948,1285516964,1285516879,1285516928,1285516957,1285516943,1285516966,1285516954,1285516961,1285516933,1285516951,1285516972,1285516965,1285516950,1285516970,1285516855,1285516937,1285516958,1285516974,1285516968,1285516975,1285516936,1285516930,1285516931,1285516956,1285516939,1285516941,1285516945,1285516852,1285516963,1285516934,1285516932,1285516938,1285516952,1285516927,1285516935,1285516942,1285516959,1285516946,1285516854,1285516876,1285516866,500048891,1285516873,1585142476,1586378902,1285516869,1285516885,1285516867,1285516856,1285516871,1285516863,1285516853,1285516862,1285516860,1285516859,1285516858,1285516864,1285516861,1285516884,1285516880,1285516874,1285516877,1285516875,1285516882,1285516872,1285516878,500048890,1585142481,1586378903,1285516857,1285516868,1285516881,1285516870,500048887,1586378904,1285516865,500048885,1586378905,1027224670,1586378906,1027224372,1027224231,1586378907,500048884,1586378908,500048883,1586378909
D, [2012-07-16T10:56:18.005042 #9588] DEBUG -- : Ways: 62286138,145043697,145207984,109007843,109012524,58069231,88444903,58069228,113340789,113340798,113340797,88441589,41020347,108985867,123323019
D, [2012-07-16T10:56:18.005081 #9588] DEBUG -- : Relations: 1224564,1546863,1546926,1419607,1347831,1553114
D, [2012-07-16T10:56:18.009686 #9588] DEBUG -- : 5 areas remaining
I, [2012-07-16T10:56:18.009777 #9588] INFO -- : Processing {:minlat=>46.25, :maxlat=>46.375, :minlon=>15.875, :maxlon=>15.9375}
D, [2012-07-16T10:56:18.054013 #9588] DEBUG -- : Processing Entities: 76 / 4 / 0
D, [2012-07-16T10:56:18.150416 #9588] DEBUG -- : No changeset to apply
I, [2012-07-16T10:56:18.150557 #9588] INFO -- : Redaction for node 500048956 v1 hidden
I, [2012-07-16T10:56:18.233185 #9588] INFO -- : Redaction for node 500048956 v2 visible
I, [2012-07-16T10:56:18.787131 #9588] INFO -- : Redaction for node 500048954 v1 hidden
I, [2012-07-16T10:56:18.876600 #9588] INFO -- : Redaction for node 500048954 v2 visible
I, [2012-07-16T10:56:18.970426 #9588] INFO -- : Redaction for node 500048952 v1 hidden
I, [2012-07-16T10:56:19.050253 #9588] INFO -- : Redaction for node 500048947 v1 hidden
I, [2012-07-16T10:56:19.149700 #9588] INFO -- : Redaction for node 500048945 v1 hidden
I, [2012-07-16T10:56:19.236373 #9588] INFO -- : Redaction for node 500049044 v1 hidden
I, [2012-07-16T10:56:19.318236 #9588] INFO -- : Redaction for node 500049044 v2 visible
I, [2012-07-16T10:56:19.413468 #9588] INFO -- : Redaction for node 500049052 v1 hidden
I, [2012-07-16T10:56:19.495804 #9588] INFO -- : Redaction for node 500049052 v2 visible
I, [2012-07-16T10:56:19.579521 #9588] INFO -- : Redaction for node 500049051 v1 hidden
I, [2012-07-16T10:56:19.660122 #9588] INFO -- : Redaction for node 500049051 v2 visible
I, [2012-07-16T10:56:19.742590 #9588] INFO -- : Redaction for node 500049041 v1 hidden
I, [2012-07-16T10:56:19.829969 #9588] INFO -- : Redaction for node 500049041 v2 visible
I, [2012-07-16T10:56:19.915871 #9588] INFO -- : Redaction for node 500049046 v1 hidden
I, [2012-07-16T10:56:20.002858 #9588] INFO -- : Redaction for node 500049046 v2 visible
I, [2012-07-16T10:56:20.086074 #9588] INFO -- : Redaction for node 500049048 v1 hidden
I, [2012-07-16T10:56:20.172619 #9588] INFO -- : Redaction for node 500049048 v2 visible
I, [2012-07-16T10:56:20.546658 #9588] INFO -- : Redaction for node 500049049 v1 hidden
I, [2012-07-16T10:56:20.632377 #9588] INFO -- : Redaction for node 500049049 v2 visible
I, [2012-07-16T10:56:20.715681 #9588] INFO -- : Redaction for node 500049037 v1 hidden
I, [2012-07-16T10:56:20.801281 #9588] INFO -- : Redaction for node 500049037 v2 visible
I, [2012-07-16T10:56:20.897735 #9588] INFO -- : Redaction for node 500048943 v1 hidden
I, [2012-07-16T10:56:20.987201 #9588] INFO -- : Redaction for node 500049033 v1 hidden
I, [2012-07-16T10:56:21.072327 #9588] INFO -- : Redaction for node 500049033 v2 visible
I, [2012-07-16T10:56:21.158632 #9588] INFO -- : Redaction for node 500049071 v1 hidden
I, [2012-07-16T10:56:21.251135 #9588] INFO -- : Redaction for node 500049071 v2 visible
I, [2012-07-16T10:56:21.339993 #9588] INFO -- : Redaction for node 500048959 v1 hidden
I, [2012-07-16T10:56:21.426035 #9588] INFO -- : Redaction for node 500048959 v2 visible
I, [2012-07-16T10:56:21.507699 #9588] INFO -- : Redaction for node 500049031 v1 hidden
I, [2012-07-16T10:56:21.552365 #9590] INFO -- : Redaction for node 500049020 v1 hidden
I, [2012-07-16T10:56:21.597217 #9588] INFO -- : Redaction for node 500049031 v2 visible
I, [2012-07-16T10:56:21.647643 #9590] INFO -- : Redaction for node 500049020 v2 visible
I, [2012-07-16T10:56:21.693916 #9588] INFO -- : Redaction for node 500049066 v1 hidden
I, [2012-07-16T10:56:21.750168 #9590] INFO -- : Redaction for node 500048980 v1 hidden
I, [2012-07-16T10:56:21.818110 #9588] INFO -- : Redaction for node 500049066 v2 visible
I, [2012-07-16T10:56:21.855617 #9590] INFO -- : Redaction for node 500048980 v2 visible
I, [2012-07-16T10:56:21.931587 #9588] INFO -- : Redaction for node 500048967 v1 hidden
I, [2012-07-16T10:56:21.974149 #9590] INFO -- : Redaction for node 500048984 v1 hidden
I, [2012-07-16T10:56:22.037992 #9588] INFO -- : Redaction for node 500048967 v2 visible
I, [2012-07-16T10:56:22.128115 #9590] INFO -- : Redaction for node 500048984 v2 visible
I, [2012-07-16T10:56:22.156873 #9588] INFO -- : Redaction for node 500049035 v1 hidden
I, [2012-07-16T10:56:22.229312 #9590] INFO -- : Redaction for node 500049055 v1 hidden
I, [2012-07-16T10:56:22.321704 #9590] INFO -- : Redaction for node 500049055 v2 visible
I, [2012-07-16T10:56:27.244266 #9588] INFO -- : Redaction for node 500049035 v2 visible
I, [2012-07-16T10:56:27.328738 #9588] INFO -- : Redaction for node 500048969 v1 hidden
I, [2012-07-16T10:56:27.423754 #9590] INFO -- : Redaction for node 500048982 v1 hidden
I, [2012-07-16T10:56:27.427657 #9588] INFO -- : Redaction for node 500048969 v2 visible
I, [2012-07-16T10:56:27.563069 #9588] INFO -- : Redaction for node 500049029 v1 hidden
I, [2012-07-16T10:56:27.752833 #9588] INFO -- : Redaction for node 500049029 v2 visible
I, [2012-07-16T10:56:27.916092 #9588] INFO -- : Redaction for node 500049065 v1 hidden
I, [2012-07-16T10:56:28.357018 #9590] INFO -- : Redaction for node 500048982 v2 visible
I, [2012-07-16T10:56:28.484680 #9590] INFO -- : Redaction for node 500048998 v1 hidden
I, [2012-07-16T10:56:28.707130 #9588] INFO -- : Redaction for node 500049065 v2 visible
I, [2012-07-16T10:56:28.801825 #9588] INFO -- : Redaction for node 500048965 v1 hidden
I, [2012-07-16T10:56:28.890869 #9588] INFO -- : Redaction for node 500048965 v2 visible
I, [2012-07-16T10:56:28.973276 #9588] INFO -- : Redaction for node 500049024 v1 hidden
I, [2012-07-16T10:56:28.976441 #9590] INFO -- : Redaction for node 500048998 v2 visible
I, [2012-07-16T10:56:29.063629 #9588] INFO -- : Redaction for node 500049024 v2 visible
I, [2012-07-16T10:56:29.068040 #9590] INFO -- : Redaction for node 500048986 v1 hidden
I, [2012-07-16T10:56:29.155451 #9588] INFO -- : Redaction for node 500048961 v1 hidden
I, [2012-07-16T10:56:29.244984 #9588] INFO -- : Redaction for node 500048961 v2 visible
I, [2012-07-16T10:56:29.331320 #9588] INFO -- : Redaction for node 500048971 v1 hidden
I, [2012-07-16T10:56:34.158465 #9590] INFO -- : Redaction for node 500048986 v2 visible
I, [2012-07-16T10:56:34.236141 #9590] INFO -- : Redaction for node 500049016 v1 hidden
I, [2012-07-16T10:56:34.332040 #9590] INFO -- : Redaction for node 500049016 v2 visible
I, [2012-07-16T10:56:34.780729 #9588] INFO -- : Redaction for node 500048971 v2 visible
I, [2012-07-16T10:56:34.871715 #9588] INFO -- : Redaction for node 500049053 v1 hidden
I, [2012-07-16T10:56:34.961881 #9588] INFO -- : Redaction for node 500049053 v2 visible
I, [2012-07-16T10:56:35.042098 #9588] INFO -- : Redaction for node 500049059 v1 hidden
I, [2012-07-16T10:56:35.121683 #9588] INFO -- : Redaction for node 500049059 v2 visible
I, [2012-07-16T10:56:39.428582 #9590] INFO -- : Redaction for node 500049018 v1 hidden
I, [2012-07-16T10:56:39.508821 #9590] INFO -- : Redaction for node 500049018 v2 visible
I, [2012-07-16T10:56:39.604054 #9590] INFO -- : Redaction for node 500048991 v1 hidden
I, [2012-07-16T10:56:39.694102 #9590] INFO -- : Redaction for node 500048991 v2 visible
I, [2012-07-16T10:56:39.791355 #9590] INFO -- : Redaction for node 500048996 v1 hidden
I, [2012-07-16T10:56:39.879729 #9590] INFO -- : Redaction for node 500048996 v2 visible
I, [2012-07-16T10:56:44.972140 #9590] INFO -- : Redaction for node 500048993 v1 hidden
I, [2012-07-16T10:56:45.058949 #9590] INFO -- : Redaction for node 500048993 v2 visible
I, [2012-07-16T10:56:45.179226 #9590] INFO -- : Redaction for node 500048995 v1 hidden
I, [2012-07-16T10:56:45.266963 #9590] INFO -- : Redaction for node 500048995 v2 visible
D, [2012-07-16T10:56:45.351770 #9590] DEBUG -- : Marking entities succeeded: 76 / 4 / 0
D, [2012-07-16T10:56:45.351871 #9590] DEBUG -- : Nodes: 500048956,500048954,500048952,500048947,500048945,1586378968,500049044,1585142435,500049052,500049051,500049041,500049046,500049048,500049049,500049037,500048943,500049033,500049071,500048959,500049031,500049066,500048967,500049035,500048969,500049029,500049065,500048965,500049024,500048961,500048971,500049053,1585142441,500049059,1586378969,500049056,500049005,500049063,500049008,500048978,1586378970,1585142442,500049003,500049061,500049010,500049022,500048973,500049054,1585142444,1586378971,500049012,500049020,500048980,500048984,500049055,500048982,500048998,500048986,500049016,500049018,1586378973,1585142453,500048991,500048996,500048993,500048995,1793732430,1793732270,1793732306,1793732243,1793732441,1793732335,96564917,96564919,96564921,96564922,96564923
D, [2012-07-16T10:56:45.351925 #9590] DEBUG -- : Ways: 62286143,168063479,39612989,123322997
D, [2012-07-16T10:56:45.351955 #9590] DEBUG -- : Relations:
D, [2012-07-16T10:56:45.355759 #9590] DEBUG -- : 4 areas remaining
D, [2012-07-16T10:56:45.355822 #9590] DEBUG -- : 5 areas remaining
D, [2012-07-16T10:56:45.355860 #9590] DEBUG -- : 6 areas remaining
I, [2012-07-16T10:56:45.355930 #9590] INFO -- : Processing {:minlat=>46.375, :maxlat=>46.5, :minlon=>15.8125, :maxlon=>15.875}
D, [2012-07-16T10:56:45.393237 #9590] DEBUG -- : Processing Entities: 98 / 18 / 0
I, [2012-07-16T10:56:45.519690 #9588] INFO -- : Redaction for node 500049056 v1 hidden
I, [2012-07-16T10:56:45.628385 #9588] INFO -- : Redaction for node 500049056 v2 visible
I, [2012-07-16T10:56:45.784601 #9588] INFO -- : Redaction for node 500049005 v1 hidden
I, [2012-07-16T10:56:45.907119 #9588] INFO -- : Redaction for node 500049005 v2 visible
I, [2012-07-16T10:56:46.114721 #9588] INFO -- : Redaction for node 500049063 v1 hidden
I, [2012-07-16T10:56:46.289214 #9588] INFO -- : Redaction for node 500049063 v2 visible
I, [2012-07-16T10:56:46.473341 #9588] INFO -- : Redaction for node 500049008 v1 hidden
I, [2012-07-16T10:56:46.590093 #9588] INFO -- : Redaction for node 500049008 v2 visible
I, [2012-07-16T10:56:46.680870 #9588] INFO -- : Redaction for node 500048978 v1 hidden
I, [2012-07-16T10:56:46.783852 #9588] INFO -- : Redaction for node 500048978 v2 visible
I, [2012-07-16T10:56:46.933208 #9588] INFO -- : Redaction for node 500049003 v1 hidden
D, [2012-07-16T10:56:50.352154 #9590] DEBUG -- : Changeset:
I, [2012-07-16T10:56:52.055470 #9588] INFO -- : Redaction for node 500049003 v2 visible
I, [2012-07-16T10:56:52.179130 #9588] INFO -- : Redaction for node 500049061 v1 hidden
I, [2012-07-16T10:56:52.814283 #9588] INFO -- : Redaction for node 500049061 v2 visible
I, [2012-07-16T10:56:52.907341 #9588] INFO -- : Redaction for node 500049010 v1 hidden
I, [2012-07-16T10:56:53.008789 #9588] INFO -- : Redaction for node 500049010 v2 visible
I, [2012-07-16T10:56:53.097926 #9588] INFO -- : Redaction for node 500049022 v1 hidden
I, [2012-07-16T10:56:53.182044 #9588] INFO -- : Redaction for node 500049022 v2 visible
I, [2012-07-16T10:56:53.316427 #9588] INFO -- : Redaction for node 500048973 v1 hidden
I, [2012-07-16T10:56:53.693962 #9588] INFO -- : Redaction for node 500048973 v2 visible
I, [2012-07-16T10:56:53.781106 #9588] INFO -- : Redaction for node 500049054 v1 hidden
I, [2012-07-16T10:56:53.872572 #9588] INFO -- : Redaction for node 500049054 v2 visible
I, [2012-07-16T10:56:53.961254 #9588] INFO -- : Redaction for node 500049012 v1 hidden
I, [2012-07-16T10:56:54.041804 #9588] INFO -- : Redaction for node 500049012 v2 visible
I, [2012-07-16T10:56:54.123007 #9588] INFO -- : Redaction for node 500049020 v1 hidden
I, [2012-07-16T10:56:54.331091 #9590] INFO -- : Uploaded changeset 12242107
I, [2012-07-16T10:56:54.331188 #9590] INFO -- : Redaction for node 288325708 v1 hidden
I, [2012-07-16T10:56:54.421547 #9590] INFO -- : Redaction for node 288325709 v1 hidden
I, [2012-07-16T10:56:54.509055 #9590] INFO -- : Redaction for node 288325710 v1 hidden
I, [2012-07-16T10:56:54.556503 #9588] INFO -- : Redaction for node 500049020 v2 visible
I, [2012-07-16T10:56:54.585266 #9590] INFO -- : Redaction for node 288325712 v1 hidden
I, [2012-07-16T10:56:54.632431 #9588] INFO -- : Redaction for node 500048980 v1 hidden
I, [2012-07-16T10:56:54.672672 #9590] INFO -- : Redaction for node 288326153 v1 hidden
I, [2012-07-16T10:56:54.754606 #9590] INFO -- : Redaction for node 288325714 v1 hidden
I, [2012-07-16T10:56:54.833944 #9590] INFO -- : Redaction for node 288326152 v1 hidden
I, [2012-07-16T10:56:54.919507 #9590] INFO -- : Redaction for node 288326155 v1 hidden
I, [2012-07-16T10:56:55.004204 #9590] INFO -- : Redaction for node 288326151 v1 hidden
I, [2012-07-16T10:56:55.090023 #9590] INFO -- : Redaction for node 288325715 v1 hidden
I, [2012-07-16T10:56:55.179419 #9590] INFO -- : Redaction for node 288326149 v1 hidden
I, [2012-07-16T10:56:55.269348 #9590] INFO -- : Redaction for node 288326147 v1 hidden
I, [2012-07-16T10:56:55.365188 #9590] INFO -- : Redaction for node 288326148 v1 hidden
I, [2012-07-16T10:56:55.454418 #9590] INFO -- : Redaction for node 288326310 v1 hidden
I, [2012-07-16T10:56:55.537825 #9590] INFO -- : Redaction for node 288326313 v1 hidden
I, [2012-07-16T10:56:55.636483 #9590] INFO -- : Redaction for node 288326315 v1 hidden
