# Logfile created on 2012-07-16 10:30:59 +0100 by logger.rb/31641
I, [2012-07-16T10:30:59.877311 #9588] INFO -- : Processing region {:id=>"564", :lat=>46.0, :lon=>15.0}
D, [2012-07-16T10:30:59.877472 #9588] DEBUG -- : 1 areas remaining
D, [2012-07-16T10:30:59.877531 #9588] DEBUG -- : 2 areas remaining
D, [2012-07-16T10:30:59.877570 #9588] DEBUG -- : 3 areas remaining
D, [2012-07-16T10:30:59.877607 #9588] DEBUG -- : 4 areas remaining
D, [2012-07-16T10:30:59.877643 #9588] DEBUG -- : 5 areas remaining
D, [2012-07-16T10:30:59.877678 #9588] DEBUG -- : 6 areas remaining
D, [2012-07-16T10:30:59.877714 #9588] DEBUG -- : 7 areas remaining
D, [2012-07-16T10:30:59.877749 #9588] DEBUG -- : 8 areas remaining
I, [2012-07-16T10:30:59.877794 #9588] INFO -- : Processing {:minlat=>46.875, :maxlat=>47.0, :minlon=>15.9375, :maxlon=>16.0}
I, [2012-07-16T10:30:59.909535 #9590] INFO -- : Processing region {:id=>"564", :lat=>46.0, :lon=>15.0}
D, [2012-07-16T10:30:59.909674 #9590] DEBUG -- : 1 areas remaining
D, [2012-07-16T10:30:59.909727 #9590] DEBUG -- : 2 areas remaining
D, [2012-07-16T10:30:59.909765 #9590] DEBUG -- : 3 areas remaining
D, [2012-07-16T10:30:59.909801 #9590] DEBUG -- : 4 areas remaining
D, [2012-07-16T10:30:59.909837 #9590] DEBUG -- : 5 areas remaining
D, [2012-07-16T10:30:59.909872 #9590] DEBUG -- : 6 areas remaining
D, [2012-07-16T10:30:59.909908 #9590] DEBUG -- : 7 areas remaining
D, [2012-07-16T10:30:59.909942 #9590] DEBUG -- : 8 areas remaining
I, [2012-07-16T10:30:59.909987 #9590] INFO -- : Processing {:minlat=>46.875, :maxlat=>47.0, :minlon=>15.9375, :maxlon=>16.0}
D, [2012-07-16T10:30:59.945320 #9588] DEBUG -- : Processing Entities: 7 / 3 / 0
D, [2012-07-16T10:30:59.977483 #9590] DEBUG -- : Processing Entities: 7 / 3 / 0
D, [2012-07-16T10:31:00.312320 #9590] DEBUG -- : No changeset to apply
I, [2012-07-16T10:31:00.312396 #9590] INFO -- : Redaction for node 83003598 v1 hidden
D, [2012-07-16T10:31:00.312493 #9588] DEBUG -- : No changeset to apply
I, [2012-07-16T10:31:00.312704 #9588] INFO -- : Redaction for node 83003598 v1 hidden
I, [2012-07-16T10:31:00.427501 #9590] INFO -- : Redaction for node 83003599 v1 hidden
I, [2012-07-16T10:31:00.428979 #9588] INFO -- : Redaction for node 83003599 v1 hidden
I, [2012-07-16T10:31:00.510950 #9590] INFO -- : Redaction for node 83003597 v1 hidden
I, [2012-07-16T10:31:00.512874 #9588] INFO -- : Redaction for node 83003597 v1 hidden
I, [2012-07-16T10:31:00.600039 #9588] INFO -- : Redaction for node 83003879 v1 hidden
I, [2012-07-16T10:31:00.707251 #9588] INFO -- : Redaction for node 83003740 v1 hidden
I, [2012-07-16T10:31:00.797589 #9588] INFO -- : Redaction for node 68448769 v2 hidden
I, [2012-07-16T10:31:00.862849 #9590] INFO -- : Redaction for node 83003879 v1 hidden
I, [2012-07-16T10:31:00.949363 #9590] INFO -- : Redaction for node 83003740 v1 hidden
I, [2012-07-16T10:31:01.047899 #9590] INFO -- : Redaction for node 68448769 v2 hidden
I, [2012-07-16T10:31:01.221907 #9588] INFO -- : Redaction for node 68448769 v3 visible
I, [2012-07-16T10:31:01.401133 #9588] INFO -- : Redaction for node 68448773 v2 hidden
I, [2012-07-16T10:31:01.485124 #9590] INFO -- : Redaction for node 68448769 v3 visible
I, [2012-07-16T10:31:01.550843 #9588] INFO -- : Redaction for node 68448773 v3 visible
I, [2012-07-16T10:31:01.595733 #9590] INFO -- : Redaction for node 68448773 v2 hidden
I, [2012-07-16T10:31:01.676678 #9588] INFO -- : Redaction for node 68448773 v4 visible
I, [2012-07-16T10:31:01.696963 #9590] INFO -- : Redaction for node 68448773 v3 visible
I, [2012-07-16T10:31:01.777190 #9590] INFO -- : Redaction for node 68448773 v4 visible
I, [2012-07-16T10:31:01.816381 #9588] INFO -- : Redaction for way 10090966 v1 hidden
I, [2012-07-16T10:31:01.894281 #9590] INFO -- : Redaction for way 10090966 v1 hidden
I, [2012-07-16T10:31:01.937443 #9588] INFO -- : Redaction for way 10090995 v1 hidden
I, [2012-07-16T10:31:01.973551 #9590] INFO -- : Redaction for way 10090995 v1 hidden
I, [2012-07-16T10:31:02.070791 #9590] INFO -- : Redaction for way 10090984 v1 hidden
D, [2012-07-16T10:31:02.157659 #9590] DEBUG -- : Marking entities succeeded: 7 / 3 / 0
D, [2012-07-16T10:31:02.157758 #9590] DEBUG -- : Nodes: 83003598,83003599,83003597,83003879,83003740,68448769,68448773
D, [2012-07-16T10:31:02.157791 #9590] DEBUG -- : Ways: 10090966,10090995,10090984
D, [2012-07-16T10:31:02.157833 #9590] DEBUG -- : Relations:
D, [2012-07-16T10:31:02.160072 #9590] DEBUG -- : 7 areas remaining
I, [2012-07-16T10:31:02.160156 #9590] INFO -- : Processing {:minlat=>46.875, :maxlat=>47.0, :minlon=>15.875, :maxlon=>15.9375}
D, [2012-07-16T10:31:02.225288 #9590] DEBUG -- : Processing Entities: 27 / 12 / 0
I, [2012-07-16T10:31:02.321564 #9588] INFO -- : Redaction for way 10090984 v1 hidden
D, [2012-07-16T10:31:02.411563 #9588] DEBUG -- : Marking entities succeeded: 7 / 3 / 0
D, [2012-07-16T10:31:02.411720 #9588] DEBUG -- : Nodes: 83003598,83003599,83003597,83003879,83003740,68448769,68448773
D, [2012-07-16T10:31:02.411756 #9588] DEBUG -- : Ways: 10090966,10090995,10090984
D, [2012-07-16T10:31:02.411798 #9588] DEBUG -- : Relations:
D, [2012-07-16T10:31:02.414682 #9588] DEBUG -- : 7 areas remaining
I, [2012-07-16T10:31:02.414819 #9588] INFO -- : Processing {:minlat=>46.875, :maxlat=>47.0, :minlon=>15.875, :maxlon=>15.9375}
D, [2012-07-16T10:31:02.479680 #9588] DEBUG -- : Processing Entities: 27 / 12 / 0
D, [2012-07-16T10:31:04.753792 #9590] DEBUG -- : Changeset:
D, [2012-07-16T10:31:04.991880 #9588] DEBUG -- : Changeset:
E, [2012-07-16T10:31:07.555395 #9588] ERROR -- : Changeset failed to apply. Response 409: Version mismatch: Provided 22, server had: 23 of Relation 962378
E, [2012-07-16T10:31:07.555510 #9588] ERROR -- : Changeset failed to apply
E, [2012-07-16T10:31:07.555577 #9588] ERROR -- : ["run_bot.rb:169:in `process_changeset'", "run_bot.rb:201:in `block in process_entities'", "run_bot.rb:200:in `each_slice'", "run_bot.rb:200:in `process_entities'", "run_bot.rb:461:in `block in
'", "run_bot.rb:416:in `transaction'", "run_bot.rb:416:in `
'"]
E, [2012-07-16T10:31:07.555655 #9588] ERROR -- : Marking region failed: {:id=>"564", :lat=>46.0, :lon=>15.0}
E, [2012-07-16T10:31:07.564302 #9588] ERROR -- : Marking entities as failed: 27 / 12 / 0
E, [2012-07-16T10:31:07.564386 #9588] ERROR -- : Nodes: 502335963,502335937,365334593,502335971,502335974,502335817,365334585,365334579,502402161,365334574,365334571,287091530,287091503,338886205,325313031,338886206,325313048,287091506,287091505,300674648,300674652,300674649,300673608,300673605,33058770,33058771,33058772
E, [2012-07-16T10:31:07.564425 #9588] ERROR -- : Ways: 41145870,32493707,26218940,29511948,30641771,26218941,27389503,26218642,27389449,4984707,27389446,9088548
E, [2012-07-16T10:31:07.564454 #9588] ERROR -- : Relations:
D, [2012-07-16T10:31:07.569172 #9588] DEBUG -- : 6 areas remaining
D, [2012-07-16T10:31:07.569247 #9588] DEBUG -- : 7 areas remaining
I, [2012-07-16T10:31:07.569308 #9588] INFO -- : Processing {:minlat=>46.75, :maxlat=>46.875, :minlon=>15.9375, :maxlon=>16.0}
I, [2012-07-16T10:31:07.578252 #9590] INFO -- : Uploaded changeset 12241611
I, [2012-07-16T10:31:07.578356 #9590] INFO -- : Redaction for node 502335963 v1 hidden
D, [2012-07-16T10:31:07.622220 #9588] DEBUG -- : Processing Entities: 0 / 0 / 0
D, [2012-07-16T10:31:07.622432 #9588] DEBUG -- : No changeset to apply
D, [2012-07-16T10:31:07.622473 #9588] DEBUG -- : Marking entities succeeded: 0 / 0 / 0
D, [2012-07-16T10:31:07.622505 #9588] DEBUG -- : Nodes:
D, [2012-07-16T10:31:07.622534 #9588] DEBUG -- : Ways:
D, [2012-07-16T10:31:07.622562 #9588] DEBUG -- : Relations:
D, [2012-07-16T10:31:07.622614 #9588] DEBUG -- : 6 areas remaining
I, [2012-07-16T10:31:07.622675 #9588] INFO -- : Processing {:minlat=>46.75, :maxlat=>46.875, :minlon=>15.875, :maxlon=>15.9375}
D, [2012-07-16T10:31:07.671961 #9588] DEBUG -- : Processing Entities: 24 / 1 / 0
I, [2012-07-16T10:31:07.700470 #9590] INFO -- : Redaction for node 502335937 v1 hidden
I, [2012-07-16T10:31:08.087986 #9590] INFO -- : Redaction for node 365334593 v3 hidden
I, [2012-07-16T10:31:08.199390 #9590] INFO -- : Redaction for node 502335971 v1 hidden
I, [2012-07-16T10:31:08.291817 #9590] INFO -- : Redaction for node 502335974 v1 hidden
I, [2012-07-16T10:31:08.380397 #9590] INFO -- : Redaction for node 502335974 v2 visible
I, [2012-07-16T10:31:08.495764 #9590] INFO -- : Redaction for node 502335817 v1 hidden
I, [2012-07-16T10:31:08.590637 #9590] INFO -- : Redaction for node 502335817 v2 hidden
I, [2012-07-16T10:31:08.683092 #9590] INFO -- : Redaction for node 365334585 v3 hidden
D, [2012-07-16T10:31:08.967350 #9588] DEBUG -- : Changeset:
I, [2012-07-16T10:31:09.123270 #9590] INFO -- : Redaction for node 365334585 v4 visible
I, [2012-07-16T10:31:09.251915 #9588] INFO -- : Uploaded changeset 12241615
I, [2012-07-16T10:31:09.252011 #9588] INFO -- : Redaction for node 240121888 v2 hidden
I, [2012-07-16T10:31:09.390311 #9588] INFO -- : Redaction for node 637152027 v1 hidden
I, [2012-07-16T10:31:09.504264 #9590] INFO -- : Redaction for node 365334579 v3 hidden
I, [2012-07-16T10:31:09.553737 #9588] INFO -- : Redaction for node 637152027 v2 hidden
I, [2012-07-16T10:31:09.640494 #9590] INFO -- : Redaction for node 365334579 v4 visible
I, [2012-07-16T10:31:09.795150 #9590] INFO -- : Redaction for node 502402161 v1 hidden
I, [2012-07-16T10:31:09.988819 #9590] INFO -- : Redaction for node 502402161 v2 hidden
I, [2012-07-16T10:31:10.166620 #9590] INFO -- : Redaction for node 502402161 v3 visible
I, [2012-07-16T10:31:10.342390 #9590] INFO -- : Redaction for node 502402161 v4 visible
I, [2012-07-16T10:31:10.520826 #9588] INFO -- : Redaction for node 637152027 v3 visible
I, [2012-07-16T10:31:10.548601 #9590] INFO -- : Redaction for node 365334574 v3 hidden
I, [2012-07-16T10:31:10.720824 #9590] INFO -- : Redaction for node 365334571 v4 hidden
I, [2012-07-16T10:31:10.742192 #9588] INFO -- : Redaction for node 637152027 v4 visible
I, [2012-07-16T10:31:10.936929 #9588] INFO -- : Redaction for node 637152027 v5 visible
I, [2012-07-16T10:31:10.937683 #9590] INFO -- : Redaction for node 365334571 v5 visible
I, [2012-07-16T10:31:11.158478 #9588] INFO -- : Redaction for node 637152027 v6 visible
I, [2012-07-16T10:31:11.168542 #9590] INFO -- : Redaction for node 287091503 v2 hidden
I, [2012-07-16T10:31:11.355010 #9590] INFO -- : Redaction for node 338886205 v1 hidden
I, [2012-07-16T10:31:11.368628 #9588] INFO -- : Redaction for node 637152027 v7 visible
I, [2012-07-16T10:31:11.499133 #9590] INFO -- : Redaction for node 338886205 v2 visible
I, [2012-07-16T10:31:11.516276 #9588] INFO -- : Redaction for node 637152027 v8 visible
I, [2012-07-16T10:31:11.664702 #9590] INFO -- : Redaction for node 338886205 v3 visible
I, [2012-07-16T10:31:11.714297 #9588] INFO -- : Redaction for node 317990609 v2 hidden
I, [2012-07-16T10:31:11.921497 #9588] INFO -- : Redaction for node 317990609 v3 hidden
I, [2012-07-16T10:31:12.109426 #9588] INFO -- : Redaction for node 317990609 v4 visible
I, [2012-07-16T10:31:12.284697 #9588] INFO -- : Redaction for node 317990617 v3 hidden
I, [2012-07-16T10:31:12.420567 #9588] INFO -- : Redaction for node 317990617 v4 hidden
I, [2012-07-16T10:31:12.624479 #9588] INFO -- : Redaction for node 317990617 v5 visible
I, [2012-07-16T10:31:12.783635 #9590] INFO -- : Redaction for node 338886205 v4 visible
I, [2012-07-16T10:31:12.804260 #9588] INFO -- : Redaction for node 317990617 v6 visible
I, [2012-07-16T10:31:12.924541 #9590] INFO -- : Redaction for node 325313031 v3 hidden
I, [2012-07-16T10:31:13.032975 #9588] INFO -- : Redaction for node 317990623 v2 hidden
I, [2012-07-16T10:31:13.180528 #9590] INFO -- : Redaction for node 325313031 v4 visible
I, [2012-07-16T10:31:13.215418 #9588] INFO -- : Redaction for node 317990623 v3 hidden
I, [2012-07-16T10:31:13.338374 #9590] INFO -- : Redaction for node 325313031 v5 visible
I, [2012-07-16T10:31:13.373654 #9588] INFO -- : Redaction for node 317990623 v4 visible
I, [2012-07-16T10:31:13.516566 #9588] INFO -- : Redaction for node 317990623 v5 visible
I, [2012-07-16T10:31:13.550244 #9590] INFO -- : Redaction for node 325313031 v6 hidden
I, [2012-07-16T10:31:13.612613 #9588] INFO -- : Redaction for node 317990624 v2 hidden
I, [2012-07-16T10:31:13.780505 #9588] INFO -- : Redaction for node 317990624 v3 hidden
I, [2012-07-16T10:31:13.956528 #9588] INFO -- : Redaction for node 317990624 v4 visible
I, [2012-07-16T10:31:15.216725 #9588] INFO -- : Redaction for node 317990624 v5 visible
I, [2012-07-16T10:31:15.361009 #9588] INFO -- : Redaction for node 502403389 v1 hidden
I, [2012-07-16T10:31:15.577680 #9588] INFO -- : Redaction for node 502403389 v2 visible
I, [2012-07-16T10:31:16.416210 #9588] INFO -- : Redaction for node 502403389 v3 visible
I, [2012-07-16T10:31:16.530817 #9588] INFO -- : Redaction for node 502403389 v4 visible
I, [2012-07-16T10:31:17.350559 #9588] INFO -- : Redaction for node 502403389 v5 visible
I, [2012-07-16T10:31:17.515901 #9588] INFO -- : Redaction for node 365334673 v3 hidden
I, [2012-07-16T10:31:17.633310 #9588] INFO -- : Redaction for node 365334677 v3 hidden
I, [2012-07-16T10:31:17.727563 #9588] INFO -- : Redaction for node 365334668 v3 hidden
I, [2012-07-16T10:31:18.344293 #9588] INFO -- : Redaction for node 365334662 v3 hidden
I, [2012-07-16T10:31:18.450832 #9588] INFO -- : Redaction for node 365334658 v3 hidden
I, [2012-07-16T10:31:18.532877 #9588] INFO -- : Redaction for node 365334654 v3 hidden
I, [2012-07-16T10:31:18.636596 #9588] INFO -- : Redaction for node 365334644 v3 hidden
I, [2012-07-16T10:31:18.640186 #9590] INFO -- : Redaction for node 325313031 v7 hidden
I, [2012-07-16T10:31:18.726775 #9590] INFO -- : Redaction for node 325313031 v8 hidden
I, [2012-07-16T10:31:18.728163 #9588] INFO -- : Redaction for node 365334639 v3 hidden
I, [2012-07-16T10:31:18.813249 #9588] INFO -- : Redaction for node 365334650 v3 hidden
I, [2012-07-16T10:31:18.814246 #9590] INFO -- : Redaction for node 325313031 v9 visible
I, [2012-07-16T10:31:18.899248 #9588] INFO -- : Redaction for node 365334631 v3 hidden
I, [2012-07-16T10:31:18.958006 #9590] INFO -- : Redaction for node 338886206 v1 hidden
I, [2012-07-16T10:31:18.990307 #9588] INFO -- : Redaction for node 365334625 v3 hidden
I, [2012-07-16T10:31:19.071634 #9590] INFO -- : Redaction for node 338886206 v2 visible
I, [2012-07-16T10:31:19.200835 #9588] INFO -- : Redaction for node 68448765 v2 hidden
I, [2012-07-16T10:31:19.226490 #9590] INFO -- : Redaction for node 338886206 v3 hidden
I, [2012-07-16T10:31:19.351773 #9590] INFO -- : Redaction for node 338886206 v4 hidden
I, [2012-07-16T10:31:19.509303 #9590] INFO -- : Redaction for node 325313048 v3 hidden
I, [2012-07-16T10:31:19.616253 #9590] INFO -- : Redaction for node 325313048 v4 visible
I, [2012-07-16T10:31:19.805606 #9588] INFO -- : Redaction for node 68448765 v3 visible
I, [2012-07-16T10:31:19.932972 #9588] INFO -- : Redaction for node 365334620 v3 hidden
I, [2012-07-16T10:31:20.045394 #9588] INFO -- : Redaction for node 365334615 v3 hidden
I, [2012-07-16T10:31:20.131655 #9588] INFO -- : Redaction for node 365334608 v3 hidden
I, [2012-07-16T10:31:20.166880 #9590] INFO -- : Redaction for node 300674648 v1 hidden
I, [2012-07-16T10:31:20.217235 #9588] INFO -- : Redaction for node 365334601 v3 hidden
I, [2012-07-16T10:31:20.304325 #9590] INFO -- : Redaction for node 300674652 v1 hidden
I, [2012-07-16T10:31:20.408575 #9590] INFO -- : Redaction for node 300674649 v1 hidden
I, [2012-07-16T10:31:20.507816 #9590] INFO -- : Redaction for node 300673608 v1 hidden
I, [2012-07-16T10:31:20.611876 #9590] INFO -- : Redaction for node 300673605 v1 hidden
I, [2012-07-16T10:31:25.312639 #9588] INFO -- : Redaction for way 32493712 v2 hidden
I, [2012-07-16T10:31:25.412732 #9588] INFO -- : Redaction for way 32493712 v3 visible
D, [2012-07-16T10:31:25.522789 #9588] DEBUG -- : Marking entities succeeded: 24 / 1 / 0
D, [2012-07-16T10:31:25.522906 #9588] DEBUG -- : Nodes: 240121888,637152027,317990609,317990617,317990623,317990624,502403389,34940385,365334673,365334677,365334668,365334662,365334658,365334654,365334644,365334639,365334650,365334631,365334625,68448765,365334620,365334615,365334608,365334601
D, [2012-07-16T10:31:25.522973 #9588] DEBUG -- : Ways: 32493712
D, [2012-07-16T10:31:25.523003 #9588] DEBUG -- : Relations:
D, [2012-07-16T10:31:25.526129 #9588] DEBUG -- : 5 areas remaining
D, [2012-07-16T10:31:25.526216 #9588] DEBUG -- : 6 areas remaining
D, [2012-07-16T10:31:25.526255 #9588] DEBUG -- : 7 areas remaining
I, [2012-07-16T10:31:25.526315 #9588] INFO -- : Processing {:minlat=>46.875, :maxlat=>47.0, :minlon=>15.8125, :maxlon=>15.875}
D, [2012-07-16T10:31:25.594161 #9588] DEBUG -- : Processing Entities: 13 / 3 / 0
I, [2012-07-16T10:31:25.719885 #9590] INFO -- : Redaction for node 33058770 v3 hidden
I, [2012-07-16T10:31:25.816750 #9590] INFO -- : Redaction for node 33058771 v3 hidden
I, [2012-07-16T10:31:25.925977 #9590] INFO -- : Redaction for node 33058772 v3 hidden
I, [2012-07-16T10:31:26.025518 #9590] INFO -- : Redaction for way 41145870 v1 hidden
I, [2012-07-16T10:31:26.120781 #9590] INFO -- : Redaction for way 41145870 v2 hidden
D, [2012-07-16T10:31:26.123425 #9588] DEBUG -- : Changeset:
I, [2012-07-16T10:31:26.222366 #9590] INFO -- : Redaction for way 41145870 v3 visible
I, [2012-07-16T10:31:26.327368 #9590] INFO -- : Redaction for way 41145870 v4 visible
I, [2012-07-16T10:31:26.463103 #9590] INFO -- : Redaction for way 41145870 v5 visible
I, [2012-07-16T10:31:26.483281 #9588] INFO -- : Uploaded changeset 12241625
I, [2012-07-16T10:31:26.483430 #9588] INFO -- : Redaction for node 443293354 v1 hidden
I, [2012-07-16T10:31:26.587092 #9590] INFO -- : Redaction for way 41145870 v6 visible
I, [2012-07-16T10:31:26.611701 #9588] INFO -- : Redaction for node 443293362 v1 hidden
I, [2012-07-16T10:31:26.694599 #9590] INFO -- : Redaction for way 32493707 v2 hidden
I, [2012-07-16T10:31:26.706241 #9588] INFO -- : Redaction for node 443293336 v1 hidden
I, [2012-07-16T10:31:26.783779 #9590] INFO -- : Redaction for way 32493707 v3 hidden
I, [2012-07-16T10:31:26.796498 #9588] INFO -- : Redaction for node 443293333 v1 hidden
I, [2012-07-16T10:31:26.893448 #9590] INFO -- : Redaction for way 32493707 v4 visible
I, [2012-07-16T10:31:26.894019 #9588] INFO -- : Redaction for node 443293331 v1 hidden
I, [2012-07-16T10:31:26.980111 #9590] INFO -- : Redaction for way 32493707 v5 visible
I, [2012-07-16T10:31:27.007634 #9588] INFO -- : Redaction for node 443293328 v1 hidden
I, [2012-07-16T10:31:27.117050 #9590] INFO -- : Redaction for way 32493707 v6 visible
I, [2012-07-16T10:31:27.136657 #9588] INFO -- : Redaction for node 443293367 v1 hidden
I, [2012-07-16T10:31:27.224041 #9588] INFO -- : Redaction for node 443293370 v1 hidden
I, [2012-07-16T10:31:27.236473 #9590] INFO -- : Redaction for way 32493707 v7 visible
I, [2012-07-16T10:31:27.335582 #9588] INFO -- : Redaction for node 443293323 v1 hidden
I, [2012-07-16T10:31:27.338599 #9590] INFO -- : Redaction for way 32493707 v8 visible
I, [2012-07-16T10:31:27.439067 #9590] INFO -- : Redaction for way 32493707 v9 visible
I, [2012-07-16T10:31:32.448062 #9588] INFO -- : Redaction for node 443293373 v1 hidden
I, [2012-07-16T10:31:32.562469 #9590] INFO -- : Redaction for way 29511948 v3 hidden
I, [2012-07-16T10:31:32.562469 #9588] INFO -- : Redaction for node 443293376 v1 hidden
I, [2012-07-16T10:31:32.675457 #9588] INFO -- : Redaction for node 443293379 v1 hidden
I, [2012-07-16T10:31:32.677422 #9590] INFO -- : Redaction for way 29511948 v4 visible
I, [2012-07-16T10:31:32.777912 #9588] INFO -- : Redaction for node 443293303 v1 hidden
I, [2012-07-16T10:31:32.887450 #9588] INFO -- : Redaction for way 37791265 v1 hidden
I, [2012-07-16T10:31:32.994963 #9588] INFO -- : Redaction for way 37791265 v2 visible
I, [2012-07-16T10:31:33.161235 #9590] INFO -- : Redaction for way 29511948 v5 visible
I, [2012-07-16T10:31:33.285201 #9590] INFO -- : Redaction for way 29511948 v6 visible
I, [2012-07-16T10:31:33.378623 #9590] INFO -- : Redaction for way 29511948 v7 visible
I, [2012-07-16T10:31:33.454602 #9588] INFO -- : Redaction for way 37791266 v1 hidden
I, [2012-07-16T10:31:33.494477 #9590] INFO -- : Redaction for way 29511948 v8 visible
I, [2012-07-16T10:31:33.543699 #9588] INFO -- : Redaction for way 37791266 v2 visible
I, [2012-07-16T10:31:33.626393 #9590] INFO -- : Redaction for way 30641771 v1 hidden
I, [2012-07-16T10:31:33.637434 #9588] INFO -- : Redaction for way 37791266 v3 visible
I, [2012-07-16T10:31:33.719504 #9590] INFO -- : Redaction for way 30641771 v2 visible
I, [2012-07-16T10:31:33.756654 #9588] INFO -- : Redaction for way 37791266 v4 visible
I, [2012-07-16T10:31:33.813173 #9590] INFO -- : Redaction for way 30641771 v3 visible
I, [2012-07-16T10:31:33.874320 #9588] INFO -- : Redaction for way 37791264 v1 hidden
I, [2012-07-16T10:31:33.917500 #9590] INFO -- : Redaction for way 27389503 v1 hidden
I, [2012-07-16T10:31:33.965353 #9588] INFO -- : Redaction for way 37791264 v2 visible
I, [2012-07-16T10:31:34.059313 #9588] INFO -- : Redaction for way 37791264 v3 visible
D, [2012-07-16T10:31:34.162930 #9588] DEBUG -- : Marking entities succeeded: 13 / 3 / 0
D, [2012-07-16T10:31:34.163032 #9588] DEBUG -- : Nodes: 443293354,443293362,443293336,443293333,443293331,443293328,443293367,443293370,443293323,443293373,443293376,443293379,443293303
D, [2012-07-16T10:31:34.163071 #9588] DEBUG -- : Ways: 37791265,37791266,37791264
D, [2012-07-16T10:31:34.163102 #9588] DEBUG -- : Relations:
D, [2012-07-16T10:31:34.165698 #9588] DEBUG -- : 6 areas remaining
I, [2012-07-16T10:31:34.165831 #9588] INFO -- : Processing {:minlat=>46.875, :maxlat=>47.0, :minlon=>15.75, :maxlon=>15.8125}
D, [2012-07-16T10:31:34.234480 #9588] DEBUG -- : Processing Entities: 1 / 0 / 0
D, [2012-07-16T10:31:34.275572 #9588] DEBUG -- : No changeset to apply
I, [2012-07-16T10:31:34.275640 #9588] INFO -- : Redaction for node 1179149577 v1 hidden
I, [2012-07-16T10:31:34.416944 #9588] INFO -- : Redaction for node 1179149577 v2 hidden
D, [2012-07-16T10:31:34.775479 #9588] DEBUG -- : Marking entities succeeded: 1 / 0 / 0
D, [2012-07-16T10:31:34.775560 #9588] DEBUG -- : Nodes: 1179149577
D, [2012-07-16T10:31:34.775593 #9588] DEBUG -- : Ways:
D, [2012-07-16T10:31:34.775641 #9588] DEBUG -- : Relations:
D, [2012-07-16T10:31:34.776702 #9588] DEBUG -- : 5 areas remaining
D, [2012-07-16T10:31:34.776818 #9588] DEBUG -- : 6 areas remaining
I, [2012-07-16T10:31:34.776883 #9588] INFO -- : Processing {:minlat=>46.75, :maxlat=>46.875, :minlon=>15.8125, :maxlon=>15.875}
D, [2012-07-16T10:31:34.837152 #9588] DEBUG -- : Processing Entities: 4 / 1 / 0
D, [2012-07-16T10:31:35.210964 #9588] DEBUG -- : No changeset to apply
I, [2012-07-16T10:31:35.211135 #9588] INFO -- : Redaction for node 443293344 v1 hidden
I, [2012-07-16T10:31:35.300405 #9588] INFO -- : Redaction for node 443293347 v1 hidden
I, [2012-07-16T10:31:35.397355 #9588] INFO -- : Redaction for node 443293341 v1 hidden
I, [2012-07-16T10:31:35.486007 #9588] INFO -- : Redaction for node 443293338 v1 hidden
I, [2012-07-16T10:31:35.571529 #9588] INFO -- : Redaction for way 26843208 v4 hidden
I, [2012-07-16T10:31:35.665573 #9588] INFO -- : Redaction for way 26843208 v5 visible
I, [2012-07-16T10:31:35.755480 #9588] INFO -- : Redaction for way 26843208 v6 visible
I, [2012-07-16T10:31:35.871441 #9588] INFO -- : Redaction for way 26843208 v7 visible
I, [2012-07-16T10:31:35.976152 #9588] INFO -- : Redaction for way 26843208 v8 visible
I, [2012-07-16T10:31:36.100422 #9588] INFO -- : Redaction for way 26843208 v9 visible
I, [2012-07-16T10:31:36.216887 #9588] INFO -- : Redaction for way 26843208 v10 visible
D, [2012-07-16T10:31:36.322643 #9588] DEBUG -- : Marking entities succeeded: 4 / 1 / 0
D, [2012-07-16T10:31:36.322706 #9588] DEBUG -- : Nodes: 443293344,443293347,443293341,443293338
D, [2012-07-16T10:31:36.322739 #9588] DEBUG -- : Ways: 26843208
D, [2012-07-16T10:31:36.322768 #9588] DEBUG -- : Relations:
D, [2012-07-16T10:31:36.324168 #9588] DEBUG -- : 5 areas remaining
I, [2012-07-16T10:31:36.324252 #9588] INFO -- : Processing {:minlat=>46.75, :maxlat=>46.875, :minlon=>15.75, :maxlon=>15.8125}
D, [2012-07-16T10:31:36.373598 #9588] DEBUG -- : Processing Entities: 0 / 1 / 0
D, [2012-07-16T10:31:36.473625 #9588] DEBUG -- : No changeset to apply
D, [2012-07-16T10:31:36.473683 #9588] DEBUG -- : Marking entities succeeded: 0 / 1 / 0
D, [2012-07-16T10:31:36.473714 #9588] DEBUG -- : Nodes:
D, [2012-07-16T10:31:36.473745 #9588] DEBUG -- : Ways: 27618509
D, [2012-07-16T10:31:36.473773 #9588] DEBUG -- : Relations:
D, [2012-07-16T10:31:36.474580 #9588] DEBUG -- : 4 areas remaining
D, [2012-07-16T10:31:36.474634 #9588] DEBUG -- : 5 areas remaining
D, [2012-07-16T10:31:36.474689 #9588] DEBUG -- : 6 areas remaining
D, [2012-07-16T10:31:36.474727 #9588] DEBUG -- : 7 areas remaining
I, [2012-07-16T10:31:36.474786 #9588] INFO -- : Processing {:minlat=>46.625, :maxlat=>46.75, :minlon=>15.9375, :maxlon=>16.0}
D, [2012-07-16T10:31:36.521923 #9588] DEBUG -- : Processing Entities: 2 / 0 / 0
D, [2012-07-16T10:31:36.555077 #9588] DEBUG -- : No changeset to apply
I, [2012-07-16T10:31:36.555135 #9588] INFO -- : Redaction for node 1179149983 v1 hidden
I, [2012-07-16T10:31:36.659088 #9588] INFO -- : Redaction for node 1179149983 v2 hidden
I, [2012-07-16T10:31:36.757557 #9588] INFO -- : Redaction for node 1179149911 v1 hidden
I, [2012-07-16T10:31:36.858047 #9588] INFO -- : Redaction for node 1179149911 v2 hidden
D, [2012-07-16T10:31:36.953696 #9588] DEBUG -- : Marking entities succeeded: 2 / 0 / 0
D, [2012-07-16T10:31:36.953758 #9588] DEBUG -- : Nodes: 1179149983,1179149911
D, [2012-07-16T10:31:36.953788 #9588] DEBUG -- : Ways:
D, [2012-07-16T10:31:36.953834 #9588] DEBUG -- : Relations:
D, [2012-07-16T10:31:36.954998 #9588] DEBUG -- : 6 areas remaining
I, [2012-07-16T10:31:36.955082 #9588] INFO -- : Processing {:minlat=>46.625, :maxlat=>46.75, :minlon=>15.875, :maxlon=>15.9375}
D, [2012-07-16T10:31:36.997280 #9588] DEBUG -- : Processing Entities: 2 / 1 / 0
D, [2012-07-16T10:31:38.314577 #9588] DEBUG -- : No changeset to apply
I, [2012-07-16T10:31:38.314764 #9588] INFO -- : Redaction for node 1179149841 v1 hidden
I, [2012-07-16T10:31:38.451671 #9588] INFO -- : Redaction for node 1179149841 v2 hidden
I, [2012-07-16T10:31:38.553521 #9588] INFO -- : Redaction for node 1179149763 v1 hidden
I, [2012-07-16T10:31:38.662397 #9588] INFO -- : Redaction for node 1179149763 v2 hidden
D, [2012-07-16T10:31:38.757448 #9588] DEBUG -- : Marking entities succeeded: 2 / 1 / 0
D, [2012-07-16T10:31:38.757516 #9588] DEBUG -- : Nodes: 1179149841,1179149763
D, [2012-07-16T10:31:38.757554 #9588] DEBUG -- : Ways: 5106097
D, [2012-07-16T10:31:38.757589 #9588] DEBUG -- : Relations:
D, [2012-07-16T10:31:38.759272 #9588] DEBUG -- : 5 areas remaining
D, [2012-07-16T10:31:38.759342 #9588] DEBUG -- : 6 areas remaining
I, [2012-07-16T10:31:38.759472 #9588] INFO -- : Processing {:minlat=>46.5, :maxlat=>46.625, :minlon=>15.9375, :maxlon=>16.0}
D, [2012-07-16T10:31:38.807436 #9588] DEBUG -- : Processing Entities: 0 / 0 / 0
D, [2012-07-16T10:31:38.807604 #9588] DEBUG -- : No changeset to apply
D, [2012-07-16T10:31:38.807644 #9588] DEBUG -- : Marking entities succeeded: 0 / 0 / 0
D, [2012-07-16T10:31:38.807675 #9588] DEBUG -- : Nodes:
D, [2012-07-16T10:31:38.807703 #9588] DEBUG -- : Ways:
D, [2012-07-16T10:31:38.807732 #9588] DEBUG -- : Relations:
D, [2012-07-16T10:31:38.807779 #9588] DEBUG -- : 5 areas remaining
I, [2012-07-16T10:31:38.807837 #9588] INFO -- : Processing {:minlat=>46.5, :maxlat=>46.625, :minlon=>15.875, :maxlon=>15.9375}
D, [2012-07-16T10:31:38.851782 #9588] DEBUG -- : Processing Entities: 7 / 1 / 0
I, [2012-07-16T10:31:39.045822 #9590] INFO -- : Redaction for way 27389503 v2 visible
I, [2012-07-16T10:31:39.165842 #9590] INFO -- : Redaction for way 27389503 v3 visible
I, [2012-07-16T10:31:39.271145 #9590] INFO -- : Redaction for way 27389503 v4 visible
D, [2012-07-16T10:31:39.377810 #9588] DEBUG -- : No changeset to apply
D, [2012-07-16T10:31:39.377983 #9588] DEBUG -- : Marking entities succeeded: 7 / 1 / 0
D, [2012-07-16T10:31:39.378036 #9588] DEBUG -- : Nodes: 60879685,60879684,60879682,60879681,60879680,60879686,60878153
D, [2012-07-16T10:31:39.378067 #9588] DEBUG -- : Ways: 8010631
D, [2012-07-16T10:31:39.378095 #9588] DEBUG -- : Relations:
I, [2012-07-16T10:31:39.379358 #9590] INFO -- : Redaction for way 26218642 v6 hidden
D, [2012-07-16T10:31:39.379911 #9588] DEBUG -- : 4 areas remaining
D, [2012-07-16T10:31:39.379991 #9588] DEBUG -- : 5 areas remaining
D, [2012-07-16T10:31:39.380030 #9588] DEBUG -- : 6 areas remaining
I, [2012-07-16T10:31:39.380089 #9588] INFO -- : Processing {:minlat=>46.625, :maxlat=>46.75, :minlon=>15.8125, :maxlon=>15.875}
D, [2012-07-16T10:31:39.422012 #9588] DEBUG -- : Processing Entities: 0 / 0 / 0
D, [2012-07-16T10:31:39.422153 #9588] DEBUG -- : No changeset to apply
D, [2012-07-16T10:31:39.422194 #9588] DEBUG -- : Marking entities succeeded: 0 / 0 / 0
D, [2012-07-16T10:31:39.422224 #9588] DEBUG -- : Nodes:
D, [2012-07-16T10:31:39.422254 #9588] DEBUG -- : Ways:
D, [2012-07-16T10:31:39.422283 #9588] DEBUG -- : Relations:
D, [2012-07-16T10:31:39.422314 #9588] DEBUG -- : 5 areas remaining
I, [2012-07-16T10:31:39.422364 #9588] INFO -- : Processing {:minlat=>46.625, :maxlat=>46.75, :minlon=>15.75, :maxlon=>15.8125}
D, [2012-07-16T10:31:39.465097 #9588] DEBUG -- : Processing Entities: 4 / 3 / 0
I, [2012-07-16T10:31:39.488219 #9590] INFO -- : Redaction for way 27389449 v1 hidden
I, [2012-07-16T10:31:39.592077 #9590] INFO -- : Redaction for way 27389449 v2 visible
I, [2012-07-16T10:31:39.720603 #9590] INFO -- : Redaction for way 4984707 v5 hidden
I, [2012-07-16T10:31:39.830813 #9590] INFO -- : Redaction for way 4984707 v6 visible
D, [2012-07-16T10:31:39.902518 #9588] DEBUG -- : No changeset to apply
I, [2012-07-16T10:31:39.902622 #9588] INFO -- : Redaction for node 1179149668 v1 hidden
I, [2012-07-16T10:31:39.948219 #9590] INFO -- : Redaction for way 4984707 v7 visible
I, [2012-07-16T10:31:40.016703 #9588] INFO -- : Redaction for node 1179149668 v2 hidden
I, [2012-07-16T10:31:40.060679 #9590] INFO -- : Redaction for way 27389446 v1 hidden
D, [2012-07-16T10:31:40.149326 #9588] DEBUG -- : Marking entities succeeded: 4 / 3 / 0
D, [2012-07-16T10:31:40.149420 #9588] DEBUG -- : Nodes: 1110422754,1110422758,494324899,1179149668
D, [2012-07-16T10:31:40.149454 #9588] DEBUG -- : Ways: 43296956,24787914,40698593
D, [2012-07-16T10:31:40.149483 #9588] DEBUG -- : Relations:
D, [2012-07-16T10:31:40.151453 #9588] DEBUG -- : 4 areas remaining
D, [2012-07-16T10:31:40.151552 #9588] DEBUG -- : 5 areas remaining
I, [2012-07-16T10:31:40.151603 #9588] INFO -- : Processing {:minlat=>46.5, :maxlat=>46.625, :minlon=>15.8125, :maxlon=>15.875}
I, [2012-07-16T10:31:40.168985 #9590] INFO -- : Redaction for way 27389446 v2 visible
D, [2012-07-16T10:31:40.198196 #9588] DEBUG -- : Processing Entities: 156 / 43 / 0
I, [2012-07-16T10:31:40.286398 #9590] INFO -- : Redaction for way 27389446 v3 visible
I, [2012-07-16T10:31:40.404672 #9590] INFO -- : Redaction for way 9088548 v3 hidden
I, [2012-07-16T10:31:45.515667 #9590] INFO -- : Redaction for way 9088548 v4 visible
D, [2012-07-16T10:31:45.632969 #9590] DEBUG -- : Marking entities succeeded: 27 / 12 / 0
D, [2012-07-16T10:31:45.633076 #9590] DEBUG -- : Nodes: 502335963,502335937,365334593,502335971,502335974,502335817,365334585,365334579,502402161,365334574,365334571,287091530,287091503,338886205,325313031,338886206,325313048,287091506,287091505,300674648,300674652,300674649,300673608,300673605,33058770,33058771,33058772
D, [2012-07-16T10:31:45.633123 #9590] DEBUG -- : Ways: 41145870,32493707,26218940,29511948,30641771,26218941,27389503,26218642,27389449,4984707,27389446,9088548
D, [2012-07-16T10:31:45.633153 #9590] DEBUG -- : Relations:
D, [2012-07-16T10:31:45.635733 #9590] DEBUG -- : 6 areas remaining
D, [2012-07-16T10:31:45.635796 #9590] DEBUG -- : 7 areas remaining
I, [2012-07-16T10:31:45.635855 #9590] INFO -- : Processing {:minlat=>46.75, :maxlat=>46.875, :minlon=>15.9375, :maxlon=>16.0}
D, [2012-07-16T10:31:45.686308 #9590] DEBUG -- : Processing Entities: 0 / 0 / 0
D, [2012-07-16T10:31:45.686487 #9590] DEBUG -- : No changeset to apply
D, [2012-07-16T10:31:45.686527 #9590] DEBUG -- : Marking entities succeeded: 0 / 0 / 0
D, [2012-07-16T10:31:45.686557 #9590] DEBUG -- : Nodes:
D, [2012-07-16T10:31:45.686586 #9590] DEBUG -- : Ways:
D, [2012-07-16T10:31:45.686615 #9590] DEBUG -- : Relations:
D, [2012-07-16T10:31:45.686644 #9590] DEBUG -- : 6 areas remaining
I, [2012-07-16T10:31:45.686701 #9590] INFO -- : Processing {:minlat=>46.75, :maxlat=>46.875, :minlon=>15.875, :maxlon=>15.9375}
D, [2012-07-16T10:31:45.737239 #9590] DEBUG -- : Processing Entities: 0 / 0 / 0
D, [2012-07-16T10:31:45.737367 #9590] DEBUG -- : No changeset to apply
D, [2012-07-16T10:31:45.737405 #9590] DEBUG -- : Marking entities succeeded: 0 / 0 / 0
D, [2012-07-16T10:31:45.737435 #9590] DEBUG -- : Nodes:
D, [2012-07-16T10:31:45.737463 #9590] DEBUG -- : Ways:
D, [2012-07-16T10:31:45.737491 #9590] DEBUG -- : Relations:
D, [2012-07-16T10:31:45.737591 #9590] DEBUG -- : 5 areas remaining
D, [2012-07-16T10:31:45.737636 #9590] DEBUG -- : 6 areas remaining
D, [2012-07-16T10:31:45.737671 #9590] DEBUG -- : 7 areas remaining
I, [2012-07-16T10:31:45.737722 #9590] INFO -- : Processing {:minlat=>46.875, :maxlat=>47.0, :minlon=>15.8125, :maxlon=>15.875}
D, [2012-07-16T10:31:45.803697 #9590] DEBUG -- : Processing Entities: 0 / 0 / 0
D, [2012-07-16T10:31:45.803820 #9590] DEBUG -- : No changeset to apply
D, [2012-07-16T10:31:45.803858 #9590] DEBUG -- : Marking entities succeeded: 0 / 0 / 0
D, [2012-07-16T10:31:45.803888 #9590] DEBUG -- : Nodes:
D, [2012-07-16T10:31:45.803934 #9590] DEBUG -- : Ways:
D, [2012-07-16T10:31:45.803962 #9590] DEBUG -- : Relations:
D, [2012-07-16T10:31:45.803993 #9590] DEBUG -- : 6 areas remaining
I, [2012-07-16T10:31:45.804051 #9590] INFO -- : Processing {:minlat=>46.875, :maxlat=>47.0, :minlon=>15.75, :maxlon=>15.8125}
D, [2012-07-16T10:31:45.867250 #9590] DEBUG -- : Processing Entities: 0 / 0 / 0
D, [2012-07-16T10:31:45.867478 #9590] DEBUG -- : No changeset to apply
D, [2012-07-16T10:31:45.867520 #9590] DEBUG -- : Marking entities succeeded: 0 / 0 / 0
D, [2012-07-16T10:31:45.867551 #9590] DEBUG -- : Nodes:
D, [2012-07-16T10:31:45.881495 #9590] DEBUG -- : Ways:
D, [2012-07-16T10:31:45.881582 #9590] DEBUG -- : Relations:
D, [2012-07-16T10:31:45.881618 #9590] DEBUG -- : 5 areas remaining
D, [2012-07-16T10:31:45.881685 #9590] DEBUG -- : 6 areas remaining
I, [2012-07-16T10:31:45.881751 #9590] INFO -- : Processing {:minlat=>46.75, :maxlat=>46.875, :minlon=>15.8125, :maxlon=>15.875}
D, [2012-07-16T10:31:45.933134 #9590] DEBUG -- : Processing Entities: 0 / 0 / 0
D, [2012-07-16T10:31:45.933275 #9590] DEBUG -- : No changeset to apply
D, [2012-07-16T10:31:45.933318 #9590] DEBUG -- : Marking entities succeeded: 0 / 0 / 0
D, [2012-07-16T10:31:45.933353 #9590] DEBUG -- : Nodes:
D, [2012-07-16T10:31:45.933386 #9590] DEBUG -- : Ways:
D, [2012-07-16T10:31:45.933418 #9590] DEBUG -- : Relations:
D, [2012-07-16T10:31:45.933451 #9590] DEBUG -- : 5 areas remaining
I, [2012-07-16T10:31:45.933508 #9590] INFO -- : Processing {:minlat=>46.75, :maxlat=>46.875, :minlon=>15.75, :maxlon=>15.8125}
D, [2012-07-16T10:31:45.983085 #9590] DEBUG -- : Processing Entities: 0 / 0 / 0
D, [2012-07-16T10:31:45.983235 #9590] DEBUG -- : No changeset to apply
D, [2012-07-16T10:31:45.983279 #9590] DEBUG -- : Marking entities succeeded: 0 / 0 / 0
D, [2012-07-16T10:31:45.983333 #9590] DEBUG -- : Nodes:
D, [2012-07-16T10:31:45.983365 #9590] DEBUG -- : Ways:
D, [2012-07-16T10:31:45.983399 #9590] DEBUG -- : Relations:
D, [2012-07-16T10:31:45.983433 #9590] DEBUG -- : 4 areas remaining
D, [2012-07-16T10:31:45.983485 #9590] DEBUG -- : 5 areas remaining
D, [2012-07-16T10:31:45.983526 #9590] DEBUG -- : 6 areas remaining
D, [2012-07-16T10:31:45.983567 #9590] DEBUG -- : 7 areas remaining
I, [2012-07-16T10:31:45.983619 #9590] INFO -- : Processing {:minlat=>46.625, :maxlat=>46.75, :minlon=>15.9375, :maxlon=>16.0}
D, [2012-07-16T10:31:46.027121 #9590] DEBUG -- : Processing Entities: 0 / 0 / 0
D, [2012-07-16T10:31:46.027231 #9590] DEBUG -- : No changeset to apply
D, [2012-07-16T10:31:46.027273 #9590] DEBUG -- : Marking entities succeeded: 0 / 0 / 0
D, [2012-07-16T10:31:46.027306 #9590] DEBUG -- : Nodes:
D, [2012-07-16T10:31:46.027338 #9590] DEBUG -- : Ways:
D, [2012-07-16T10:31:46.027370 #9590] DEBUG -- : Relations:
D, [2012-07-16T10:31:46.027403 #9590] DEBUG -- : 6 areas remaining
I, [2012-07-16T10:31:46.027460 #9590] INFO -- : Processing {:minlat=>46.625, :maxlat=>46.75, :minlon=>15.875, :maxlon=>15.9375}
D, [2012-07-16T10:31:46.069479 #9590] DEBUG -- : Processing Entities: 0 / 0 / 0
D, [2012-07-16T10:31:46.069582 #9590] DEBUG -- : No changeset to apply
D, [2012-07-16T10:31:46.069622 #9590] DEBUG -- : Marking entities succeeded: 0 / 0 / 0
D, [2012-07-16T10:31:46.069656 #9590] DEBUG -- : Nodes:
D, [2012-07-16T10:31:46.069689 #9590] DEBUG -- : Ways:
D, [2012-07-16T10:31:46.069717 #9590] DEBUG -- : Relations:
D, [2012-07-16T10:31:46.069750 #9590] DEBUG -- : 5 areas remaining
D, [2012-07-16T10:31:46.069797 #9590] DEBUG -- : 6 areas remaining
I, [2012-07-16T10:31:46.069844 #9590] INFO -- : Processing {:minlat=>46.5, :maxlat=>46.625, :minlon=>15.9375, :maxlon=>16.0}
D, [2012-07-16T10:31:46.114072 #9590] DEBUG -- : Processing Entities: 0 / 0 / 0
D, [2012-07-16T10:31:46.114198 #9590] DEBUG -- : No changeset to apply
D, [2012-07-16T10:31:46.114237 #9590] DEBUG -- : Marking entities succeeded: 0 / 0 / 0
D, [2012-07-16T10:31:46.114267 #9590] DEBUG -- : Nodes:
D, [2012-07-16T10:31:46.114296 #9590] DEBUG -- : Ways:
D, [2012-07-16T10:31:46.114326 #9590] DEBUG -- : Relations:
D, [2012-07-16T10:31:46.114357 #9590] DEBUG -- : 5 areas remaining
I, [2012-07-16T10:31:46.114411 #9590] INFO -- : Processing {:minlat=>46.5, :maxlat=>46.625, :minlon=>15.875, :maxlon=>15.9375}
D, [2012-07-16T10:31:46.158435 #9590] DEBUG -- : Processing Entities: 0 / 0 / 0
D, [2012-07-16T10:31:46.158556 #9590] DEBUG -- : No changeset to apply
D, [2012-07-16T10:31:46.158592 #9590] DEBUG -- : Marking entities succeeded: 0 / 0 / 0
D, [2012-07-16T10:31:46.158622 #9590] DEBUG -- : Nodes:
D, [2012-07-16T10:31:46.158654 #9590] DEBUG -- : Ways:
D, [2012-07-16T10:31:46.158686 #9590] DEBUG -- : Relations:
D, [2012-07-16T10:31:46.158720 #9590] DEBUG -- : 4 areas remaining
D, [2012-07-16T10:31:46.158768 #9590] DEBUG -- : 5 areas remaining
D, [2012-07-16T10:31:46.158809 #9590] DEBUG -- : 6 areas remaining
I, [2012-07-16T10:31:46.158862 #9590] INFO -- : Processing {:minlat=>46.625, :maxlat=>46.75, :minlon=>15.8125, :maxlon=>15.875}
D, [2012-07-16T10:31:46.200215 #9590] DEBUG -- : Processing Entities: 0 / 0 / 0
D, [2012-07-16T10:31:46.200322 #9590] DEBUG -- : No changeset to apply
D, [2012-07-16T10:31:46.200365 #9590] DEBUG -- : Marking entities succeeded: 0 / 0 / 0
D, [2012-07-16T10:31:46.200397 #9590] DEBUG -- : Nodes:
D, [2012-07-16T10:31:46.200430 #9590] DEBUG -- : Ways:
D, [2012-07-16T10:31:46.200460 #9590] DEBUG -- : Relations:
D, [2012-07-16T10:31:46.200492 #9590] DEBUG -- : 5 areas remaining
I, [2012-07-16T10:31:46.200544 #9590] INFO -- : Processing {:minlat=>46.625, :maxlat=>46.75, :minlon=>15.75, :maxlon=>15.8125}
D, [2012-07-16T10:31:46.242382 #9590] DEBUG -- : Processing Entities: 0 / 0 / 0
D, [2012-07-16T10:31:46.242474 #9590] DEBUG -- : No changeset to apply
D, [2012-07-16T10:31:46.242513 #9590] DEBUG -- : Marking entities succeeded: 0 / 0 / 0
D, [2012-07-16T10:31:46.242546 #9590] DEBUG -- : Nodes:
D, [2012-07-16T10:31:46.242596 #9590] DEBUG -- : Ways:
D, [2012-07-16T10:31:46.242626 #9590] DEBUG -- : Relations:
D, [2012-07-16T10:31:46.242659 #9590] DEBUG -- : 4 areas remaining
D, [2012-07-16T10:31:46.242704 #9590] DEBUG -- : 5 areas remaining
I, [2012-07-16T10:31:46.242754 #9590] INFO -- : Processing {:minlat=>46.5, :maxlat=>46.625, :minlon=>15.8125, :maxlon=>15.875}
D, [2012-07-16T10:31:46.287930 #9590] DEBUG -- : Processing Entities: 156 / 43 / 0
D, [2012-07-16T10:31:47.980503 #9588] DEBUG -- : Changeset:
D, [2012-07-16T10:31:50.834219 #9590] DEBUG -- : Changeset:
E, [2012-07-16T10:32:00.945060 #9590] ERROR -- : Changeset failed to apply. Response 409: Version mismatch: Provided 2, server had: 3 of Way 24576924
E, [2012-07-16T10:32:00.945180 #9590] ERROR -- : Changeset failed to apply
E, [2012-07-16T10:32:00.945212 #9590] ERROR -- : ["run_bot.rb:169:in `process_changeset'", "run_bot.rb:201:in `block in process_entities'", "run_bot.rb:200:in `each_slice'", "run_bot.rb:200:in `process_entities'", "run_bot.rb:461:in `block in
'", "run_bot.rb:416:in `transaction'", "run_bot.rb:416:in `
'"]
E, [2012-07-16T10:32:00.945284 #9590] ERROR -- : Marking region failed: {:id=>"564", :lat=>46.0, :lon=>15.0}
E, [2012-07-16T10:32:00.956289 #9590] ERROR -- : Marking entities as failed: 156 / 43 / 0
E, [2012-07-16T10:32:00.956411 #9590] ERROR -- : Nodes: 498880089,498880067,498880059,498880049,498880038,267350338,498880030,267350339,267350340,267350348,267350347,267350346,267350349,267350345,267350341,267350350,267350342,267350344,267350343,267350351,267350337,498880015,498984360,498984407,498880021,498880019,498984401,268490950,498984397,268490955,268490959,267350352,160234140,498984392,267350336,267350353,498984388,267350354,267350355,498879962,272449579,272449577,272449604,498849093,272449574,268101144,272449571,498879999,272449561,272449564,272449568,498880002,272449502,272449601,268101147,272449497,498879988,268101149,272449599,272449607,272449595,60879650,272449501,160247654,268101151,498879965,160247652,498879956,272449592,498885499,498879978,498885521,498885510,498885513,498885508,498885519,498885515,160247650,498885517,268490901,160247648,60879651,160234209,266563626,266563628,498879981,266563632,498879953,498885532,498885507,266563633,266548591,268490965,498855155,268490969,498885536,498885545,60879653,268490980,272464517,267146271,268490989,267951436,414187296,272464521,267776215,498856234,266563661,266563662,414187295,266563665,268101115,272449635,267146185,272449666,267776232,272449796,498879959,498856180,60879654,272449754,272449747,272449752,267195203,498856090,498885487,60879655,498885468,498885467,267946827,498885466,498885486,267195198,498859258,60879656,60879657,267146284,60879658,60879659,60879660,60879661,60879662,60879664,60879665,60879666,60879667,60879668,60879669,60879670,60879671,60879675,60879674,60879672,60879679,60879677,60879678
E, [2012-07-16T10:32:00.956480 #9590] ERROR -- : Ways: 28128145,40954929,40954926,24701715,24593812,24665796,40959452,24593813,28188253,40954923,25043614,40954921,25043618,25043604,40954934,25043606,15944611,40954924,25043617,40953605,24665795,24701713,40953608,24571337,24651140,40955310,40955305,24571339,24665794,25045028,24633730,25043626,24701720,40954932,40954931,25043630,25043596,25522658,25043597,24576924,25043595,40953607,27746549
E, [2012-07-16T10:32:00.956511 #9590] ERROR -- : Relations:
D, [2012-07-16T10:32:00.968446 #9590] DEBUG -- : 4 areas remaining
I, [2012-07-16T10:32:00.968586 #9590] INFO -- : Processing {:minlat=>46.5, :maxlat=>46.625, :minlon=>15.75, :maxlon=>15.8125}
D, [2012-07-16T10:32:01.015503 #9590] DEBUG -- : Processing Entities: 2 / 3 / 0
I, [2012-07-16T10:32:01.129377 #9588] INFO -- : Uploaded changeset 12241636
I, [2012-07-16T10:32:01.129509 #9588] INFO -- : Redaction for node 498880089 v1 hidden
I, [2012-07-16T10:32:01.292724 #9588] INFO -- : Redaction for node 498880067 v1 hidden
I, [2012-07-16T10:32:01.417299 #9588] INFO -- : Redaction for node 498880059 v1 hidden
I, [2012-07-16T10:32:01.537884 #9588] INFO -- : Redaction for node 498880049 v1 hidden
I, [2012-07-16T10:32:01.656644 #9588] INFO -- : Redaction for node 498880038 v1 hidden
D, [2012-07-16T10:32:01.672159 #9590] DEBUG -- : Changeset:
I, [2012-07-16T10:32:01.762798 #9588] INFO -- : Redaction for node 267350338 v2 hidden
I, [2012-07-16T10:32:01.892099 #9588] INFO -- : Redaction for node 498880030 v1 hidden
I, [2012-07-16T10:32:01.994459 #9588] INFO -- : Redaction for node 267350339 v2 hidden
I, [2012-07-16T10:32:02.097673 #9588] INFO -- : Redaction for node 267350339 v3 visible
I, [2012-07-16T10:32:02.206703 #9588] INFO -- : Redaction for node 267350337 v2 hidden
I, [2012-07-16T10:32:02.303457 #9588] INFO -- : Redaction for node 498880015 v1 hidden
I, [2012-07-16T10:32:02.408277 #9588] INFO -- : Redaction for node 498984360 v1 hidden
I, [2012-07-16T10:32:02.530255 #9588] INFO -- : Redaction for node 498984407 v1 hidden
I, [2012-07-16T10:32:02.622650 #9588] INFO -- : Redaction for node 498880021 v1 hidden
I, [2012-07-16T10:32:07.121154 #9590] INFO -- : Uploaded changeset 12241643
I, [2012-07-16T10:32:07.121297 #9590] INFO -- : Redaction for way 24666594 v2 hidden
I, [2012-07-16T10:32:07.227370 #9590] INFO -- : Redaction for way 24666594 v3 visible
I, [2012-07-16T10:32:07.348714 #9590] INFO -- : Redaction for way 24666594 v4 visible
I, [2012-07-16T10:32:07.480167 #9590] INFO -- : Redaction for way 24666594 v5 visible
I, [2012-07-16T10:32:07.587575 #9590] INFO -- : Redaction for way 24666594 v6 visible
I, [2012-07-16T10:32:07.707063 #9590] INFO -- : Redaction for way 24666590 v2 hidden
I, [2012-07-16T10:32:07.729414 #9588] INFO -- : Redaction for node 498880019 v1 hidden
I, [2012-07-16T10:32:07.801965 #9590] INFO -- : Redaction for way 24666590 v3 visible
I, [2012-07-16T10:32:12.828059 #9588] INFO -- : Redaction for node 498984401 v1 hidden
I, [2012-07-16T10:32:12.920838 #9588] INFO -- : Redaction for node 498984397 v1 hidden
I, [2012-07-16T10:32:13.033343 #9588] INFO -- : Redaction for node 268490955 v2 hidden
I, [2012-07-16T10:32:13.171779 #9588] INFO -- : Redaction for node 268490959 v2 hidden
I, [2012-07-16T10:32:13.293894 #9590] INFO -- : Redaction for way 24666590 v4 visible
I, [2012-07-16T10:32:13.295517 #9588] INFO -- : Redaction for node 498984392 v1 hidden
I, [2012-07-16T10:32:13.398622 #9588] INFO -- : Redaction for node 498984388 v1 hidden
I, [2012-07-16T10:32:13.495698 #9588] INFO -- : Redaction for node 498879962 v1 hidden
I, [2012-07-16T10:32:13.623885 #9588] INFO -- : Redaction for node 498879962 v2 visible
I, [2012-07-16T10:32:13.742751 #9590] INFO -- : Redaction for way 24666590 v5 visible
I, [2012-07-16T10:32:13.745142 #9588] INFO -- : Redaction for node 272449579 v2 hidden
I, [2012-07-16T10:32:13.867218 #9588] INFO -- : Redaction for node 272449577 v2 hidden
I, [2012-07-16T10:32:13.925559 #9590] INFO -- : Redaction for way 24666590 v6 visible
I, [2012-07-16T10:32:13.990279 #9588] INFO -- : Redaction for node 272449604 v2 hidden
D, [2012-07-16T10:32:14.048888 #9590] DEBUG -- : Marking entities succeeded: 2 / 3 / 0
D, [2012-07-16T10:32:14.048956 #9590] DEBUG -- : Nodes: 1019683605,1587776618
D, [2012-07-16T10:32:14.048990 #9590] DEBUG -- : Ways: 24666594,24666590,87678631
D, [2012-07-16T10:32:14.049019 #9590] DEBUG -- : Relations:
D, [2012-07-16T10:32:14.050649 #9590] DEBUG -- : 3 areas remaining
D, [2012-07-16T10:32:14.050708 #9590] DEBUG -- : 4 areas remaining
D, [2012-07-16T10:32:14.050745 #9590] DEBUG -- : 5 areas remaining
D, [2012-07-16T10:32:14.050780 #9590] DEBUG -- : 6 areas remaining
D, [2012-07-16T10:32:14.050815 #9590] DEBUG -- : 7 areas remaining
I, [2012-07-16T10:32:14.050874 #9590] INFO -- : Processing {:minlat=>46.875, :maxlat=>47.0, :minlon=>15.6875, :maxlon=>15.75}
D, [2012-07-16T10:32:14.116261 #9590] DEBUG -- : Processing Entities: 0 / 0 / 0
D, [2012-07-16T10:32:14.116370 #9590] DEBUG -- : No changeset to apply
D, [2012-07-16T10:32:14.116407 #9590] DEBUG -- : Marking entities succeeded: 0 / 0 / 0
D, [2012-07-16T10:32:14.116437 #9590] DEBUG -- : Nodes:
D, [2012-07-16T10:32:14.116466 #9590] DEBUG -- : Ways:
D, [2012-07-16T10:32:14.116495 #9590] DEBUG -- : Relations:
D, [2012-07-16T10:32:14.116524 #9590] DEBUG -- : 6 areas remaining
I, [2012-07-16T10:32:14.116640 #9590] INFO -- : Processing {:minlat=>46.875, :maxlat=>47.0, :minlon=>15.625, :maxlon=>15.6875}
D, [2012-07-16T10:32:14.180691 #9590] DEBUG -- : Processing Entities: 3 / 0 / 0
D, [2012-07-16T10:32:14.212495 #9590] DEBUG -- : No changeset to apply
D, [2012-07-16T10:32:14.212559 #9590] DEBUG -- : Marking entities succeeded: 3 / 0 / 0
D, [2012-07-16T10:32:14.212606 #9590] DEBUG -- : Nodes: 34930544,34930521,34930518
D, [2012-07-16T10:32:14.212636 #9590] DEBUG -- : Ways:
D, [2012-07-16T10:32:14.212664 #9590] DEBUG -- : Relations:
D, [2012-07-16T10:32:14.213635 #9590] DEBUG -- : 5 areas remaining
D, [2012-07-16T10:32:14.213679 #9590] DEBUG -- : 6 areas remaining
I, [2012-07-16T10:32:14.213728 #9590] INFO -- : Processing {:minlat=>46.75, :maxlat=>46.875, :minlon=>15.6875, :maxlon=>15.75}
D, [2012-07-16T10:32:14.266330 #9590] DEBUG -- : Processing Entities: 0 / 0 / 0
D, [2012-07-16T10:32:14.266516 #9590] DEBUG -- : No changeset to apply
D, [2012-07-16T10:32:14.266556 #9590] DEBUG -- : Marking entities succeeded: 0 / 0 / 0
D, [2012-07-16T10:32:14.266587 #9590] DEBUG -- : Nodes:
D, [2012-07-16T10:32:14.266615 #9590] DEBUG -- : Ways:
D, [2012-07-16T10:32:14.266645 #9590] DEBUG -- : Relations:
D, [2012-07-16T10:32:14.266675 #9590] DEBUG -- : 5 areas remaining
I, [2012-07-16T10:32:14.266764 #9590] INFO -- : Processing {:minlat=>46.75, :maxlat=>46.875, :minlon=>15.625, :maxlon=>15.6875}
D, [2012-07-16T10:32:14.315720 #9590] DEBUG -- : Processing Entities: 1 / 0 / 0
D, [2012-07-16T10:32:14.389471 #9590] DEBUG -- : No changeset to apply
I, [2012-07-16T10:32:14.389633 #9590] INFO -- : Redaction for node 240042268 v3 hidden
I, [2012-07-16T10:32:19.087212 #9588] INFO -- : Redaction for node 498849093 v1 hidden
I, [2012-07-16T10:32:19.176499 #9588] INFO -- : Redaction for node 272449574 v2 hidden
I, [2012-07-16T10:32:19.270941 #9588] INFO -- : Redaction for node 272449571 v2 hidden
I, [2012-07-16T10:32:19.361433 #9588] INFO -- : Redaction for node 498879999 v1 hidden
I, [2012-07-16T10:32:19.447813 #9588] INFO -- : Redaction for node 272449561 v3 hidden
