I, [2012-07-16T11:16:50.739553 #9590] INFO -- : Redaction for node 36126156 v2 hidden
I, [2012-07-16T11:16:50.903353 #9590] INFO -- : Redaction for node 36126156 v3 visible
I, [2012-07-16T11:16:51.039346 #9590] INFO -- : Redaction for node 251875110 v1 hidden
I, [2012-07-16T11:16:51.420497 #9590] INFO -- : Redaction for node 251874752 v1 hidden
I, [2012-07-16T11:16:51.506255 #9590] INFO -- : Redaction for node 251874753 v1 hidden
I, [2012-07-16T11:16:51.597516 #9590] INFO -- : Redaction for node 251874755 v1 hidden
I, [2012-07-16T11:16:51.688837 #9590] INFO -- : Redaction for node 251874754 v1 hidden
I, [2012-07-16T11:16:51.788634 #9588] INFO -- : Redaction for node 314407174 v2 visible
I, [2012-07-16T11:16:51.876890 #9588] INFO -- : Redaction for node 314407174 v3 visible
I, [2012-07-16T11:16:51.976606 #9588] INFO -- : Redaction for node 314407172 v1 hidden
I, [2012-07-16T11:16:52.064251 #9588] INFO -- : Redaction for node 314407172 v2 visible
I, [2012-07-16T11:16:52.163520 #9588] INFO -- : Redaction for node 314407172 v3 visible
I, [2012-07-16T11:16:52.248501 #9588] INFO -- : Redaction for node 306405822 v1 hidden
I, [2012-07-16T11:16:52.332588 #9588] INFO -- : Redaction for node 314407171 v1 hidden
I, [2012-07-16T11:16:52.414987 #9588] INFO -- : Redaction for node 314407171 v2 visible
I, [2012-07-16T11:16:52.516616 #9588] INFO -- : Redaction for node 314407171 v3 visible
I, [2012-07-16T11:16:52.603836 #9588] INFO -- : Redaction for node 142510441 v1 hidden
I, [2012-07-16T11:16:56.781477 #9590] INFO -- : Redaction for node 251874756 v1 hidden
I, [2012-07-16T11:16:56.866910 #9590] INFO -- : Redaction for node 251874757 v1 hidden
I, [2012-07-16T11:16:56.955185 #9590] INFO -- : Redaction for node 251874758 v1 hidden
I, [2012-07-16T11:16:57.043768 #9590] INFO -- : Redaction for node 251874759 v1 hidden
I, [2012-07-16T11:16:57.125968 #9590] INFO -- : Redaction for node 251872652 v1 hidden
I, [2012-07-16T11:16:57.240033 #9590] INFO -- : Redaction for node 251874760 v1 hidden
I, [2012-07-16T11:16:57.339404 #9590] INFO -- : Redaction for node 251872653 v1 hidden
I, [2012-07-16T11:16:57.437130 #9590] INFO -- : Redaction for node 251872654 v1 hidden
I, [2012-07-16T11:16:57.526989 #9590] INFO -- : Redaction for node 251874762 v1 hidden
I, [2012-07-16T11:16:57.697068 #9588] INFO -- : Redaction for node 314407170 v1 hidden
I, [2012-07-16T11:16:57.778507 #9588] INFO -- : Redaction for node 314407170 v2 visible
I, [2012-07-16T11:16:57.900956 #9588] INFO -- : Redaction for node 314407170 v3 visible
I, [2012-07-16T11:16:58.010465 #9588] INFO -- : Redaction for node 142510443 v1 hidden
I, [2012-07-16T11:16:58.131078 #9588] INFO -- : Redaction for node 142510439 v1 hidden
I, [2012-07-16T11:16:58.233860 #9588] INFO -- : Redaction for node 314407167 v1 hidden
I, [2012-07-16T11:16:58.322644 #9588] INFO -- : Redaction for node 314407167 v2 visible
I, [2012-07-16T11:16:58.406885 #9588] INFO -- : Redaction for node 314407167 v3 visible
I, [2012-07-16T11:16:58.489396 #9588] INFO -- : Redaction for node 142510437 v1 hidden
I, [2012-07-16T11:16:58.574700 #9588] INFO -- : Redaction for node 142508237 v1 hidden
I, [2012-07-16T11:16:58.664268 #9588] INFO -- : Redaction for node 142508237 v2 visible
I, [2012-07-16T11:17:02.610370 #9590] INFO -- : Redaction for node 251872655 v1 hidden
I, [2012-07-16T11:17:02.710689 #9590] INFO -- : Redaction for node 251872656 v1 hidden
I, [2012-07-16T11:17:02.807407 #9590] INFO -- : Redaction for node 251874763 v1 hidden
I, [2012-07-16T11:17:02.893470 #9590] INFO -- : Redaction for node 251872275 v1 hidden
I, [2012-07-16T11:17:02.989558 #9590] INFO -- : Redaction for node 251872275 v2 visible
I, [2012-07-16T11:17:03.366611 #9590] INFO -- : Redaction for node 251872275 v3 visible
I, [2012-07-16T11:17:03.466577 #9590] INFO -- : Redaction for node 251872275 v4 visible
I, [2012-07-16T11:17:03.561353 #9590] INFO -- : Redaction for node 251874765 v1 hidden
I, [2012-07-16T11:17:03.647788 #9590] INFO -- : Redaction for node 251872276 v1 hidden
I, [2012-07-16T11:17:03.730674 #9590] INFO -- : Redaction for node 251872276 v2 visible
I, [2012-07-16T11:17:03.753103 #9588] INFO -- : Redaction for node 142508237 v3 visible
I, [2012-07-16T11:17:03.818280 #9590] INFO -- : Redaction for node 251872276 v3 visible
I, [2012-07-16T11:17:03.910228 #9590] INFO -- : Redaction for node 251872276 v4 visible
I, [2012-07-16T11:17:04.003781 #9590] INFO -- : Redaction for node 251874766 v1 hidden
I, [2012-07-16T11:17:04.087577 #9590] INFO -- : Redaction for node 251872297 v1 hidden
I, [2012-07-16T11:17:04.505589 #9590] INFO -- : Redaction for node 251872277 v1 hidden
I, [2012-07-16T11:17:04.601203 #9590] INFO -- : Redaction for node 251872277 v2 visible
I, [2012-07-16T11:17:04.691848 #9590] INFO -- : Redaction for node 251872277 v3 visible
I, [2012-07-16T11:17:04.778132 #9590] INFO -- : Redaction for node 251872277 v4 visible
I, [2012-07-16T11:17:08.854221 #9588] INFO -- : Redaction for node 142508237 v4 visible
I, [2012-07-16T11:17:08.935750 #9588] INFO -- : Redaction for node 142508237 v5 visible
I, [2012-07-16T11:17:09.025924 #9588] INFO -- : Redaction for node 142508237 v6 visible
I, [2012-07-16T11:17:09.876021 #9590] INFO -- : Redaction for node 251872296 v1 hidden
I, [2012-07-16T11:17:09.959576 #9590] INFO -- : Redaction for node 251874767 v1 hidden
I, [2012-07-16T11:17:10.066263 #9590] INFO -- : Redaction for node 251874768 v1 hidden
I, [2012-07-16T11:17:10.151256 #9590] INFO -- : Redaction for node 251874769 v1 hidden
I, [2012-07-16T11:17:10.236367 #9590] INFO -- : Redaction for node 251874423 v1 hidden
I, [2012-07-16T11:17:10.337162 #9590] INFO -- : Redaction for node 251872278 v1 hidden
I, [2012-07-16T11:17:10.423864 #9590] INFO -- : Redaction for node 251872278 v2 visible
I, [2012-07-16T11:17:10.508603 #9590] INFO -- : Redaction for node 251872278 v3 visible
I, [2012-07-16T11:17:10.595954 #9590] INFO -- : Redaction for node 251872278 v4 visible
I, [2012-07-16T11:17:10.682245 #9590] INFO -- : Redaction for node 251872295 v1 hidden
I, [2012-07-16T11:17:10.778676 #9590] INFO -- : Redaction for node 251874425 v1 hidden
I, [2012-07-16T11:17:10.864631 #9590] INFO -- : Redaction for node 251872279 v1 hidden
I, [2012-07-16T11:17:10.955317 #9590] INFO -- : Redaction for node 251872279 v2 hidden
I, [2012-07-16T11:17:11.043524 #9590] INFO -- : Redaction for node 251872279 v3 visible
I, [2012-07-16T11:17:11.132476 #9590] INFO -- : Redaction for node 251872279 v4 visible
I, [2012-07-16T11:17:11.218866 #9590] INFO -- : Redaction for node 251872279 v5 visible
I, [2012-07-16T11:17:11.308379 #9590] INFO -- : Redaction for node 251872280 v1 hidden
I, [2012-07-16T11:17:11.398992 #9590] INFO -- : Redaction for node 251872280 v2 visible
I, [2012-07-16T11:17:11.483931 #9590] INFO -- : Redaction for node 251872280 v3 visible
I, [2012-07-16T11:17:11.580816 #9590] INFO -- : Redaction for node 251872280 v4 visible
I, [2012-07-16T11:17:11.943129 #9590] INFO -- : Redaction for node 251872294 v1 hidden
I, [2012-07-16T11:17:12.035189 #9590] INFO -- : Redaction for node 251872281 v1 hidden
I, [2012-07-16T11:17:12.125879 #9590] INFO -- : Redaction for node 251872281 v2 visible
I, [2012-07-16T11:17:12.209747 #9590] INFO -- : Redaction for node 251872281 v3 visible
I, [2012-07-16T11:17:12.292535 #9590] INFO -- : Redaction for node 251872281 v4 visible
I, [2012-07-16T11:17:12.381263 #9590] INFO -- : Redaction for node 251872282 v1 hidden
I, [2012-07-16T11:17:12.463311 #9590] INFO -- : Redaction for node 251872282 v2 visible
I, [2012-07-16T11:17:12.798622 #9590] INFO -- : Redaction for node 251872282 v3 visible
I, [2012-07-16T11:17:13.171743 #9590] INFO -- : Redaction for node 251872282 v4 visible
I, [2012-07-16T11:17:13.261058 #9590] INFO -- : Redaction for node 251872657 v1 hidden
I, [2012-07-16T11:17:13.354666 #9590] INFO -- : Redaction for node 251872283 v1 hidden
I, [2012-07-16T11:17:13.450593 #9590] INFO -- : Redaction for node 251872283 v2 visible
I, [2012-07-16T11:17:13.533930 #9590] INFO -- : Redaction for node 251872283 v3 visible
I, [2012-07-16T11:17:13.617573 #9590] INFO -- : Redaction for node 251872283 v4 visible
I, [2012-07-16T11:17:13.960317 #9590] INFO -- : Redaction for node 251872284 v1 hidden
I, [2012-07-16T11:17:14.048217 #9590] INFO -- : Redaction for node 251872284 v2 visible
I, [2012-07-16T11:17:14.118070 #9588] INFO -- : Redaction for node 306406562 v1 hidden
I, [2012-07-16T11:17:14.137960 #9590] INFO -- : Redaction for node 251872284 v3 visible
I, [2012-07-16T11:17:14.210575 #9588] INFO -- : Redaction for node 306406562 v2 visible
I, [2012-07-16T11:17:14.226661 #9590] INFO -- : Redaction for node 251872284 v4 visible
I, [2012-07-16T11:17:14.291965 #9588] INFO -- : Redaction for node 306406562 v3 visible
I, [2012-07-16T11:17:14.316825 #9590] INFO -- : Redaction for node 251872658 v1 hidden
I, [2012-07-16T11:17:14.397061 #9588] INFO -- : Redaction for node 142510436 v1 hidden
I, [2012-07-16T11:17:14.418072 #9590] INFO -- : Redaction for node 251872285 v1 hidden
I, [2012-07-16T11:17:14.508437 #9588] INFO -- : Redaction for node 314407166 v1 hidden
I, [2012-07-16T11:17:14.540670 #9590] INFO -- : Redaction for node 251872285 v2 visible
I, [2012-07-16T11:17:14.605778 #9588] INFO -- : Redaction for node 314407166 v2 visible
I, [2012-07-16T11:17:14.634979 #9590] INFO -- : Redaction for node 251872285 v3 visible
I, [2012-07-16T11:17:14.767503 #9590] INFO -- : Redaction for node 251872285 v4 visible
I, [2012-07-16T11:17:14.860845 #9590] INFO -- : Redaction for node 251872659 v1 hidden
I, [2012-07-16T11:17:14.986277 #9590] INFO -- : Redaction for node 251872286 v1 hidden
I, [2012-07-16T11:17:15.098306 #9590] INFO -- : Redaction for node 251872286 v2 visible
I, [2012-07-16T11:17:15.103107 #9588] INFO -- : Redaction for node 314407166 v3 visible
I, [2012-07-16T11:17:15.182994 #9590] INFO -- : Redaction for node 251872286 v3 visible
I, [2012-07-16T11:17:15.218639 #9588] INFO -- : Redaction for node 306406561 v1 hidden
I, [2012-07-16T11:17:15.295610 #9590] INFO -- : Redaction for node 251872286 v4 visible
I, [2012-07-16T11:17:15.334100 #9588] INFO -- : Redaction for node 306406561 v2 visible
I, [2012-07-16T11:17:15.410301 #9590] INFO -- : Redaction for node 251872287 v1 hidden
I, [2012-07-16T11:17:15.443996 #9588] INFO -- : Redaction for node 306406561 v3 visible
I, [2012-07-16T11:17:15.508760 #9590] INFO -- : Redaction for node 251872287 v2 visible
I, [2012-07-16T11:17:15.540788 #9588] INFO -- : Redaction for node 314407165 v1 hidden
I, [2012-07-16T11:17:20.613472 #9590] INFO -- : Redaction for node 251872287 v3 visible
I, [2012-07-16T11:17:20.627707 #9588] INFO -- : Redaction for node 314407165 v2 visible
I, [2012-07-16T11:17:20.700308 #9590] INFO -- : Redaction for node 251872287 v4 visible
I, [2012-07-16T11:17:20.714933 #9588] INFO -- : Redaction for node 314407165 v3 visible
I, [2012-07-16T11:17:20.798841 #9588] INFO -- : Redaction for node 254969834 v2 hidden
I, [2012-07-16T11:17:20.891442 #9588] INFO -- : Redaction for node 254969834 v3 visible
I, [2012-07-16T11:17:20.978187 #9588] INFO -- : Redaction for node 254969834 v4 visible
I, [2012-07-16T11:17:21.079315 #9588] INFO -- : Redaction for node 254969834 v5 visible
I, [2012-07-16T11:17:21.125101 #9590] INFO -- : Redaction for node 251872288 v1 hidden
I, [2012-07-16T11:17:21.192754 #9588] INFO -- : Redaction for node 314407164 v1 hidden
I, [2012-07-16T11:17:21.216654 #9590] INFO -- : Redaction for node 251872288 v2 visible
I, [2012-07-16T11:17:21.286695 #9588] INFO -- : Redaction for node 314407164 v2 visible
I, [2012-07-16T11:17:21.307872 #9590] INFO -- : Redaction for node 251872288 v3 visible
I, [2012-07-16T11:17:21.377834 #9588] INFO -- : Redaction for node 314407164 v3 visible
I, [2012-07-16T11:17:21.477366 #9588] INFO -- : Redaction for node 142508238 v1 hidden
I, [2012-07-16T11:17:21.580268 #9588] INFO -- : Redaction for node 142508238 v2 visible
I, [2012-07-16T11:17:21.676697 #9588] INFO -- : Redaction for node 306406559 v1 hidden
I, [2012-07-16T11:17:21.769114 #9588] INFO -- : Redaction for node 306406559 v2 visible
I, [2012-07-16T11:17:21.857482 #9588] INFO -- : Redaction for node 306406559 v3 visible
I, [2012-07-16T11:17:21.947528 #9588] INFO -- : Redaction for node 314407162 v1 hidden
I, [2012-07-16T11:17:22.027856 #9588] INFO -- : Redaction for node 314407162 v2 visible
I, [2012-07-16T11:17:26.426382 #9590] INFO -- : Redaction for node 251872288 v4 visible
I, [2012-07-16T11:17:26.773717 #9590] INFO -- : Redaction for node 251872289 v1 hidden
I, [2012-07-16T11:17:26.868233 #9590] INFO -- : Redaction for node 251872289 v2 visible
I, [2012-07-16T11:17:26.971683 #9590] INFO -- : Redaction for node 251872289 v3 visible
I, [2012-07-16T11:17:27.066166 #9590] INFO -- : Redaction for node 251872289 v4 visible
I, [2012-07-16T11:17:27.115758 #9588] INFO -- : Redaction for node 314407162 v3 visible
I, [2012-07-16T11:17:27.177836 #9590] INFO -- : Redaction for node 251872660 v1 hidden
I, [2012-07-16T11:17:27.208211 #9588] INFO -- : Redaction for node 314407160 v1 hidden
I, [2012-07-16T11:17:27.269669 #9590] INFO -- : Redaction for node 251872290 v1 hidden
I, [2012-07-16T11:17:27.356470 #9590] INFO -- : Redaction for node 251872290 v2 visible
I, [2012-07-16T11:17:27.441019 #9590] INFO -- : Redaction for node 251872290 v3 visible
I, [2012-07-16T11:17:27.564357 #9590] INFO -- : Redaction for node 251872290 v4 visible
I, [2012-07-16T11:17:27.615315 #9588] INFO -- : Redaction for node 314407160 v2 visible
I, [2012-07-16T11:17:27.648185 #9590] INFO -- : Redaction for node 251872291 v1 hidden
I, [2012-07-16T11:17:27.717391 #9588] INFO -- : Redaction for node 314407160 v3 visible
I, [2012-07-16T11:17:27.746679 #9590] INFO -- : Redaction for node 251872291 v2 visible
I, [2012-07-16T11:17:28.172870 #9588] INFO -- : Redaction for node 314407159 v1 hidden
I, [2012-07-16T11:17:28.259668 #9588] INFO -- : Redaction for node 314407159 v2 visible
I, [2012-07-16T11:17:28.354567 #9588] INFO -- : Redaction for node 314407159 v3 visible
I, [2012-07-16T11:17:28.440122 #9588] INFO -- : Redaction for node 306406558 v1 hidden
I, [2012-07-16T11:17:28.536363 #9588] INFO -- : Redaction for node 306406558 v2 visible
I, [2012-07-16T11:17:28.619744 #9588] INFO -- : Redaction for node 306406558 v3 visible
I, [2012-07-16T11:17:28.698824 #9588] INFO -- : Redaction for node 314407156 v1 hidden
I, [2012-07-16T11:17:28.777820 #9588] INFO -- : Redaction for node 314407156 v2 visible
I, [2012-07-16T11:17:28.862165 #9588] INFO -- : Redaction for node 314407156 v3 visible
I, [2012-07-16T11:17:28.944991 #9588] INFO -- : Redaction for node 306406052 v1 hidden
I, [2012-07-16T11:17:29.031100 #9588] INFO -- : Redaction for node 306406052 v2 visible
I, [2012-07-16T11:17:29.119054 #9588] INFO -- : Redaction for node 306406052 v3 visible
I, [2012-07-16T11:17:32.833147 #9590] INFO -- : Redaction for node 251872291 v3 visible
I, [2012-07-16T11:17:32.926500 #9590] INFO -- : Redaction for node 251872291 v4 visible
I, [2012-07-16T11:17:33.018262 #9590] INFO -- : Redaction for node 251872292 v1 hidden
I, [2012-07-16T11:17:33.126114 #9590] INFO -- : Redaction for node 251872292 v2 visible
I, [2012-07-16T11:17:33.210401 #9590] INFO -- : Redaction for node 251872292 v3 visible
I, [2012-07-16T11:17:33.322971 #9590] INFO -- : Redaction for node 251872292 v4 visible
I, [2012-07-16T11:17:33.445635 #9590] INFO -- : Redaction for node 48690012 v2 hidden
I, [2012-07-16T11:17:33.540593 #9590] INFO -- : Redaction for node 251872036 v1 hidden
I, [2012-07-16T11:17:33.659066 #9590] INFO -- : Redaction for node 251872037 v1 hidden
I, [2012-07-16T11:17:33.743315 #9590] INFO -- : Redaction for node 251872038 v1 hidden
I, [2012-07-16T11:17:33.840598 #9590] INFO -- : Redaction for node 251872039 v1 hidden
I, [2012-07-16T11:17:33.939226 #9590] INFO -- : Redaction for node 251872040 v1 hidden
I, [2012-07-16T11:17:34.028399 #9590] INFO -- : Redaction for node 251872041 v1 hidden
I, [2012-07-16T11:17:34.210950 #9588] INFO -- : Redaction for node 142508240 v1 hidden
I, [2012-07-16T11:17:34.301453 #9588] INFO -- : Redaction for node 142508240 v2 visible
I, [2012-07-16T11:17:34.389717 #9588] INFO -- : Redaction for node 314407153 v1 hidden
I, [2012-07-16T11:17:34.475465 #9588] INFO -- : Redaction for node 314407153 v2 visible
I, [2012-07-16T11:17:34.561694 #9588] INFO -- : Redaction for node 314407153 v3 visible
I, [2012-07-16T11:17:34.660452 #9588] INFO -- : Redaction for node 142508241 v1 hidden
I, [2012-07-16T11:17:34.744454 #9588] INFO -- : Redaction for node 142508241 v2 visible
I, [2012-07-16T11:17:34.827341 #9588] INFO -- : Redaction for node 306406556 v1 hidden
I, [2012-07-16T11:17:34.934470 #9588] INFO -- : Redaction for node 306406556 v2 visible
I, [2012-07-16T11:17:35.015973 #9588] INFO -- : Redaction for node 306406556 v3 visible
I, [2012-07-16T11:17:35.097803 #9588] INFO -- : Redaction for node 314407151 v1 hidden
I, [2012-07-16T11:17:35.179670 #9588] INFO -- : Redaction for node 314407151 v2 visible
I, [2012-07-16T11:17:35.267858 #9588] INFO -- : Redaction for node 314407151 v3 visible
I, [2012-07-16T11:17:35.360659 #9588] INFO -- : Redaction for node 306406555 v1 hidden
I, [2012-07-16T11:17:35.452389 #9588] INFO -- : Redaction for node 306406555 v2 visible
I, [2012-07-16T11:17:35.542369 #9588] INFO -- : Redaction for node 306406555 v3 visible
I, [2012-07-16T11:17:35.631504 #9588] INFO -- : Redaction for node 314407149 v1 hidden
I, [2012-07-16T11:17:35.711954 #9588] INFO -- : Redaction for node 314407149 v2 visible
I, [2012-07-16T11:17:35.797033 #9588] INFO -- : Redaction for node 314407149 v3 visible
I, [2012-07-16T11:17:35.883310 #9588] INFO -- : Redaction for node 314407147 v1 hidden
I, [2012-07-16T11:17:35.961893 #9588] INFO -- : Redaction for node 314407147 v2 visible
I, [2012-07-16T11:17:36.043837 #9588] INFO -- : Redaction for node 314407147 v3 visible
I, [2012-07-16T11:17:36.128828 #9588] INFO -- : Redaction for node 314407146 v1 hidden
I, [2012-07-16T11:17:36.215450 #9588] INFO -- : Redaction for node 314407146 v2 visible
I, [2012-07-16T11:17:36.300002 #9588] INFO -- : Redaction for node 314407146 v3 visible
I, [2012-07-16T11:17:36.625342 #9588] INFO -- : Redaction for node 314407143 v1 hidden
I, [2012-07-16T11:17:36.710020 #9588] INFO -- : Redaction for node 314407143 v2 visible
I, [2012-07-16T11:17:36.802741 #9588] INFO -- : Redaction for node 314407143 v3 visible
I, [2012-07-16T11:17:36.890609 #9588] INFO -- : Redaction for node 306406553 v1 hidden
I, [2012-07-16T11:17:36.983560 #9588] INFO -- : Redaction for node 306406553 v2 visible
I, [2012-07-16T11:17:37.073959 #9588] INFO -- : Redaction for node 306406553 v3 visible
I, [2012-07-16T11:17:37.157628 #9588] INFO -- : Redaction for node 306406552 v1 hidden
I, [2012-07-16T11:17:37.246770 #9588] INFO -- : Redaction for node 306406552 v2 visible
I, [2012-07-16T11:17:37.335435 #9588] INFO -- : Redaction for node 306406552 v3 visible
I, [2012-07-16T11:17:37.421028 #9588] INFO -- : Redaction for node 306406551 v1 hidden
I, [2012-07-16T11:17:37.505113 #9588] INFO -- : Redaction for node 306406551 v2 visible
I, [2012-07-16T11:17:37.591117 #9588] INFO -- : Redaction for node 306406551 v3 visible
I, [2012-07-16T11:17:37.683698 #9588] INFO -- : Redaction for node 314407141 v1 hidden
I, [2012-07-16T11:17:37.768013 #9588] INFO -- : Redaction for node 314407141 v2 visible
I, [2012-07-16T11:17:38.091269 #9588] INFO -- : Redaction for node 314407141 v3 visible
I, [2012-07-16T11:17:38.175065 #9588] INFO -- : Redaction for node 314407139 v1 hidden
I, [2012-07-16T11:17:38.265556 #9588] INFO -- : Redaction for node 314407139 v2 visible
I, [2012-07-16T11:17:38.356492 #9588] INFO -- : Redaction for node 314407139 v3 visible
I, [2012-07-16T11:17:38.440235 #9588] INFO -- : Redaction for node 314407132 v1 hidden
I, [2012-07-16T11:17:38.521773 #9588] INFO -- : Redaction for node 314407132 v2 visible
I, [2012-07-16T11:17:38.603658 #9588] INFO -- : Redaction for node 314407132 v3 visible
I, [2012-07-16T11:17:38.686291 #9588] INFO -- : Redaction for node 306406550 v1 hidden
I, [2012-07-16T11:17:38.779541 #9588] INFO -- : Redaction for node 306406550 v2 visible
I, [2012-07-16T11:17:38.864304 #9588] INFO -- : Redaction for node 306406550 v3 visible
I, [2012-07-16T11:17:39.202549 #9588] INFO -- : Redaction for node 306405827 v1 hidden
I, [2012-07-16T11:17:39.286932 #9588] INFO -- : Redaction for node 314407128 v1 hidden
I, [2012-07-16T11:17:39.372740 #9588] INFO -- : Redaction for node 314407128 v2 visible
I, [2012-07-16T11:17:39.386485 #9590] INFO -- : Redaction for node 251872042 v1 hidden
I, [2012-07-16T11:17:39.453387 #9588] INFO -- : Redaction for node 314407128 v3 visible
I, [2012-07-16T11:17:39.474496 #9590] INFO -- : Redaction for node 251872043 v1 hidden
I, [2012-07-16T11:17:39.540165 #9588] INFO -- : Redaction for node 314407125 v1 hidden
I, [2012-07-16T11:17:39.560339 #9590] INFO -- : Redaction for node 251872044 v1 hidden
I, [2012-07-16T11:17:39.623070 #9588] INFO -- : Redaction for node 314407125 v2 visible
I, [2012-07-16T11:17:39.647875 #9590] INFO -- : Redaction for node 251872045 v1 hidden
I, [2012-07-16T11:17:39.719067 #9588] INFO -- : Redaction for node 314407125 v3 visible
I, [2012-07-16T11:17:39.741563 #9590] INFO -- : Redaction for node 251872046 v1 hidden
I, [2012-07-16T11:17:39.799988 #9588] INFO -- : Redaction for node 306406549 v1 hidden
I, [2012-07-16T11:17:39.864092 #9590] INFO -- : Redaction for node 251872047 v1 hidden
I, [2012-07-16T11:17:39.913868 #9588] INFO -- : Redaction for node 306406549 v2 visible
I, [2012-07-16T11:17:39.994210 #9590] INFO -- : Redaction for node 251872048 v1 hidden
I, [2012-07-16T11:17:40.163742 #9590] INFO -- : Redaction for node 251872049 v1 hidden
I, [2012-07-16T11:17:40.300546 #9590] INFO -- : Redaction for node 251872050 v1 hidden
I, [2012-07-16T11:17:40.443908 #9590] INFO -- : Redaction for node 251872051 v1 hidden
I, [2012-07-16T11:17:40.551881 #9588] INFO -- : Redaction for node 306406549 v3 visible
I, [2012-07-16T11:17:40.602970 #9590] INFO -- : Redaction for node 251872052 v1 hidden
I, [2012-07-16T11:17:40.677050 #9588] INFO -- : Redaction for node 306406549 v4 visible
I, [2012-07-16T11:17:40.730877 #9590] INFO -- : Redaction for node 251872053 v1 hidden
I, [2012-07-16T11:17:40.810591 #9588] INFO -- : Redaction for node 306406051 v1 hidden
I, [2012-07-16T11:17:40.817196 #9590] INFO -- : Redaction for node 251872054 v1 hidden
I, [2012-07-16T11:17:40.932354 #9590] INFO -- : Redaction for node 251872055 v1 hidden
I, [2012-07-16T11:17:40.933657 #9588] INFO -- : Redaction for node 306406051 v2 visible
I, [2012-07-16T11:17:41.032453 #9590] INFO -- : Redaction for node 251872056 v1 hidden
I, [2012-07-16T11:17:41.032770 #9588] INFO -- : Redaction for node 306406051 v3 visible
I, [2012-07-16T11:17:41.123783 #9590] INFO -- : Redaction for node 251872057 v1 hidden
I, [2012-07-16T11:17:41.125299 #9588] INFO -- : Redaction for node 314407124 v1 hidden
I, [2012-07-16T11:17:41.232516 #9588] INFO -- : Redaction for node 314407124 v2 visible
I, [2012-07-16T11:17:41.234536 #9590] INFO -- : Redaction for node 251872058 v1 hidden
I, [2012-07-16T11:17:41.322794 #9590] INFO -- : Redaction for node 251872059 v1 hidden
I, [2012-07-16T11:17:41.688838 #9588] INFO -- : Redaction for node 314407124 v3 visible
I, [2012-07-16T11:17:46.413378 #9590] INFO -- : Redaction for node 251872060 v1 hidden
I, [2012-07-16T11:17:46.502643 #9590] INFO -- : Redaction for node 251872061 v1 hidden
I, [2012-07-16T11:17:46.592514 #9590] INFO -- : Redaction for node 251872062 v1 hidden
I, [2012-07-16T11:17:46.679216 #9590] INFO -- : Redaction for node 251872063 v1 hidden
I, [2012-07-16T11:17:46.784414 #9588] INFO -- : Redaction for node 142508243 v1 hidden
I, [2012-07-16T11:17:46.788589 #9590] INFO -- : Redaction for node 251872064 v1 hidden
I, [2012-07-16T11:17:46.865361 #9588] INFO -- : Redaction for node 142508243 v2 visible
I, [2012-07-16T11:17:46.913953 #9590] INFO -- : Redaction for node 251872065 v1 hidden
I, [2012-07-16T11:17:46.950891 #9588] INFO -- : Redaction for node 314407122 v1 hidden
I, [2012-07-16T11:17:47.086955 #9588] INFO -- : Redaction for node 314407122 v2 visible
I, [2012-07-16T11:17:47.202369 #9588] INFO -- : Redaction for node 314407122 v3 visible
I, [2012-07-16T11:17:47.302953 #9588] INFO -- : Redaction for node 314407119 v1 hidden
I, [2012-07-16T11:17:47.430989 #9588] INFO -- : Redaction for node 314407119 v2 visible
I, [2012-07-16T11:17:47.585431 #9588] INFO -- : Redaction for node 314407119 v3 visible
I, [2012-07-16T11:17:47.702679 #9588] INFO -- : Redaction for node 33565097 v1 hidden
I, [2012-07-16T11:17:48.010750 #9588] INFO -- : Redaction for node 33565097 v2 visible
I, [2012-07-16T11:17:52.004199 #9590] INFO -- : Redaction for node 251872066 v1 hidden
I, [2012-07-16T11:17:52.092490 #9590] INFO -- : Redaction for node 251872067 v1 hidden
I, [2012-07-16T11:17:52.504578 #9590] INFO -- : Redaction for node 251872068 v1 hidden
I, [2012-07-16T11:17:52.591251 #9590] INFO -- : Redaction for node 251872069 v1 hidden
I, [2012-07-16T11:17:52.677664 #9590] INFO -- : Redaction for node 251872070 v1 hidden
I, [2012-07-16T11:17:52.767988 #9590] INFO -- : Redaction for node 251872071 v1 hidden
I, [2012-07-16T11:17:52.849861 #9590] INFO -- : Redaction for node 251872072 v1 hidden
I, [2012-07-16T11:17:53.124746 #9588] INFO -- : Redaction for node 314407118 v1 hidden
I, [2012-07-16T11:17:53.203072 #9590] INFO -- : Redaction for node 251872073 v1 hidden
I, [2012-07-16T11:17:53.276500 #9588] INFO -- : Redaction for node 314407118 v2 visible
I, [2012-07-16T11:17:53.285768 #9590] INFO -- : Redaction for node 251872074 v1 hidden
I, [2012-07-16T11:17:53.424299 #9588] INFO -- : Redaction for node 314407118 v3 visible
I, [2012-07-16T11:17:53.438683 #9590] INFO -- : Redaction for node 251872075 v1 hidden
I, [2012-07-16T11:17:53.559223 #9588] INFO -- : Redaction for node 142508248 v1 hidden
I, [2012-07-16T11:17:53.592272 #9590] INFO -- : Redaction for node 251872076 v1 hidden
I, [2012-07-16T11:17:53.704390 #9588] INFO -- : Redaction for node 314407116 v1 hidden
I, [2012-07-16T11:17:53.716784 #9590] INFO -- : Redaction for node 251872077 v1 hidden
I, [2012-07-16T11:17:53.789214 #9588] INFO -- : Redaction for node 314407116 v2 visible
I, [2012-07-16T11:17:53.948241 #9588] INFO -- : Redaction for node 314407116 v3 visible
I, [2012-07-16T11:17:54.052341 #9588] INFO -- : Redaction for node 314407114 v1 hidden
I, [2012-07-16T11:17:54.132904 #9588] INFO -- : Redaction for node 314407114 v2 visible
I, [2012-07-16T11:17:54.216151 #9588] INFO -- : Redaction for node 314407114 v3 visible
I, [2012-07-16T11:17:54.296716 #9588] INFO -- : Redaction for node 314407108 v1 hidden
I, [2012-07-16T11:17:54.390832 #9588] INFO -- : Redaction for node 314407108 v2 visible
I, [2012-07-16T11:17:58.803210 #9590] INFO -- : Redaction for node 251872078 v1 hidden
I, [2012-07-16T11:17:58.901339 #9590] INFO -- : Redaction for node 251872079 v1 hidden
I, [2012-07-16T11:17:59.002520 #9590] INFO -- : Redaction for node 251872080 v1 hidden
I, [2012-07-16T11:17:59.095128 #9590] INFO -- : Redaction for node 251872081 v1 hidden
I, [2012-07-16T11:17:59.182057 #9590] INFO -- : Redaction for node 251872082 v1 hidden
I, [2012-07-16T11:17:59.271896 #9590] INFO -- : Redaction for node 251872083 v1 hidden
I, [2012-07-16T11:17:59.360828 #9590] INFO -- : Redaction for node 251872084 v1 hidden
I, [2012-07-16T11:17:59.448309 #9590] INFO -- : Redaction for node 251872085 v1 hidden
I, [2012-07-16T11:17:59.508900 #9588] INFO -- : Redaction for node 314407108 v3 visible
I, [2012-07-16T11:17:59.566354 #9590] INFO -- : Redaction for node 251872086 v1 hidden
I, [2012-07-16T11:17:59.600325 #9588] INFO -- : Redaction for node 314407105 v1 hidden
I, [2012-07-16T11:17:59.667359 #9590] INFO -- : Redaction for node 251872087 v1 hidden
I, [2012-07-16T11:17:59.697264 #9588] INFO -- : Redaction for node 314407105 v2 visible
I, [2012-07-16T11:17:59.761372 #9590] INFO -- : Redaction for node 251872088 v1 hidden
I, [2012-07-16T11:17:59.797010 #9588] INFO -- : Redaction for node 314407105 v3 visible
I, [2012-07-16T11:17:59.906063 #9588] INFO -- : Redaction for node 314407112 v1 hidden
I, [2012-07-16T11:17:59.916613 #9590] INFO -- : Redaction for node 251872089 v1 hidden
I, [2012-07-16T11:18:00.025054 #9588] INFO -- : Redaction for node 314407112 v2 visible
I, [2012-07-16T11:18:00.046450 #9590] INFO -- : Redaction for node 251872090 v1 hidden
I, [2012-07-16T11:18:00.154975 #9590] INFO -- : Redaction for node 251871895 v1 hidden
I, [2012-07-16T11:18:00.168742 #9588] INFO -- : Redaction for node 314407112 v3 visible
I, [2012-07-16T11:18:00.298962 #9588] INFO -- : Redaction for node 314407110 v1 hidden
I, [2012-07-16T11:18:00.407170 #9588] INFO -- : Redaction for node 314407110 v2 visible
I, [2012-07-16T11:18:00.527290 #9588] INFO -- : Redaction for node 314407110 v3 visible
I, [2012-07-16T11:18:00.626144 #9588] INFO -- : Redaction for node 314407104 v1 hidden
I, [2012-07-16T11:18:00.673918 #9590] INFO -- : Redaction for node 251871897 v1 hidden
I, [2012-07-16T11:18:00.712376 #9588] INFO -- : Redaction for node 314407104 v2 visible
I, [2012-07-16T11:18:00.764481 #9590] INFO -- : Redaction for node 251871898 v1 hidden
I, [2012-07-16T11:18:00.848773 #9590] INFO -- : Redaction for node 251871899 v1 hidden
I, [2012-07-16T11:18:00.958156 #9590] INFO -- : Redaction for node 251871900 v1 hidden
I, [2012-07-16T11:18:01.042436 #9590] INFO -- : Redaction for node 251871901 v1 hidden
I, [2012-07-16T11:18:01.077695 #9588] INFO -- : Redaction for node 314407104 v3 visible
I, [2012-07-16T11:18:01.125107 #9590] INFO -- : Redaction for node 251871902 v1 hidden
I, [2012-07-16T11:18:01.159966 #9588] INFO -- : Redaction for node 314407102 v1 hidden
I, [2012-07-16T11:18:01.216874 #9590] INFO -- : Redaction for node 251871903 v1 hidden
I, [2012-07-16T11:18:01.243500 #9588] INFO -- : Redaction for node 314407102 v2 visible
I, [2012-07-16T11:18:01.303074 #9590] INFO -- : Redaction for node 251871904 v1 hidden
I, [2012-07-16T11:18:01.389747 #9590] INFO -- : Redaction for node 251871905 v1 hidden
I, [2012-07-16T11:18:01.473692 #9590] INFO -- : Redaction for node 251871906 v1 hidden
I, [2012-07-16T11:18:01.557384 #9590] INFO -- : Redaction for node 251871807 v1 hidden
I, [2012-07-16T11:18:01.641116 #9590] INFO -- : Redaction for node 251871808 v1 hidden
I, [2012-07-16T11:18:01.724576 #9590] INFO -- : Redaction for node 251871815 v1 hidden
I, [2012-07-16T11:18:01.803744 #9590] INFO -- : Redaction for node 251871814 v1 hidden
I, [2012-07-16T11:18:01.884252 #9590] INFO -- : Redaction for node 251871809 v1 hidden
I, [2012-07-16T11:18:02.248369 #9590] INFO -- : Redaction for node 251871816 v1 hidden
I, [2012-07-16T11:18:02.337767 #9590] INFO -- : Redaction for node 251871813 v1 hidden
I, [2012-07-16T11:18:02.421458 #9590] INFO -- : Redaction for node 251871817 v1 hidden
I, [2012-07-16T11:18:02.505383 #9590] INFO -- : Redaction for node 251871810 v1 hidden
I, [2012-07-16T11:18:02.587690 #9590] INFO -- : Redaction for node 251871812 v1 hidden
I, [2012-07-16T11:18:02.675635 #9590] INFO -- : Redaction for node 251871811 v1 hidden
I, [2012-07-16T11:18:02.757023 #9590] INFO -- : Redaction for node 251871818 v1 hidden
I, [2012-07-16T11:18:02.837282 #9590] INFO -- : Redaction for node 251871819 v1 hidden
I, [2012-07-16T11:18:02.928464 #9590] INFO -- : Redaction for node 251871820 v1 hidden
I, [2012-07-16T11:18:03.010260 #9590] INFO -- : Redaction for node 251871821 v1 hidden
I, [2012-07-16T11:18:03.109378 #9590] INFO -- : Redaction for node 251871822 v1 hidden
I, [2012-07-16T11:18:03.199925 #9590] INFO -- : Redaction for node 251871823 v1 hidden
I, [2012-07-16T11:18:03.288503 #9590] INFO -- : Redaction for node 59768206 v2 hidden
I, [2012-07-16T11:18:03.391111 #9590] INFO -- : Redaction for node 59768206 v3 visible
I, [2012-07-16T11:18:03.502279 #9590] INFO -- : Redaction for node 59715953 v2 hidden
I, [2012-07-16T11:18:03.582660 #9590] INFO -- : Redaction for node 59768205 v2 hidden
I, [2012-07-16T11:18:03.668653 #9590] INFO -- : Redaction for node 59768205 v3 visible
I, [2012-07-16T11:18:03.758206 #9590] INFO -- : Redaction for node 59768207 v2 hidden
I, [2012-07-16T11:18:03.843286 #9590] INFO -- : Redaction for way 23274510 v1 hidden
I, [2012-07-16T11:18:03.948035 #9590] INFO -- : Redaction for way 23274510 v2 hidden
I, [2012-07-16T11:18:04.030633 #9590] INFO -- : Redaction for way 23274510 v3 visible
I, [2012-07-16T11:18:04.140060 #9590] INFO -- : Redaction for way 23274510 v4 visible
I, [2012-07-16T11:18:04.253361 #9590] INFO -- : Redaction for way 23274510 v5 visible
I, [2012-07-16T11:18:04.594987 #9590] INFO -- : Redaction for way 23274380 v1 hidden
I, [2012-07-16T11:18:04.973094 #9590] INFO -- : Redaction for way 23274380 v2 visible
I, [2012-07-16T11:18:05.071784 #9590] INFO -- : Redaction for way 23274380 v3 visible
I, [2012-07-16T11:18:05.187696 #9590] INFO -- : Redaction for way 23274380 v4 visible
I, [2012-07-16T11:18:05.289520 #9590] INFO -- : Redaction for way 23274380 v5 visible
I, [2012-07-16T11:18:05.399442 #9590] INFO -- : Redaction for way 23274503 v1 hidden
I, [2012-07-16T11:18:05.488383 #9590] INFO -- : Redaction for way 23274503 v2 hidden
I, [2012-07-16T11:18:05.579086 #9590] INFO -- : Redaction for way 23274503 v3 hidden
I, [2012-07-16T11:18:05.666447 #9590] INFO -- : Redaction for way 23274503 v4 hidden
I, [2012-07-16T11:18:05.753438 #9590] INFO -- : Redaction for way 23274503 v5 visible
I, [2012-07-16T11:18:05.837685 #9590] INFO -- : Redaction for way 23274503 v6 visible
I, [2012-07-16T11:18:05.945464 #9590] INFO -- : Redaction for way 23274381 v1 hidden
I, [2012-07-16T11:18:06.331258 #9588] INFO -- : Redaction for node 314407102 v3 visible
I, [2012-07-16T11:18:06.414548 #9588] INFO -- : Redaction for node 314407098 v1 hidden
I, [2012-07-16T11:18:06.422912 #9590] INFO -- : Redaction for way 23274381 v2 visible
I, [2012-07-16T11:18:06.556415 #9588] INFO -- : Redaction for node 314407098 v2 visible
I, [2012-07-16T11:18:06.603942 #9590] INFO -- : Redaction for way 5664817 v5 hidden
I, [2012-07-16T11:18:06.694566 #9588] INFO -- : Redaction for node 314407098 v3 visible
I, [2012-07-16T11:18:06.789321 #9588] INFO -- : Redaction for node 314407098 v4 visible
I, [2012-07-16T11:18:06.897146 #9588] INFO -- : Redaction for node 142508246 v1 hidden
I, [2012-07-16T11:18:07.276221 #9588] INFO -- : Redaction for node 142508246 v2 visible
I, [2012-07-16T11:18:07.364170 #9588] INFO -- : Redaction for node 142508249 v1 hidden
I, [2012-07-16T11:18:07.446329 #9588] INFO -- : Redaction for node 142508249 v2 visible
I, [2012-07-16T11:18:07.529826 #9588] INFO -- : Redaction for node 142508264 v1 hidden
I, [2012-07-16T11:18:11.699176 #9590] INFO -- : Redaction for way 5664817 v6 hidden
I, [2012-07-16T11:18:11.792236 #9590] INFO -- : Redaction for way 5664817 v7 hidden
I, [2012-07-16T11:18:11.902071 #9590] INFO -- : Redaction for way 23274337 v1 hidden
I, [2012-07-16T11:18:12.265220 #9590] INFO -- : Redaction for way 23274337 v2 hidden
I, [2012-07-16T11:18:12.356502 #9590] INFO -- : Redaction for way 23274337 v3 hidden
I, [2012-07-16T11:18:12.458046 #9590] INFO -- : Redaction for way 23274337 v4 visible
I, [2012-07-16T11:18:12.626612 #9588] INFO -- : Redaction for node 142508264 v2 visible
I, [2012-07-16T11:18:12.700799 #9588] INFO -- : Redaction for node 142508244 v1 hidden
I, [2012-07-16T11:18:12.809097 #9588] INFO -- : Redaction for node 142508244 v2 visible
I, [2012-07-16T11:18:17.550377 #9590] INFO -- : Redaction for way 23274337 v5 visible
I, [2012-07-16T11:18:17.642238 #9590] INFO -- : Redaction for way 23274337 v6 visible
I, [2012-07-16T11:18:17.744368 #9590] INFO -- : Redaction for way 23274337 v7 visible
I, [2012-07-16T11:18:17.836211 #9590] INFO -- : Redaction for way 23274337 v8 visible
D, [2012-07-16T11:18:17.951867 #9590] DEBUG -- : Marking entities succeeded: 308 / 6 / 0
D, [2012-07-16T11:18:17.952094 #9590] DEBUG -- : Nodes: 39284128,39284150,39284463,39284467,39284439,39284434,39284451,39284446,39284421,39284428,39284422,39284393,39284407,39284532,39284536,39284507,36126198,39284657,39284663,39284674,36126185,36126183,39284679,251875104,251875105,251875106,251875107,251875108,251874751,251875109,36126156,251875110,251874752,251874753,251874755,251874754,251874756,251874757,251874758,251874759,251872652,251874760,251872653,48161436,48153923,251872654,251874762,48161278,48153922,48153911,251872655,48161268,48153929,251872656,251874763,251872275,251874765,48164675,251872276,251874766,251872297,251872277,48161306,48153919,251872296,251874767,251874768,251874769,251874423,251872278,251872295,251874425,251872279,251872280,251872294,251872281,251872282,251872657,251872283,251872284,251872658,251872285,251872659,251872286,251872287,251872288,251872289,251872660,251872290,251872291,251872292,48690012,251872036,251872037,251872038,251872039,251872040,251872041,251872042,251872043,251872044,251872045,251872046,251872047,36126133,251872048,251872049,251872050,251872051,36126124,251872052,251872053,251872054,48690015,251872055,251872056,251872057,251872058,251872059,251872060,251872061,251872062,251872063,251872064,251872065,251872066,251872067,251872068,48690016,251872069,36126105,251872070,251872071,251872072,251872073,48690019,251872074,251872075,251872076,251872077,251872078,36126087,251872079,251872080,251872081,48690020,251872082,251872083,39284692,251872084,36126076,251872085,36126074,251872086,251872087,251872088,48690021,251872089,251872090,251871895,251871897,48690024,251871898,251871899,251871900,251871901,251871902,251871903,251871904,48690027,36126053,251871905,36126051,36126049,36126045,251871906,251871807,36126043,48690030,36126039,251871808,36126036,251871815,251871814,251871809,251871816,251871813,251871817,36126033,251871810,251871812,251871811,251871818,48690031,251871819,36126030,251871820,36126023,251871821,36126021,36126019,36126017,251871822,251871823,48690035,36126015,36126013,36126011,59768206,36126009,59715953,36126007,1287844840,59768205,36126003,48690037,36126000,1287844901,36125998,1287844855,36125996,1287844880,1287844952,1287844879,36125994,1287844863,1287844900,36125992,36125990,1287844940,1287844922,36125988,36125986,1287844890,36125984,48690040,1287844853,1287844888,36125981,36125979,1287844852,36125977,36125975,36125973,36125970,36125967,48687149,39284699,48687151,48687155,36125965,36125963,48687156,36125961,36125958,48687157,36125956,36125954,48687159,36125952,36125950,48687162,36125948,36125946,36125942,36125940,1423178833,36125938,59644543,59644549,59644548,59644545,59644547,59644550,36125936,59644551,48687163,36125934,59768207,59644552,36125932,59644553,36125930,48684096,59644556,59644554,48682933,48682936,59644555,59644558,48682942,48682930,59644557,48682922,48682947,48682960,48682955,48682916,48682892,48682903,48682896,48682883,36125927,48682873,48682867,48682859,48682852,48682847
D, [2012-07-16T11:18:17.952148 #9590] DEBUG -- : Ways: 23274510,23274380,23274503,23274381,5664817,23274337
D, [2012-07-16T11:18:17.952178 #9590] DEBUG -- : Relations:
D, [2012-07-16T11:18:17.972676 #9590] DEBUG -- : 3 areas remaining
I, [2012-07-16T11:18:17.972795 #9590] INFO -- : Processing {:minlat=>46.25, :maxlat=>46.375, :minlon=>15.5, :maxlon=>15.5625}
D, [2012-07-16T11:18:18.021428 #9590] DEBUG -- : Processing Entities: 123 / 0 / 0
I, [2012-07-16T11:18:18.321285 #9588] INFO -- : Redaction for node 142508244 v3 visible
I, [2012-07-16T11:18:18.422241 #9588] INFO -- : Redaction for node 142508245 v1 hidden
I, [2012-07-16T11:18:18.541721 #9588] INFO -- : Redaction for node 142508245 v2 visible
D, [2012-07-16T11:18:18.648463 #9590] DEBUG -- : No changeset to apply
I, [2012-07-16T11:18:18.648594 #9590] INFO -- : Redaction for node 251872613 v1 hidden
I, [2012-07-16T11:18:18.681107 #9588] INFO -- : Redaction for node 142508263 v1 hidden
I, [2012-07-16T11:18:18.788072 #9590] INFO -- : Redaction for node 251872614 v1 hidden
I, [2012-07-16T11:18:18.954211 #9590] INFO -- : Redaction for node 251872615 v1 hidden
I, [2012-07-16T11:18:19.095283 #9590] INFO -- : Redaction for node 251872616 v1 hidden
I, [2012-07-16T11:18:19.240953 #9590] INFO -- : Redaction for node 251872617 v1 hidden
I, [2012-07-16T11:18:19.362159 #9590] INFO -- : Redaction for node 251872618 v1 hidden
I, [2012-07-16T11:18:19.369455 #9588] INFO -- : Redaction for node 142508263 v2 visible
I, [2012-07-16T11:18:19.486366 #9590] INFO -- : Redaction for node 251872619 v1 hidden
I, [2012-07-16T11:18:19.492093 #9588] INFO -- : Redaction for node 142508262 v1 hidden
I, [2012-07-16T11:18:19.628326 #9588] INFO -- : Redaction for node 142508262 v2 visible
I, [2012-07-16T11:18:19.641595 #9590] INFO -- : Redaction for node 251872620 v1 hidden
I, [2012-07-16T11:18:19.717621 #9588] INFO -- : Redaction for node 142508250 v1 hidden
I, [2012-07-16T11:18:19.759058 #9590] INFO -- : Redaction for node 251872621 v1 hidden
I, [2012-07-16T11:18:19.848837 #9588] INFO -- : Redaction for node 142508250 v2 visible
I, [2012-07-16T11:18:19.861467 #9590] INFO -- : Redaction for node 251872632 v1 hidden
I, [2012-07-16T11:18:19.961566 #9590] INFO -- : Redaction for node 251872633 v1 hidden
I, [2012-07-16T11:18:20.056345 #9590] INFO -- : Redaction for node 251872622 v1 hidden
I, [2012-07-16T11:18:20.138942 #9590] INFO -- : Redaction for node 251872623 v1 hidden
I, [2012-07-16T11:18:24.937276 #9588] INFO -- : Redaction for node 142508261 v1 hidden
I, [2012-07-16T11:18:25.020397 #9588] INFO -- : Redaction for node 142508261 v2 visible
I, [2012-07-16T11:18:25.107428 #9588] INFO -- : Redaction for node 33565101 v1 hidden
I, [2012-07-16T11:18:25.219173 #9588] INFO -- : Redaction for node 33565101 v2 visible
I, [2012-07-16T11:18:25.279917 #9590] INFO -- : Redaction for node 251872624 v1 hidden
I, [2012-07-16T11:18:25.357094 #9588] INFO -- : Redaction for node 142508251 v1 hidden
I, [2012-07-16T11:18:25.390475 #9590] INFO -- : Redaction for node 251872631 v1 hidden
I, [2012-07-16T11:18:25.472385 #9588] INFO -- : Redaction for node 142508251 v2 visible
I, [2012-07-16T11:18:25.534841 #9590] INFO -- : Redaction for node 251872625 v1 hidden
I, [2012-07-16T11:18:25.616863 #9588] INFO -- : Redaction for node 142508260 v1 hidden
I, [2012-07-16T11:18:25.754262 #9588] INFO -- : Redaction for node 142508260 v2 visible
I, [2012-07-16T11:18:25.836456 #9588] INFO -- : Redaction for node 142508252 v1 hidden
I, [2012-07-16T11:18:25.931639 #9588] INFO -- : Redaction for node 142508252 v2 visible
I, [2012-07-16T11:18:25.936646 #9590] INFO -- : Redaction for node 251872634 v1 hidden
I, [2012-07-16T11:18:26.022408 #9588] INFO -- : Redaction for node 142508258 v1 hidden
I, [2012-07-16T11:18:26.035162 #9590] INFO -- : Redaction for node 251872635 v1 hidden
I, [2012-07-16T11:18:26.141033 #9588] INFO -- : Redaction for node 142508258 v2 visible
I, [2012-07-16T11:18:26.165402 #9590] INFO -- : Redaction for node 251872630 v1 hidden
I, [2012-07-16T11:18:26.272608 #9588] INFO -- : Redaction for node 142508257 v1 hidden
I, [2012-07-16T11:18:26.314791 #9590] INFO -- : Redaction for node 251872626 v1 hidden
I, [2012-07-16T11:18:26.404846 #9588] INFO -- : Redaction for node 142508257 v2 visible
I, [2012-07-16T11:18:26.433022 #9590] INFO -- : Redaction for node 251872636 v1 hidden
I, [2012-07-16T11:18:26.518064 #9588] INFO -- : Redaction for node 142508255 v1 hidden
I, [2012-07-16T11:18:26.610316 #9588] INFO -- : Redaction for node 142508255 v2 visible
I, [2012-07-16T11:18:26.745491 #9588] INFO -- : Redaction for node 142508256 v1 hidden
I, [2012-07-16T11:18:26.833631 #9588] INFO -- : Redaction for node 142508256 v2 visible
I, [2012-07-16T11:18:26.921319 #9588] INFO -- : Redaction for node 142508253 v1 hidden
I, [2012-07-16T11:18:27.012546 #9588] INFO -- : Redaction for node 495111112 v1 hidden
I, [2012-07-16T11:18:27.103065 #9588] INFO -- : Redaction for way 28558446 v1 hidden
I, [2012-07-16T11:18:27.188792 #9588] INFO -- : Redaction for way 28558446 v2 hidden
I, [2012-07-16T11:18:27.276993 #9588] INFO -- : Redaction for way 28558446 v3 visible
I, [2012-07-16T11:18:27.364450 #9588] INFO -- : Redaction for way 28558446 v4 visible
I, [2012-07-16T11:18:27.450784 #9588] INFO -- : Redaction for way 28558446 v5 visible
I, [2012-07-16T11:18:27.533912 #9588] INFO -- : Redaction for way 28558446 v6 visible
I, [2012-07-16T11:18:27.617653 #9588] INFO -- : Redaction for way 28558446 v7 visible
I, [2012-07-16T11:18:27.956004 #9588] INFO -- : Redaction for way 28558446 v8 visible
I, [2012-07-16T11:18:28.048594 #9588] INFO -- : Redaction for way 28558446 v9 visible
I, [2012-07-16T11:18:28.154532 #9588] INFO -- : Redaction for way 28558405 v1 hidden
I, [2012-07-16T11:18:28.237001 #9588] INFO -- : Redaction for way 28558405 v2 hidden
I, [2012-07-16T11:18:28.323673 #9588] INFO -- : Redaction for way 7989489 v2 hidden
I, [2012-07-16T11:18:28.407765 #9588] INFO -- : Redaction for way 28558402 v1 hidden
I, [2012-07-16T11:18:31.532781 #9590] INFO -- : Redaction for node 251872629 v1 hidden
I, [2012-07-16T11:18:31.616447 #9590] INFO -- : Redaction for node 251872627 v1 hidden
I, [2012-07-16T11:18:31.697516 #9590] INFO -- : Redaction for node 251872628 v1 hidden
I, [2012-07-16T11:18:31.784168 #9590] INFO -- : Redaction for node 251872637 v1 hidden
I, [2012-07-16T11:18:31.869054 #9590] INFO -- : Redaction for node 251872638 v1 hidden
I, [2012-07-16T11:18:31.989612 #9590] INFO -- : Redaction for node 251872639 v1 hidden
I, [2012-07-16T11:18:32.193134 #9590] INFO -- : Redaction for node 251872640 v1 hidden
I, [2012-07-16T11:18:32.307506 #9590] INFO -- : Redaction for node 251872641 v1 hidden
I, [2012-07-16T11:18:32.402419 #9590] INFO -- : Redaction for node 251872642 v1 hidden
I, [2012-07-16T11:18:32.533609 #9590] INFO -- : Redaction for node 251872643 v1 hidden
I, [2012-07-16T11:18:33.066598 #9590] INFO -- : Redaction for node 251872644 v1 hidden
I, [2012-07-16T11:18:33.205737 #9590] INFO -- : Redaction for node 251872645 v1 hidden
I, [2012-07-16T11:18:33.320909 #9590] INFO -- : Redaction for node 251872646 v1 hidden
I, [2012-07-16T11:18:33.423982 #9590] INFO -- : Redaction for node 251872647 v1 hidden
I, [2012-07-16T11:18:33.493913 #9588] INFO -- : Redaction for way 28558402 v2 hidden
I, [2012-07-16T11:18:38.574010 #9590] INFO -- : Redaction for node 251872648 v1 hidden
I, [2012-07-16T11:18:38.626657 #9588] INFO -- : Redaction for way 28558402 v3 visible
I, [2012-07-16T11:18:38.696353 #9590] INFO -- : Redaction for node 251872649 v1 hidden
I, [2012-07-16T11:18:38.736380 #9588] INFO -- : Redaction for way 9661340 v7 hidden
I, [2012-07-16T11:18:38.784461 #9590] INFO -- : Redaction for node 251872650 v1 hidden
I, [2012-07-16T11:18:38.821027 #9588] INFO -- : Redaction for way 9661340 v8 hidden
I, [2012-07-16T11:18:38.877825 #9590] INFO -- : Redaction for node 251872651 v1 hidden
I, [2012-07-16T11:18:38.946200 #9588] INFO -- : Redaction for way 9661340 v9 visible
D, [2012-07-16T11:18:38.974856 #9590] DEBUG -- : Marking entities succeeded: 123 / 0 / 0
D, [2012-07-16T11:18:38.974973 #9590] DEBUG -- : Nodes: 39284542,39284481,39284488,39284366,39284365,39284322,39284347,39284318,39284340,39284314,39284386,39284391,39284573,39284577,39284582,39284586,39284615,36126200,39284630,251872613,251872614,251872615,251872616,251872617,251872618,251872619,251872620,251872621,251872632,251872633,251872622,251872623,251872624,251872631,251872625,251872634,251872635,251872630,251872626,251872636,251872629,251872627,251872628,251872637,251872638,251872639,251872640,251872641,251872642,48156465,48164695,48153892,251872643,48156438,48160987,48153882,48164611,48153925,48165068,48160945,48161196,48160993,251872644,48153894,48153888,48164555,48160958,48154031,48153886,48153906,48153902,48153897,48161121,48161093,48164643,251872645,48159514,48153930,48161418,48161373,48153933,48153916,48167451,48161898,48153914,48153910,251872646,48153883,48161115,251872647,48153899,48161230,48161208,48153885,48153901,251872648,48161175,48153904,251872649,48161406,251872650,48153931,251872651,48164532,48153893,48157099,48165009,1287844889,36931408,36931420,29504789,36931396,46746700,46746681,46746672,36931386,46746578,46746644,46746638,46746561,46746555,29504791,46745923
D, [2012-07-16T11:18:38.975006 #9590] DEBUG -- : Ways:
D, [2012-07-16T11:18:38.975050 #9590] DEBUG -- : Relations:
D, [2012-07-16T11:18:38.980312 #9590] DEBUG -- : 2 areas remaining
D, [2012-07-16T11:18:38.980411 #9590] DEBUG -- : 3 areas remaining
D, [2012-07-16T11:18:38.980451 #9590] DEBUG -- : 4 areas remaining
D, [2012-07-16T11:18:38.980487 #9590] DEBUG -- : 5 areas remaining
I, [2012-07-16T11:18:38.980548 #9590] INFO -- : Processing {:minlat=>46.125, :maxlat=>46.25, :minlon=>15.6875, :maxlon=>15.75}
I, [2012-07-16T11:18:39.033526 #9588] INFO -- : Redaction for way 9661340 v10 visible
D, [2012-07-16T11:18:39.078470 #9590] DEBUG -- : Processing Entities: 127 / 15 / 2
I, [2012-07-16T11:18:39.126555 #9588] INFO -- : Redaction for way 9661340 v11 visible
I, [2012-07-16T11:18:39.232191 #9588] INFO -- : Redaction for way 5427724 v2 hidden
I, [2012-07-16T11:18:39.377228 #9588] INFO -- : Redaction for way 5427724 v3 hidden
I, [2012-07-16T11:18:39.507735 #9588] INFO -- : Redaction for way 5427724 v4 visible
I, [2012-07-16T11:18:39.586900 #9588] INFO -- : Redaction for way 5427724 v5 visible
I, [2012-07-16T11:18:39.712079 #9588] INFO -- : Redaction for way 5427724 v6 visible
I, [2012-07-16T11:18:39.827715 #9588] INFO -- : Redaction for way 28558395 v1 hidden
I, [2012-07-16T11:18:39.962771 #9588] INFO -- : Redaction for way 28558395 v2 hidden
I, [2012-07-16T11:18:40.084909 #9588] INFO -- : Redaction for way 28558426 v1 hidden
I, [2012-07-16T11:18:40.223128 #9588] INFO -- : Redaction for way 28558426 v2 visible
I, [2012-07-16T11:18:40.340800 #9588] INFO -- : Redaction for way 28558420 v1 hidden
D, [2012-07-16T11:18:40.561163 #9590] DEBUG -- : Changeset:
I, [2012-07-16T11:18:42.502923 #9590] INFO -- : Uploaded changeset 12242447
I, [2012-07-16T11:18:42.503013 #9590] INFO -- : Redaction for node 1323018439 v1 hidden
