D, [2012-07-16T11:10:46.465475 #9590] DEBUG -- : Nodes: 48687166,33561449,48682731,48682738,48684090,48682725,48687169,48682741,48682720,48682744,48682716,48682713,48687170,48682708,33564827,48687172,48682704,444538751,48682700,33564826,444538762,48682695,444539364,444538637,33564828,48682689,33564829,446764733,446764746,446764736,446764750,446764744,446764751,446764753,445354003,446764752,33564654,48682683,445354004,445354002,445354885,446764754,33565093,48687174,445354903,445354001,444537984,446764757,445354886,445354884,446764758,446764755,445354906,446764759,445354904,445354887,445354907,445354883,446764756,446764762,445354905,445354888,446764760,445354890,446764763,445354908,445354910,445354892,445354889,33564831,445354913,446764766,446764764,446764761,445354909,445354891,445354893,446764767,445354915,445354921,445354895,446764765,445354924,445354894,446764770,445354919,446764768,445354896,445354898,445354930,445354900,445354925,445354938,33565092,445354897,446764769,445354899,445354901,445354927,445354942,33565094,445354939,442700275,445354902,445354940,444538904,444539016,33564833,442525891,33565091,33564652,33564653,33564832,33565090,33564651,33565089,33564650,33564649,33564854,48687176,33564853,33564852,33564851,33564850,33564849,33564848,33564847,33564846,33564845,36928666,29504804,46933001,46932993,36928652,46932986,46932978,46932968,46932959,29504805,46932952,46932949,46932938,36928650,46932930,142521303,142521304,46875567,142521306,46933373,46933367,142521307,46933361,46933376,46933354,46932924,46933345,46933380,46876499,46933384,46933334,142521308,46884365,46933320,46884714,142521310,46933389,46933276,46933283,46933265,46933310,46933394,46884732,46933291,46933296,46933259,46932916,46884771,142521311,46884781,46933421,46933507,142521312,46933424,142521313,46933416,46885000,46933457,46884852,46933515,46885037,59648385,46933488,46933408,46933474,46885081,59648546,59648384,59648729,46933429,46884840,59648728,142521314,46933444,59648730,142521315,46933451,46933497,59648383,59648727,59648545,59648547,46884790,46933433,46933440,46933400,46884830,42362784,142524349,46932909,59648544,46884803,46884815,59648382,59648403,46932838,46932904,59648402,46885088,46885192,46885102,46885140,29504807,313720772,313720788,313720786,313725628,313725675,313725738,313720785,313725677,313723789,313723791,46932898,46885222,310820182,46885235,29504808,46885249,46932891,46885262,46932884,310820124,46885277,46885282,46885286,313937312,80267103,46885295,80281529,46932878,46885304,36755023,80267865,80267868,46885337,46885352,80270260,59994601,80267426,80267581,80267583,80267580,59647316,80267864,59994600,80267102,80269145,46932851,46932859,59994446,80269144,46932849,49352417,46932868,80267100,80268770,59994682,59994681,46885317,59994859,59994863,80269143,59994447,46932873,80268439,80268771,80268772,80266364,80269142,80266307,80266309,80265399,49352428,49352446,49352407,49352403,59644514,80264924,46932832,49352384,80270562,80268440,49352451,49352477,80265056,46885325,49352442,36755022,43481641,49352463,80270264,80270261,43510302,80268441,43504500,43504508,43510344,80264925,80268442,49352386,49352423,49352381,46932845,43488803,80272996,46932842,59644513,80270564,80270563,49352434,49352389,49352473,80273829,49352379,49352469,49352392,80264926,43481642,80264929,80270781,49352466,80264927,49352458,49352370,49352395,43481644,49352471,49352375,80274164,80272997,80273260,43489439,59644512,80273830,80273261,43489437,49352366,96570639,80270783,80270782,80273831,43489435,80274165,43489433,80269563,49352359,43488369,43562911,43562899,80269568,43562691,80274740,43479192,43480207,43309927,43324555,80269567,43314131,80269569,80269565,43488035,80269566,80280190,43561889,96569831,43489431,80279737,80279738,49352401,80280198,43481653,80273832,43489429,80272998,43481651,80269571,80269570,43489428,80278298,80278292,80274837,80271474,80271475,80279136,43562903,80279130,43561890,43561505,43481649,49352474,43486005,43485718,80272182,80272186,80278293,43561507,43561514,80275250,43489425,43481645,43481647,80276213,80271473,43481656,80275252,43562897,49466717,43488036,43309928,43487892,80276327,43483892,80271871,80276214,59644510,36755021,80276490,43489424,80276920,80276217,80276215,43378737,49466726,80271472,43483891,59644509,80271870,49466741,80276491,80271869,80275253,96569830,80275255,80275254,59644508,80276492,80271471,80275871,80276493,43489422,80276494,80276921,49466754,59644507,80272181,80272513,43372884,43489419,43506922,80276922,43506921,43507308,43313661,43504497,43309933,43479733,96569829,43490379,49466871,43483890,43313662,43309930,43479735,43506602,80276923,43479190,80275872,80275873,59644506,80276924,43506094,43487890,43490378,80276925,43309929,43312431,43479340,43479737,80276926,43479739,80272512,80272515,43479742,49467099,59644505,43490376,96569828,43483080,49467107,80282726,43490373,59644504,43483078,43479745,43490371,43482380,43490370,43479746,43490369,36755019,43482379,43490367,43479748,43490365,43490364,43482378,59644503,49467137,43482376,49467141,43492274,49467152,43482375,48892887,59644502,49467157,48892792,43490361,43490360,43490358,43482374,59644501,43486674,43482372,43490356,36755030,43490355,43482369,48892796,43490354,43491047,43482367,43482364,43511172,43511183,43511860,59644500,43493278,43512621,43511185,43511170,43511186,48892803,43510361,43511166,43510304,43482362,49467164,43491045,59644499,43491504,48892806,43491043,48898313,49466696,48892811,48892818,59644498,59644497,59647308,59644496,49467250,48892909,48892823,48894222,48892827,48898296,48898040,48898311,49211450,36755029,48898300,48898307,48892913,48898303,48898314,49211683,48898319,49211682,49211447,48898323,48892916,48892832,49211501,49211620,48898326,49211498,48898328,49211452,49211453,48898331,48898333,49211465,49211497,48892924,48892838,49211461,49211466,49211456,742024303,49211460,49211477,49211496,49211469,49211467,49211475,49211473,49211471,48892931,48892843,49211486,49211495,48892849,48892934,49211487,48892935,59647559,59647560,49211488,48892938,59647558,48892943,48892855,59647561,48892947,48892955,48892952,36755001,48893620,59647562,48893622,48893625,49211491,48893628,49211490,48893632,59647554,59647557,48892859,49211492,59647555,59647556,48892862,48893635,49211494,48892905,49211493,48892869,48892893,48892901,48892896,48893639,48892873,48893642,48893644,48893690,48893649,48893652,48893687,48892880,48893654,48893659,48893685,48893678,48893665,48893663,48893670,48893674,48893695,48893700,48893704,48894169
D, [2012-07-16T11:10:46.465612 #9590] DEBUG -- : Ways: 38026955,5925099,38026961,37932058,38026962,37932215,37932210,37932211,37932216,38026963,37932217,38026964,37932212,37932213,37932218,38026965,37932219,37932214,7974464,5841979,8163377,8163378,5843326,5841986,5843329,28558425,28558243,28558216,28558424,28558221,28557771,5841981,9893294,9893096,9893114,9893087,5841983,9893176,8025542,9893159,9893069,5841969,9892916,5988873,8163834,9893335,9893205,5988874,9892944,5731179,5732528,9893011,5988877,5731482,5841985,9893507,5988879,9893562,9893347,5988880,5988881,5988869,5988871,9893585,9893528,9893246,5734603,9894049,5734595,9893628,9893669,9893735,6004201,9893766,9893800,9893422,9893387,9893712,9893443,5732402,5731100,5731509,5731436,6004204,10868603,5731230,5941635,5731557,5731209,5731608,5731588,5941644,5941637,7974386,7974387,24414680,5941645,39372296,39372295,39228502,39372277,39372294,39338695,39372289,5181699,87672548,87672562,87672554,28582532,28582531,7974716,28582525,28582523,5941636,5941641,5941639
D, [2012-07-16T11:10:46.465652 #9590] DEBUG -- : Relations:
D, [2012-07-16T11:10:46.503658 #9590] DEBUG -- : 4 areas remaining
D, [2012-07-16T11:10:46.503808 #9590] DEBUG -- : 5 areas remaining
I, [2012-07-16T11:10:46.503879 #9590] INFO -- : Processing {:minlat=>46.25, :maxlat=>46.375, :minlon=>15.6875, :maxlon=>15.75}
D, [2012-07-16T11:10:46.551341 #9590] DEBUG -- : Processing Entities: 8 / 1 / 0
D, [2012-07-16T11:10:46.703467 #9590] DEBUG -- : No changeset to apply
D, [2012-07-16T11:10:46.703590 #9590] DEBUG -- : Marking entities succeeded: 8 / 1 / 0
D, [2012-07-16T11:10:46.703628 #9590] DEBUG -- : Nodes: 1287844858,1287844860,1287844869,1287844935,1287844932,1287844867,1287844873,1287844937
D, [2012-07-16T11:10:46.703663 #9590] DEBUG -- : Ways: 145017266
D, [2012-07-16T11:10:46.703690 #9590] DEBUG -- : Relations:
D, [2012-07-16T11:10:46.704735 #9590] DEBUG -- : 4 areas remaining
I, [2012-07-16T11:10:46.704807 #9590] INFO -- : Processing {:minlat=>46.25, :maxlat=>46.375, :minlon=>15.625, :maxlon=>15.6875}
D, [2012-07-16T11:10:46.748905 #9590] DEBUG -- : Processing Entities: 13 / 0 / 0
D, [2012-07-16T11:10:46.758129 #9590] DEBUG -- : No changeset to apply
D, [2012-07-16T11:10:46.758176 #9590] DEBUG -- : Marking entities succeeded: 13 / 0 / 0
D, [2012-07-16T11:10:46.758216 #9590] DEBUG -- : Nodes: 1287844903,1287844839,1287844835,1287844949,1287844885,1287844899,1287844953,1287844876,1287844904,1287844946,1287844884,1287844902,1287844871
D, [2012-07-16T11:10:46.758246 #9590] DEBUG -- : Ways:
D, [2012-07-16T11:10:46.758274 #9590] DEBUG -- : Relations:
D, [2012-07-16T11:10:46.758968 #9590] DEBUG -- : 3 areas remaining
D, [2012-07-16T11:10:46.759020 #9590] DEBUG -- : 4 areas remaining
D, [2012-07-16T11:10:46.759057 #9590] DEBUG -- : 5 areas remaining
I, [2012-07-16T11:10:46.759114 #9590] INFO -- : Processing {:minlat=>46.375, :maxlat=>46.5, :minlon=>15.5625, :maxlon=>15.625}
D, [2012-07-16T11:10:46.803160 #9590] DEBUG -- : Processing Entities: 541 / 43 / 0
I, [2012-07-16T11:10:50.190335 #9588] INFO -- : Redaction for node 534735998 v1 hidden
I, [2012-07-16T11:10:50.278013 #9588] INFO -- : Redaction for node 1582550095 v1 hidden
I, [2012-07-16T11:10:50.369076 #9588] INFO -- : Redaction for node 1582550098 v1 hidden
I, [2012-07-16T11:10:50.455764 #9588] INFO -- : Redaction for node 534735948 v1 hidden
I, [2012-07-16T11:10:50.542199 #9588] INFO -- : Redaction for node 534736103 v1 hidden
I, [2012-07-16T11:10:50.629558 #9588] INFO -- : Redaction for node 1582492537 v1 hidden
I, [2012-07-16T11:10:50.725143 #9588] INFO -- : Redaction for node 1582550100 v1 hidden
I, [2012-07-16T11:10:50.821482 #9588] INFO -- : Redaction for node 534735999 v1 hidden
I, [2012-07-16T11:10:51.286744 #9588] INFO -- : Redaction for node 534736104 v1 hidden
I, [2012-07-16T11:10:51.373917 #9588] INFO -- : Redaction for node 1582492538 v1 hidden
I, [2012-07-16T11:10:51.463857 #9588] INFO -- : Redaction for node 534736105 v1 hidden
I, [2012-07-16T11:10:51.805521 #9588] INFO -- : Redaction for node 1582492539 v1 hidden
I, [2012-07-16T11:10:51.888908 #9588] INFO -- : Redaction for node 534735958 v1 hidden
I, [2012-07-16T11:10:52.026997 #9588] INFO -- : Redaction for node 534735949 v1 hidden
I, [2012-07-16T11:10:52.125111 #9588] INFO -- : Redaction for node 1582550103 v1 hidden
I, [2012-07-16T11:10:52.217006 #9588] INFO -- : Redaction for node 1582550121 v1 hidden
I, [2012-07-16T11:10:52.323487 #9588] INFO -- : Redaction for node 534736000 v1 hidden
I, [2012-07-16T11:10:52.434640 #9588] INFO -- : Redaction for node 1582550122 v1 hidden
I, [2012-07-16T11:10:52.543353 #9588] INFO -- : Redaction for node 534736106 v1 hidden
I, [2012-07-16T11:10:52.635529 #9588] INFO -- : Redaction for node 1582492544 v1 hidden
I, [2012-07-16T11:10:52.785050 #9588] INFO -- : Redaction for node 534736107 v1 hidden
I, [2012-07-16T11:10:52.880245 #9588] INFO -- : Redaction for node 1582492548 v1 hidden
I, [2012-07-16T11:10:52.968462 #9588] INFO -- : Redaction for node 534736109 v1 hidden
I, [2012-07-16T11:10:53.052787 #9588] INFO -- : Redaction for node 1582492550 v1 hidden
I, [2012-07-16T11:10:53.446308 #9588] INFO -- : Redaction for node 534735957 v1 hidden
I, [2012-07-16T11:10:53.535981 #9588] INFO -- : Redaction for node 1582550124 v1 hidden
I, [2012-07-16T11:10:53.626822 #9588] INFO -- : Redaction for node 534736001 v1 hidden
I, [2012-07-16T11:10:53.722294 #9588] INFO -- : Redaction for node 1582550126 v1 hidden
D, [2012-07-16T11:10:54.880003 #9590] DEBUG -- : Changeset:
I, [2012-07-16T11:10:58.866487 #9588] INFO -- : Redaction for node 534736111 v1 hidden
I, [2012-07-16T11:10:59.019907 #9588] INFO -- : Redaction for node 1582492553 v1 hidden
I, [2012-07-16T11:10:59.153409 #9588] INFO -- : Redaction for node 1582550128 v1 hidden
I, [2012-07-16T11:10:59.266232 #9588] INFO -- : Redaction for node 534736002 v1 hidden
I, [2012-07-16T11:11:04.355684 #9588] INFO -- : Redaction for node 534736003 v1 hidden
I, [2012-07-16T11:11:04.459211 #9588] INFO -- : Redaction for node 1582550131 v1 hidden
I, [2012-07-16T11:11:04.560064 #9588] INFO -- : Redaction for node 534735950 v1 hidden
I, [2012-07-16T11:11:04.667840 #9588] INFO -- : Redaction for node 1582550134 v1 hidden
I, [2012-07-16T11:11:04.800470 #9588] INFO -- : Redaction for node 534736005 v1 hidden
I, [2012-07-16T11:11:04.922190 #9588] INFO -- : Redaction for node 534736004 v1 hidden
I, [2012-07-16T11:11:05.988462 #9588] INFO -- : Redaction for node 534736007 v1 hidden
I, [2012-07-16T11:11:06.119169 #9588] INFO -- : Redaction for node 1582550138 v1 hidden
I, [2012-07-16T11:11:06.247651 #9588] INFO -- : Redaction for node 534736113 v1 hidden
I, [2012-07-16T11:11:06.347185 #9588] INFO -- : Redaction for node 1582492555 v1 hidden
I, [2012-07-16T11:11:06.430203 #9588] INFO -- : Redaction for node 534736008 v1 hidden
I, [2012-07-16T11:11:06.567121 #9588] INFO -- : Redaction for node 534736115 v1 hidden
I, [2012-07-16T11:11:06.663080 #9588] INFO -- : Redaction for node 1582492557 v1 hidden
I, [2012-07-16T11:11:06.751767 #9588] INFO -- : Redaction for node 534736117 v1 hidden
I, [2012-07-16T11:11:06.843243 #9588] INFO -- : Redaction for node 1582492559 v1 hidden
I, [2012-07-16T11:11:06.931151 #9588] INFO -- : Redaction for node 1582550142 v1 hidden
I, [2012-07-16T11:11:09.038144 #9590] INFO -- : Uploaded changeset 12242337
I, [2012-07-16T11:11:09.038236 #9590] INFO -- : Redaction for node 313727652 v1 hidden
I, [2012-07-16T11:11:09.138184 #9590] INFO -- : Redaction for node 313727652 v2 visible
I, [2012-07-16T11:11:09.238665 #9590] INFO -- : Redaction for node 313727652 v3 visible
I, [2012-07-16T11:11:09.324163 #9590] INFO -- : Redaction for node 313727652 v4 visible
I, [2012-07-16T11:11:09.410437 #9590] INFO -- : Redaction for node 313727652 v5 visible
I, [2012-07-16T11:11:09.506858 #9590] INFO -- : Redaction for node 313727654 v1 hidden
I, [2012-07-16T11:11:09.596228 #9590] INFO -- : Redaction for node 313727654 v2 visible
I, [2012-07-16T11:11:09.680047 #9590] INFO -- : Redaction for node 313727654 v3 visible
I, [2012-07-16T11:11:09.763086 #9590] INFO -- : Redaction for node 313727658 v1 hidden
I, [2012-07-16T11:11:09.854402 #9590] INFO -- : Redaction for node 313727658 v2 visible
I, [2012-07-16T11:11:09.938262 #9590] INFO -- : Redaction for node 313727658 v3 visible
I, [2012-07-16T11:11:10.021732 #9590] INFO -- : Redaction for node 313727660 v1 hidden
I, [2012-07-16T11:11:10.105051 #9590] INFO -- : Redaction for node 313727660 v2 visible
I, [2012-07-16T11:11:10.191681 #9590] INFO -- : Redaction for node 313727660 v3 visible
I, [2012-07-16T11:11:10.272901 #9590] INFO -- : Redaction for node 313726913 v1 hidden
I, [2012-07-16T11:11:10.363000 #9590] INFO -- : Redaction for node 313726913 v2 visible
I, [2012-07-16T11:11:10.453676 #9590] INFO -- : Redaction for node 313726914 v1 hidden
I, [2012-07-16T11:11:10.539484 #9590] INFO -- : Redaction for node 313726914 v2 visible
I, [2012-07-16T11:11:10.629502 #9590] INFO -- : Redaction for node 313726911 v1 hidden
I, [2012-07-16T11:11:10.977522 #9590] INFO -- : Redaction for node 313726911 v2 visible
I, [2012-07-16T11:11:11.057376 #9590] INFO -- : Redaction for node 314407308 v1 hidden
I, [2012-07-16T11:11:11.163942 #9590] INFO -- : Redaction for node 314407308 v2 visible
I, [2012-07-16T11:11:11.253472 #9590] INFO -- : Redaction for node 313726917 v1 hidden
I, [2012-07-16T11:11:11.340455 #9590] INFO -- : Redaction for node 313726917 v2 visible
I, [2012-07-16T11:11:11.425009 #9590] INFO -- : Redaction for node 314407306 v1 hidden
I, [2012-07-16T11:11:11.511021 #9590] INFO -- : Redaction for node 314407306 v2 visible
I, [2012-07-16T11:11:11.902512 #9590] INFO -- : Redaction for node 314407310 v1 hidden
I, [2012-07-16T11:11:12.009575 #9590] INFO -- : Redaction for node 314407310 v2 visible
I, [2012-07-16T11:11:12.065244 #9588] INFO -- : Redaction for node 534736009 v1 hidden
I, [2012-07-16T11:11:12.097583 #9590] INFO -- : Redaction for node 314407315 v1 hidden
I, [2012-07-16T11:11:12.197545 #9588] INFO -- : Redaction for node 1582550145 v1 hidden
I, [2012-07-16T11:11:12.200729 #9590] INFO -- : Redaction for node 314407315 v2 visible
I, [2012-07-16T11:11:12.323815 #9590] INFO -- : Redaction for node 314407246 v1 hidden
I, [2012-07-16T11:11:12.459953 #9590] INFO -- : Redaction for node 314407246 v2 visible
I, [2012-07-16T11:11:12.583130 #9590] INFO -- : Redaction for node 314407320 v1 hidden
I, [2012-07-16T11:11:12.695022 #9590] INFO -- : Redaction for node 314407320 v2 visible
I, [2012-07-16T11:11:12.700217 #9588] INFO -- : Redaction for node 534735951 v1 hidden
I, [2012-07-16T11:11:12.800232 #9588] INFO -- : Redaction for node 534735956 v1 hidden
I, [2012-07-16T11:11:12.802808 #9590] INFO -- : Redaction for node 314407324 v1 hidden
I, [2012-07-16T11:11:12.899595 #9590] INFO -- : Redaction for node 314407324 v2 visible
I, [2012-07-16T11:11:12.907707 #9588] INFO -- : Redaction for node 1582550149 v1 hidden
I, [2012-07-16T11:11:12.984813 #9590] INFO -- : Redaction for node 314407245 v1 hidden
I, [2012-07-16T11:11:12.999566 #9588] INFO -- : Redaction for node 534735952 v1 hidden
I, [2012-07-16T11:11:13.075614 #9590] INFO -- : Redaction for node 314407245 v2 visible
I, [2012-07-16T11:11:13.211757 #9590] INFO -- : Redaction for node 314407329 v1 hidden
I, [2012-07-16T11:11:13.342221 #9590] INFO -- : Redaction for node 314407329 v2 visible
I, [2012-07-16T11:11:13.474281 #9590] INFO -- : Redaction for node 313726918 v1 hidden
I, [2012-07-16T11:11:13.547522 #9588] INFO -- : Redaction for node 1582550152 v1 hidden
I, [2012-07-16T11:11:18.580111 #9590] INFO -- : Redaction for node 313726918 v2 visible
I, [2012-07-16T11:11:18.639366 #9588] INFO -- : Redaction for node 534735955 v1 hidden
I, [2012-07-16T11:11:18.682893 #9590] INFO -- : Redaction for node 314407334 v1 hidden
I, [2012-07-16T11:11:18.728439 #9588] INFO -- : Redaction for node 1582550174 v1 hidden
I, [2012-07-16T11:11:18.775787 #9590] INFO -- : Redaction for node 314407334 v2 visible
I, [2012-07-16T11:11:18.856374 #9588] INFO -- : Redaction for node 534735954 v1 hidden
I, [2012-07-16T11:11:18.873492 #9590] INFO -- : Redaction for node 314407239 v1 hidden
I, [2012-07-16T11:11:18.965042 #9588] INFO -- : Redaction for node 1582550177 v1 hidden
I, [2012-07-16T11:11:19.000341 #9590] INFO -- : Redaction for node 314407239 v2 visible
I, [2012-07-16T11:11:19.090969 #9588] INFO -- : Redaction for node 534736119 v1 hidden
I, [2012-07-16T11:11:19.252375 #9588] INFO -- : Redaction for node 1582492561 v1 hidden
I, [2012-07-16T11:11:19.344318 #9588] INFO -- : Redaction for node 534736121 v1 hidden
I, [2012-07-16T11:11:19.439550 #9588] INFO -- : Redaction for node 1582550179 v1 hidden
I, [2012-07-16T11:11:19.547592 #9590] INFO -- : Redaction for node 314407238 v1 hidden
I, [2012-07-16T11:11:19.554783 #9588] INFO -- : Redaction for node 534736011 v1 hidden
I, [2012-07-16T11:11:19.629577 #9590] INFO -- : Redaction for node 314407238 v2 visible
I, [2012-07-16T11:11:19.641842 #9588] INFO -- : Redaction for node 534736123 v1 hidden
I, [2012-07-16T11:11:19.717093 #9590] INFO -- : Redaction for node 314407336 v1 hidden
I, [2012-07-16T11:11:19.730118 #9588] INFO -- : Redaction for node 534736129 v1 hidden
I, [2012-07-16T11:11:19.804493 #9590] INFO -- : Redaction for node 314407336 v2 visible
I, [2012-07-16T11:11:19.887470 #9590] INFO -- : Redaction for node 314407244 v1 hidden
I, [2012-07-16T11:11:20.092044 #9588] INFO -- : Redaction for node 1582492563 v1 hidden
I, [2012-07-16T11:11:20.184315 #9588] INFO -- : Redaction for node 534736125 v1 hidden
I, [2012-07-16T11:11:20.272769 #9588] INFO -- : Redaction for node 534736127 v1 hidden
I, [2012-07-16T11:11:20.355903 #9588] INFO -- : Redaction for node 534736131 v1 hidden
I, [2012-07-16T11:11:20.453133 #9588] INFO -- : Redaction for node 1582492565 v1 hidden
I, [2012-07-16T11:11:20.539325 #9588] INFO -- : Redaction for node 534736132 v1 hidden
I, [2012-07-16T11:11:20.623253 #9588] INFO -- : Redaction for node 1582492567 v1 hidden
I, [2012-07-16T11:11:20.708548 #9588] INFO -- : Redaction for node 1582550182 v1 hidden
I, [2012-07-16T11:11:20.822497 #9588] INFO -- : Redaction for node 534736012 v1 hidden
I, [2012-07-16T11:11:20.909673 #9588] INFO -- : Redaction for node 534736141 v1 hidden
I, [2012-07-16T11:11:20.995919 #9588] INFO -- : Redaction for node 1582492569 v1 hidden
I, [2012-07-16T11:11:21.082859 #9588] INFO -- : Redaction for node 534736013 v1 hidden
I, [2012-07-16T11:11:21.180241 #9588] INFO -- : Redaction for node 1582550185 v1 hidden
I, [2012-07-16T11:11:21.267811 #9588] INFO -- : Redaction for node 534736015 v1 hidden
I, [2012-07-16T11:11:21.354252 #9588] INFO -- : Redaction for node 1582550188 v1 hidden
I, [2012-07-16T11:11:21.455428 #9588] INFO -- : Redaction for node 534736016 v1 hidden
I, [2012-07-16T11:11:21.551234 #9588] INFO -- : Redaction for node 1582550191 v1 hidden
I, [2012-07-16T11:11:21.916544 #9588] INFO -- : Redaction for node 534736142 v1 hidden
I, [2012-07-16T11:11:22.011723 #9588] INFO -- : Redaction for node 1582492571 v1 hidden
I, [2012-07-16T11:11:22.102666 #9588] INFO -- : Redaction for node 534736143 v1 hidden
I, [2012-07-16T11:11:22.480680 #9588] INFO -- : Redaction for node 1582492572 v1 hidden
I, [2012-07-16T11:11:22.561420 #9588] INFO -- : Redaction for node 534736144 v1 hidden
I, [2012-07-16T11:11:22.645313 #9588] INFO -- : Redaction for node 1582492574 v1 hidden
I, [2012-07-16T11:11:22.730214 #9588] INFO -- : Redaction for node 534736017 v1 hidden
I, [2012-07-16T11:11:22.821846 #9588] INFO -- : Redaction for node 1582550194 v1 hidden
I, [2012-07-16T11:11:22.906896 #9588] INFO -- : Redaction for node 534736145 v1 hidden
I, [2012-07-16T11:11:22.987741 #9588] INFO -- : Redaction for node 1582492576 v1 hidden
I, [2012-07-16T11:11:23.077629 #9588] INFO -- : Redaction for node 534736018 v1 hidden
I, [2012-07-16T11:11:23.170453 #9588] INFO -- : Redaction for node 1582550197 v1 hidden
I, [2012-07-16T11:11:23.267255 #9588] INFO -- : Redaction for node 534736147 v1 hidden
I, [2012-07-16T11:11:23.357264 #9588] INFO -- : Redaction for node 1582492578 v1 hidden
I, [2012-07-16T11:11:23.798610 #9588] INFO -- : Redaction for node 534736020 v1 hidden
I, [2012-07-16T11:11:23.897610 #9588] INFO -- : Redaction for node 1582550200 v1 hidden
I, [2012-07-16T11:11:24.001768 #9588] INFO -- : Redaction for node 534736148 v1 hidden
I, [2012-07-16T11:11:24.096578 #9588] INFO -- : Redaction for node 1582492580 v1 hidden
I, [2012-07-16T11:11:24.190295 #9588] INFO -- : Redaction for node 534736149 v1 hidden
I, [2012-07-16T11:11:24.284403 #9588] INFO -- : Redaction for node 1582492585 v1 hidden
I, [2012-07-16T11:11:24.387321 #9588] INFO -- : Redaction for node 534736150 v1 hidden
I, [2012-07-16T11:11:24.475152 #9588] INFO -- : Redaction for node 1582492586 v1 hidden
I, [2012-07-16T11:11:24.560576 #9588] INFO -- : Redaction for node 534736151 v1 hidden
I, [2012-07-16T11:11:24.654688 #9588] INFO -- : Redaction for node 1582492587 v1 hidden
I, [2012-07-16T11:11:24.742554 #9588] INFO -- : Redaction for node 534736152 v1 hidden
I, [2012-07-16T11:11:24.850140 #9588] INFO -- : Redaction for node 1582492588 v1 hidden
I, [2012-07-16T11:11:24.935344 #9588] INFO -- : Redaction for node 534736153 v1 hidden
I, [2012-07-16T11:11:24.981656 #9590] INFO -- : Redaction for node 314407244 v2 visible
I, [2012-07-16T11:11:25.024629 #9588] INFO -- : Redaction for node 1582492589 v1 hidden
I, [2012-07-16T11:11:25.067228 #9590] INFO -- : Redaction for node 314407240 v1 hidden
I, [2012-07-16T11:11:25.120978 #9588] INFO -- : Redaction for node 534736154 v1 hidden
I, [2012-07-16T11:11:25.156384 #9590] INFO -- : Redaction for node 314407240 v2 visible
I, [2012-07-16T11:11:25.211559 #9588] INFO -- : Redaction for node 1582492590 v1 hidden
I, [2012-07-16T11:11:25.302007 #9588] INFO -- : Redaction for node 534736162 v1 hidden
I, [2012-07-16T11:11:25.418138 #9588] INFO -- : Redaction for node 1582492592 v1 hidden
I, [2012-07-16T11:11:25.510624 #9588] INFO -- : Redaction for node 534736155 v1 hidden
I, [2012-07-16T11:11:30.258085 #9590] INFO -- : Redaction for node 313727662 v1 hidden
I, [2012-07-16T11:11:30.356406 #9590] INFO -- : Redaction for node 313727662 v2 visible
I, [2012-07-16T11:11:30.443491 #9590] INFO -- : Redaction for node 313727662 v3 hidden
I, [2012-07-16T11:11:30.577452 #9590] INFO -- : Redaction for node 314407237 v1 hidden
I, [2012-07-16T11:11:30.640366 #9588] INFO -- : Redaction for node 1582492594 v1 hidden
I, [2012-07-16T11:11:30.686251 #9590] INFO -- : Redaction for node 314407237 v2 visible
I, [2012-07-16T11:11:30.774874 #9588] INFO -- : Redaction for node 534736157 v1 hidden
I, [2012-07-16T11:11:30.802380 #9590] INFO -- : Redaction for node 313726909 v1 hidden
I, [2012-07-16T11:11:30.933809 #9588] INFO -- : Redaction for node 1582492605 v1 hidden
I, [2012-07-16T11:11:30.934617 #9590] INFO -- : Redaction for node 313726909 v2 visible
I, [2012-07-16T11:11:31.062650 #9588] INFO -- : Redaction for node 534736161 v1 hidden
I, [2012-07-16T11:11:31.129587 #9590] INFO -- : Redaction for node 313726919 v1 hidden
I, [2012-07-16T11:11:31.225814 #9588] INFO -- : Redaction for node 1582492596 v1 hidden
I, [2012-07-16T11:11:31.361079 #9588] INFO -- : Redaction for node 534736160 v1 hidden
I, [2012-07-16T11:11:31.486422 #9588] INFO -- : Redaction for node 1582492606 v1 hidden
I, [2012-07-16T11:11:31.599248 #9588] INFO -- : Redaction for node 534736158 v1 hidden
I, [2012-07-16T11:11:31.605837 #9590] INFO -- : Redaction for node 313726919 v2 visible
I, [2012-07-16T11:11:31.735706 #9590] INFO -- : Redaction for node 314407243 v1 hidden
I, [2012-07-16T11:11:31.750303 #9588] INFO -- : Redaction for node 1582492608 v1 hidden
I, [2012-07-16T11:11:31.865477 #9588] INFO -- : Redaction for node 534736159 v1 hidden
I, [2012-07-16T11:11:31.983679 #9588] INFO -- : Redaction for node 1582492607 v1 hidden
I, [2012-07-16T11:11:32.400470 #9588] INFO -- : Redaction for node 534736163 v1 hidden
I, [2012-07-16T11:11:32.496955 #9588] INFO -- : Redaction for node 1582492609 v1 hidden
I, [2012-07-16T11:11:32.574635 #9588] INFO -- : Redaction for node 534736164 v1 hidden
I, [2012-07-16T11:11:32.655394 #9588] INFO -- : Redaction for node 1582492610 v1 hidden
I, [2012-07-16T11:11:32.740449 #9588] INFO -- : Redaction for node 534736021 v1 hidden
I, [2012-07-16T11:11:32.826037 #9588] INFO -- : Redaction for node 1582550203 v1 hidden
I, [2012-07-16T11:11:36.827499 #9590] INFO -- : Redaction for node 314407243 v2 visible
I, [2012-07-16T11:11:37.243515 #9590] INFO -- : Redaction for node 314407241 v1 hidden
I, [2012-07-16T11:11:37.334713 #9590] INFO -- : Redaction for node 314407241 v2 visible
I, [2012-07-16T11:11:37.445308 #9590] INFO -- : Redaction for node 314407242 v1 hidden
I, [2012-07-16T11:11:37.867597 #9590] INFO -- : Redaction for node 314407242 v2 visible
I, [2012-07-16T11:11:37.916504 #9588] INFO -- : Redaction for node 534736166 v1 hidden
I, [2012-07-16T11:11:37.988629 #9590] INFO -- : Redaction for node 314407236 v1 hidden
I, [2012-07-16T11:11:38.010907 #9588] INFO -- : Redaction for node 1582492611 v1 hidden
I, [2012-07-16T11:11:38.106511 #9590] INFO -- : Redaction for node 314407236 v2 visible
I, [2012-07-16T11:11:38.111482 #9588] INFO -- : Redaction for node 534736167 v1 hidden
I, [2012-07-16T11:11:38.206153 #9588] INFO -- : Redaction for node 1582492612 v1 hidden
I, [2012-07-16T11:11:38.221300 #9590] INFO -- : Redaction for node 313727101 v1 hidden
I, [2012-07-16T11:11:38.297876 #9588] INFO -- : Redaction for node 1582550206 v1 hidden
I, [2012-07-16T11:11:38.410490 #9588] INFO -- : Redaction for node 534736022 v1 hidden
I, [2012-07-16T11:11:38.519050 #9588] INFO -- : Redaction for node 534736169 v1 hidden
I, [2012-07-16T11:11:38.654014 #9588] INFO -- : Redaction for node 1582492613 v1 hidden
I, [2012-07-16T11:11:38.700421 #9590] INFO -- : Redaction for node 313727101 v2 visible
I, [2012-07-16T11:11:38.775520 #9588] INFO -- : Redaction for node 534736170 v1 hidden
I, [2012-07-16T11:11:38.844410 #9590] INFO -- : Redaction for node 313727101 v3 visible
I, [2012-07-16T11:11:38.907040 #9588] INFO -- : Redaction for node 1582492630 v1 hidden
I, [2012-07-16T11:11:38.963877 #9590] INFO -- : Redaction for node 314407338 v1 hidden
I, [2012-07-16T11:11:39.001338 #9588] INFO -- : Redaction for node 534736171 v1 hidden
I, [2012-07-16T11:11:39.056467 #9590] INFO -- : Redaction for node 314407338 v2 visible
I, [2012-07-16T11:11:39.105870 #9588] INFO -- : Redaction for node 1582492633 v1 hidden
I, [2012-07-16T11:11:39.153644 #9590] INFO -- : Redaction for node 314407219 v1 hidden
I, [2012-07-16T11:11:39.229064 #9588] INFO -- : Redaction for node 534736172 v1 hidden
I, [2012-07-16T11:11:39.297193 #9590] INFO -- : Redaction for node 314407219 v2 visible
I, [2012-07-16T11:11:39.336994 #9588] INFO -- : Redaction for node 1582492634 v1 hidden
I, [2012-07-16T11:11:39.383297 #9590] INFO -- : Redaction for node 314407220 v1 hidden
I, [2012-07-16T11:11:39.502600 #9590] INFO -- : Redaction for node 314407220 v2 visible
I, [2012-07-16T11:11:39.584756 #9590] INFO -- : Redaction for node 313727103 v1 hidden
I, [2012-07-16T11:11:39.675707 #9590] INFO -- : Redaction for node 313727103 v2 visible
I, [2012-07-16T11:11:39.752076 #9588] INFO -- : Redaction for node 534736173 v1 hidden
I, [2012-07-16T11:11:39.835900 #9588] INFO -- : Redaction for node 1582492635 v1 hidden
I, [2012-07-16T11:11:39.916615 #9588] INFO -- : Redaction for node 534736174 v1 hidden
I, [2012-07-16T11:11:40.046728 #9590] INFO -- : Redaction for node 314407218 v1 hidden
I, [2012-07-16T11:11:40.142890 #9590] INFO -- : Redaction for node 314407218 v2 visible
I, [2012-07-16T11:11:40.246187 #9590] INFO -- : Redaction for node 314407223 v1 hidden
I, [2012-07-16T11:11:40.300456 #9588] INFO -- : Redaction for node 1582492636 v1 hidden
I, [2012-07-16T11:11:40.337256 #9590] INFO -- : Redaction for node 314407223 v2 visible
I, [2012-07-16T11:11:40.386237 #9588] INFO -- : Redaction for node 534736176 v1 hidden
I, [2012-07-16T11:11:40.425670 #9590] INFO -- : Redaction for node 313727105 v1 hidden
I, [2012-07-16T11:11:40.463149 #9588] INFO -- : Redaction for node 1582492637 v1 hidden
I, [2012-07-16T11:11:40.516307 #9590] INFO -- : Redaction for node 313727105 v2 visible
I, [2012-07-16T11:11:40.547481 #9588] INFO -- : Redaction for node 1582550238 v1 hidden
I, [2012-07-16T11:11:40.637691 #9588] INFO -- : Redaction for node 534736023 v1 hidden
I, [2012-07-16T11:11:40.731656 #9588] INFO -- : Redaction for node 534736025 v1 hidden
I, [2012-07-16T11:11:40.820469 #9588] INFO -- : Redaction for node 1582550240 v1 hidden
I, [2012-07-16T11:11:40.885558 #9590] INFO -- : Redaction for node 313727105 v3 visible
I, [2012-07-16T11:11:40.902020 #9588] INFO -- : Redaction for node 534736177 v1 hidden
I, [2012-07-16T11:11:40.968653 #9590] INFO -- : Redaction for node 314407224 v1 hidden
I, [2012-07-16T11:11:41.005268 #9588] INFO -- : Redaction for node 1582492638 v1 hidden
I, [2012-07-16T11:11:41.082249 #9588] INFO -- : Redaction for node 1582550241 v1 hidden
I, [2012-07-16T11:11:41.173643 #9588] INFO -- : Redaction for node 534736026 v1 hidden
I, [2012-07-16T11:11:41.260156 #9588] INFO -- : Redaction for node 1582550243 v1 hidden
I, [2012-07-16T11:11:41.287312 #9590] INFO -- : Redaction for node 314407224 v2 visible
I, [2012-07-16T11:11:41.349691 #9588] INFO -- : Redaction for node 534736027 v1 hidden
I, [2012-07-16T11:11:41.372248 #9590] INFO -- : Redaction for node 313726921 v1 hidden
I, [2012-07-16T11:11:41.435244 #9588] INFO -- : Redaction for node 534736178 v1 hidden
I, [2012-07-16T11:11:41.457872 #9590] INFO -- : Redaction for node 313726921 v2 visible
I, [2012-07-16T11:11:41.524982 #9588] INFO -- : Redaction for node 1582492639 v1 hidden
I, [2012-07-16T11:11:41.605652 #9588] INFO -- : Redaction for node 534736028 v1 hidden
I, [2012-07-16T11:11:41.685172 #9588] INFO -- : Redaction for node 1582550244 v1 hidden
I, [2012-07-16T11:11:46.552074 #9590] INFO -- : Redaction for node 314407235 v1 hidden
I, [2012-07-16T11:11:46.652262 #9590] INFO -- : Redaction for node 314407235 v2 visible
I, [2012-07-16T11:11:46.758852 #9590] INFO -- : Redaction for node 314407225 v1 hidden
I, [2012-07-16T11:11:46.786266 #9588] INFO -- : Redaction for node 534736180 v1 hidden
I, [2012-07-16T11:11:46.884580 #9590] INFO -- : Redaction for node 314407225 v2 visible
I, [2012-07-16T11:11:46.929918 #9588] INFO -- : Redaction for node 1582492640 v1 hidden
I, [2012-07-16T11:11:47.009904 #9590] INFO -- : Redaction for node 314407340 v1 hidden
I, [2012-07-16T11:11:47.042945 #9588] INFO -- : Redaction for node 534736181 v1 hidden
I, [2012-07-16T11:11:47.140881 #9590] INFO -- : Redaction for node 314407340 v2 visible
I, [2012-07-16T11:11:47.288210 #9590] INFO -- : Redaction for node 314407217 v1 hidden
I, [2012-07-16T11:11:47.406211 #9590] INFO -- : Redaction for node 314407217 v2 visible
I, [2012-07-16T11:11:47.561418 #9588] INFO -- : Redaction for node 1582492649 v1 hidden
I, [2012-07-16T11:11:47.667379 #9588] INFO -- : Redaction for node 534736183 v1 hidden
I, [2012-07-16T11:11:52.502879 #9590] INFO -- : Redaction for node 313727664 v1 hidden
I, [2012-07-16T11:11:52.600764 #9590] INFO -- : Redaction for node 313727664 v2 visible
I, [2012-07-16T11:11:52.695017 #9590] INFO -- : Redaction for node 313727664 v3 visible
I, [2012-07-16T11:11:52.810690 #9590] INFO -- : Redaction for node 313727664 v4 visible
I, [2012-07-16T11:11:53.000018 #9590] INFO -- : Redaction for node 313726923 v1 hidden
I, [2012-07-16T11:11:53.156467 #9590] INFO -- : Redaction for node 313726923 v2 visible
I, [2012-07-16T11:11:57.763207 #9588] INFO -- : Redaction for node 1582492652 v1 hidden
I, [2012-07-16T11:11:57.847293 #9588] INFO -- : Redaction for node 534736029 v1 hidden
I, [2012-07-16T11:11:57.944862 #9588] INFO -- : Redaction for node 1582550246 v1 hidden
I, [2012-07-16T11:11:58.036784 #9588] INFO -- : Redaction for node 534736184 v1 hidden
I, [2012-07-16T11:11:58.281094 #9590] INFO -- : Redaction for node 313726923 v3 visible
I, [2012-07-16T11:11:58.411074 #9590] INFO -- : Redaction for node 313726923 v4 visible
I, [2012-07-16T11:11:58.600524 #9588] INFO -- : Redaction for node 1582492654 v1 hidden
I, [2012-07-16T11:11:58.704733 #9588] INFO -- : Redaction for node 534736030 v1 hidden
I, [2012-07-16T11:11:58.817015 #9588] INFO -- : Redaction for node 1582550248 v1 hidden
I, [2012-07-16T11:11:58.969346 #9588] INFO -- : Redaction for node 534736185 v1 hidden
I, [2012-07-16T11:11:59.039733 #9590] INFO -- : Redaction for node 314407234 v1 hidden
I, [2012-07-16T11:11:59.095839 #9588] INFO -- : Redaction for node 1582492655 v1 hidden
I, [2012-07-16T11:11:59.148369 #9590] INFO -- : Redaction for node 314407234 v2 visible
I, [2012-07-16T11:11:59.232900 #9588] INFO -- : Redaction for node 534736187 v1 hidden
I, [2012-07-16T11:12:04.234962 #9590] INFO -- : Redaction for node 314407216 v1 hidden
I, [2012-07-16T11:12:04.316394 #9588] INFO -- : Redaction for node 1582492656 v1 hidden
I, [2012-07-16T11:12:04.328211 #9590] INFO -- : Redaction for node 314407216 v2 visible
I, [2012-07-16T11:12:04.411887 #9588] INFO -- : Redaction for node 534736031 v1 hidden
I, [2012-07-16T11:12:04.420022 #9590] INFO -- : Redaction for node 314407229 v1 hidden
I, [2012-07-16T11:12:04.497889 #9588] INFO -- : Redaction for node 1582550252 v1 hidden
I, [2012-07-16T11:12:04.503832 #9590] INFO -- : Redaction for node 314407229 v2 visible
I, [2012-07-16T11:12:04.593562 #9588] INFO -- : Redaction for node 534736188 v1 hidden
I, [2012-07-16T11:12:04.628713 #9590] INFO -- : Redaction for node 313726996 v1 hidden
I, [2012-07-16T11:12:05.487380 #9588] INFO -- : Redaction for node 1582492657 v1 hidden
I, [2012-07-16T11:12:05.492375 #9590] INFO -- : Redaction for node 313726996 v2 visible
I, [2012-07-16T11:12:05.634067 #9588] INFO -- : Redaction for node 534736190 v1 hidden
I, [2012-07-16T11:12:05.710431 #9590] INFO -- : Redaction for node 314407342 v1 hidden
I, [2012-07-16T11:12:05.750573 #9588] INFO -- : Redaction for node 1582492658 v1 hidden
I, [2012-07-16T11:12:05.864068 #9590] INFO -- : Redaction for node 314407342 v2 visible
I, [2012-07-16T11:12:05.920077 #9588] INFO -- : Redaction for node 534736192 v1 hidden
I, [2012-07-16T11:12:06.000021 #9590] INFO -- : Redaction for node 314407215 v1 hidden
I, [2012-07-16T11:12:06.139065 #9590] INFO -- : Redaction for node 314407215 v2 visible
I, [2012-07-16T11:12:06.227960 #9590] INFO -- : Redaction for node 313726925 v1 hidden
I, [2012-07-16T11:12:06.336670 #9590] INFO -- : Redaction for node 313726925 v2 visible
I, [2012-07-16T11:12:06.394114 #9588] INFO -- : Redaction for node 1582492659 v1 hidden
I, [2012-07-16T11:12:06.428144 #9590] INFO -- : Redaction for node 314407214 v1 hidden
I, [2012-07-16T11:12:06.508313 #9590] INFO -- : Redaction for node 314407214 v2 visible
I, [2012-07-16T11:12:06.598893 #9590] INFO -- : Redaction for node 313726908 v1 hidden
I, [2012-07-16T11:12:06.694738 #9590] INFO -- : Redaction for node 313726908 v2 visible
I, [2012-07-16T11:12:06.789984 #9590] INFO -- : Redaction for node 313726908 v3 visible
I, [2012-07-16T11:12:06.889816 #9590] INFO -- : Redaction for node 313726908 v4 visible
I, [2012-07-16T11:12:06.978522 #9590] INFO -- : Redaction for node 314407231 v1 hidden
I, [2012-07-16T11:12:11.503785 #9588] INFO -- : Redaction for node 534736032 v1 hidden
I, [2012-07-16T11:12:11.647452 #9588] INFO -- : Redaction for node 1582550257 v1 hidden
I, [2012-07-16T11:12:11.774023 #9588] INFO -- : Redaction for node 534736033 v1 hidden
I, [2012-07-16T11:12:11.898949 #9588] INFO -- : Redaction for node 1582550261 v1 hidden
I, [2012-07-16T11:12:11.988830 #9588] INFO -- : Redaction for node 534736035 v1 hidden
I, [2012-07-16T11:12:12.095622 #9590] INFO -- : Redaction for node 314407231 v2 visible
I, [2012-07-16T11:12:12.151399 #9588] INFO -- : Redaction for node 1582550265 v1 hidden
I, [2012-07-16T11:12:12.196489 #9590] INFO -- : Redaction for node 314407213 v1 hidden
I, [2012-07-16T11:12:12.286180 #9588] INFO -- : Redaction for node 534736193 v1 hidden
I, [2012-07-16T11:12:12.304067 #9590] INFO -- : Redaction for node 314407213 v2 visible
I, [2012-07-16T11:12:12.403490 #9588] INFO -- : Redaction for node 1582492660 v1 hidden
I, [2012-07-16T11:12:12.421697 #9590] INFO -- : Redaction for node 314407232 v1 hidden
I, [2012-07-16T11:12:12.564773 #9590] INFO -- : Redaction for node 314407232 v2 visible
I, [2012-07-16T11:12:12.586742 #9588] INFO -- : Redaction for node 534736036 v1 hidden
I, [2012-07-16T11:12:12.698629 #9590] INFO -- : Redaction for node 314407233 v1 hidden
I, [2012-07-16T11:12:12.714007 #9588] INFO -- : Redaction for node 1582550295 v1 hidden
I, [2012-07-16T11:12:12.810053 #9590] INFO -- : Redaction for node 314407233 v2 visible
I, [2012-07-16T11:12:12.826091 #9588] INFO -- : Redaction for node 534736194 v1 hidden
I, [2012-07-16T11:12:12.943380 #9590] INFO -- : Redaction for node 314407207 v1 hidden
I, [2012-07-16T11:12:12.973678 #9588] INFO -- : Redaction for node 1582492672 v1 hidden
I, [2012-07-16T11:12:13.117730 #9588] INFO -- : Redaction for node 534736195 v1 hidden
I, [2012-07-16T11:12:13.585761 #9590] INFO -- : Redaction for node 314407207 v2 visible
I, [2012-07-16T11:12:13.742111 #9590] INFO -- : Redaction for node 314407346 v1 hidden
I, [2012-07-16T11:12:13.888289 #9590] INFO -- : Redaction for node 314407346 v2 visible
I, [2012-07-16T11:12:13.998413 #9590] INFO -- : Redaction for node 314407349 v1 hidden
I, [2012-07-16T11:12:14.120397 #9590] INFO -- : Redaction for node 314407349 v2 visible
I, [2012-07-16T11:12:14.563913 #9590] INFO -- : Redaction for node 314407208 v1 hidden
I, [2012-07-16T11:12:18.210289 #9588] INFO -- : Redaction for node 1582491798 v1 hidden
I, [2012-07-16T11:12:18.302711 #9588] INFO -- : Redaction for node 534736237 v1 hidden
I, [2012-07-16T11:12:18.391604 #9588] INFO -- : Redaction for node 1582492673 v1 hidden
I, [2012-07-16T11:12:18.478882 #9588] INFO -- : Redaction for node 1582492674 v1 hidden
I, [2012-07-16T11:12:18.576506 #9588] INFO -- : Redaction for node 534736238 v1 hidden
I, [2012-07-16T11:12:18.676584 #9588] INFO -- : Redaction for node 1582492675 v1 hidden
I, [2012-07-16T11:12:18.802039 #9588] INFO -- : Redaction for node 534736240 v1 hidden
I, [2012-07-16T11:12:18.905484 #9588] INFO -- : Redaction for node 534736196 v1 hidden
I, [2012-07-16T11:12:18.987637 #9588] INFO -- : Redaction for node 1582492676 v1 hidden
I, [2012-07-16T11:12:19.083725 #9588] INFO -- : Redaction for node 1582550296 v1 hidden
I, [2012-07-16T11:12:19.175034 #9588] INFO -- : Redaction for node 534736037 v1 hidden
I, [2012-07-16T11:12:19.266799 #9588] INFO -- : Redaction for node 1582492677 v1 hidden
I, [2012-07-16T11:12:19.353250 #9588] INFO -- : Redaction for node 534736242 v1 hidden
I, [2012-07-16T11:12:19.455006 #9588] INFO -- : Redaction for node 534736243 v1 hidden
I, [2012-07-16T11:12:19.735522 #9590] INFO -- : Redaction for node 314407208 v2 visible
I, [2012-07-16T11:12:19.989084 #9590] INFO -- : Redaction for node 313726905 v1 hidden
I, [2012-07-16T11:12:20.121664 #9588] INFO -- : Redaction for node 1582492678 v1 hidden
I, [2012-07-16T11:12:20.149921 #9590] INFO -- : Redaction for node 313726905 v2 visible
I, [2012-07-16T11:12:20.275205 #9590] INFO -- : Redaction for node 313726905 v3 visible
I, [2012-07-16T11:12:20.302002 #9588] INFO -- : Redaction for node 534736244 v1 hidden
I, [2012-07-16T11:12:20.413051 #9590] INFO -- : Redaction for node 314407209 v1 hidden
I, [2012-07-16T11:12:20.458780 #9588] INFO -- : Redaction for node 1582492679 v1 hidden
I, [2012-07-16T11:12:20.557224 #9590] INFO -- : Redaction for node 314407209 v2 visible
I, [2012-07-16T11:12:20.614621 #9588] INFO -- : Redaction for node 534736245 v1 hidden
I, [2012-07-16T11:12:20.705117 #9590] INFO -- : Redaction for node 314407351 v1 hidden
I, [2012-07-16T11:12:20.731328 #9588] INFO -- : Redaction for node 1582492680 v1 hidden
I, [2012-07-16T11:12:20.908391 #9588] INFO -- : Redaction for node 1582492692 v1 hidden
I, [2012-07-16T11:12:20.915654 #9590] INFO -- : Redaction for node 314407351 v2 visible
I, [2012-07-16T11:12:21.041023 #9588] INFO -- : Redaction for node 534736246 v1 hidden
I, [2012-07-16T11:12:21.050777 #9590] INFO -- : Redaction for node 313726903 v1 hidden
I, [2012-07-16T11:12:21.226936 #9588] INFO -- : Redaction for node 534736039 v1 hidden
I, [2012-07-16T11:12:21.233017 #9590] INFO -- : Redaction for node 313726903 v2 visible
I, [2012-07-16T11:12:21.351982 #9590] INFO -- : Redaction for node 314407210 v1 hidden
I, [2012-07-16T11:12:21.354944 #9588] INFO -- : Redaction for node 1582491805 v1 hidden
I, [2012-07-16T11:12:21.462075 #9588] INFO -- : Redaction for node 1582550297 v1 hidden
I, [2012-07-16T11:12:21.579463 #9588] INFO -- : Redaction for node 534740468 v1 hidden
I, [2012-07-16T11:12:21.687593 #9588] INFO -- : Redaction for node 1582492693 v1 hidden
I, [2012-07-16T11:12:22.122208 #9588] INFO -- : Redaction for node 1582492695 v1 hidden
I, [2012-07-16T11:12:22.216469 #9588] INFO -- : Redaction for node 534736254 v1 hidden
I, [2012-07-16T11:12:22.325049 #9588] INFO -- : Redaction for node 534736247 v1 hidden
I, [2012-07-16T11:12:22.419532 #9588] INFO -- : Redaction for node 1582492694 v1 hidden
I, [2012-07-16T11:12:22.517251 #9588] INFO -- : Redaction for node 534736258 v1 hidden
I, [2012-07-16T11:12:26.756619 #9590] INFO -- : Redaction for node 314407210 v2 visible
I, [2012-07-16T11:12:26.843218 #9590] INFO -- : Redaction for node 314407211 v1 hidden
I, [2012-07-16T11:12:27.377742 #9590] INFO -- : Redaction for node 314407211 v2 visible
I, [2012-07-16T11:12:27.541407 #9590] INFO -- : Redaction for node 314407212 v1 hidden
I, [2012-07-16T11:12:27.632484 #9588] INFO -- : Redaction for node 1582492696 v1 hidden
I, [2012-07-16T11:12:27.647612 #9590] INFO -- : Redaction for node 314407212 v2 visible
I, [2012-07-16T11:12:27.753649 #9588] INFO -- : Redaction for node 534736257 v1 hidden
I, [2012-07-16T11:12:27.803680 #9590] INFO -- : Redaction for node 313726902 v1 hidden
I, [2012-07-16T11:12:27.916256 #9588] INFO -- : Redaction for node 1582492697 v1 hidden
I, [2012-07-16T11:12:27.953761 #9590] INFO -- : Redaction for node 313726902 v2 visible
I, [2012-07-16T11:12:28.028706 #9588] INFO -- : Redaction for node 534736253 v1 hidden
I, [2012-07-16T11:12:28.049863 #9590] INFO -- : Redaction for node 313726902 v3 visible
I, [2012-07-16T11:12:28.137356 #9588] INFO -- : Redaction for node 1582492698 v1 hidden
I, [2012-07-16T11:12:28.259923 #9588] INFO -- : Redaction for node 534736252 v1 hidden
I, [2012-07-16T11:12:28.433508 #9588] INFO -- : Redaction for node 534736248 v1 hidden
I, [2012-07-16T11:12:28.545675 #9588] INFO -- : Redaction for node 1582492699 v1 hidden
I, [2012-07-16T11:12:28.547817 #9590] INFO -- : Redaction for node 313726902 v4 visible
I, [2012-07-16T11:12:28.716580 #9590] INFO -- : Redaction for node 313727217 v1 hidden
I, [2012-07-16T11:12:28.730348 #9588] INFO -- : Redaction for node 1582492714 v1 hidden
I, [2012-07-16T11:12:28.867417 #9588] INFO -- : Redaction for node 534736259 v1 hidden
I, [2012-07-16T11:12:29.043285 #9588] INFO -- : Redaction for node 1582492710 v1 hidden
I, [2012-07-16T11:12:29.155554 #9588] INFO -- : Redaction for node 1582492712 v1 hidden
I, [2012-07-16T11:12:29.247937 #9588] INFO -- : Redaction for node 534736251 v1 hidden
I, [2012-07-16T11:12:29.355090 #9588] INFO -- : Redaction for node 534736250 v1 hidden
I, [2012-07-16T11:12:33.807538 #9590] INFO -- : Redaction for node 313727215 v1 hidden
I, [2012-07-16T11:12:33.886944 #9590] INFO -- : Redaction for node 313727215 v2 visible
I, [2012-07-16T11:12:33.969742 #9590] INFO -- : Redaction for node 313727215 v3 visible
I, [2012-07-16T11:12:34.061598 #9590] INFO -- : Redaction for node 314407353 v1 hidden
I, [2012-07-16T11:12:34.467441 #9590] INFO -- : Redaction for node 314407353 v2 visible
I, [2012-07-16T11:12:34.547098 #9590] INFO -- : Redaction for node 313727322 v1 hidden
I, [2012-07-16T11:12:34.639157 #9590] INFO -- : Redaction for node 313727323 v1 hidden
I, [2012-07-16T11:12:34.727989 #9590] INFO -- : Redaction for node 313727323 v2 visible
I, [2012-07-16T11:12:34.737608 #9588] INFO -- : Redaction for node 1582492716 v1 hidden
I, [2012-07-16T11:12:34.820869 #9590] INFO -- : Redaction for node 142513337 v1 hidden
I, [2012-07-16T11:12:34.831612 #9588] INFO -- : Redaction for node 534736197 v1 hidden
I, [2012-07-16T11:12:34.934518 #9590] INFO -- : Redaction for node 142513337 v2 visible
I, [2012-07-16T11:12:34.945604 #9588] INFO -- : Redaction for node 1582492718 v1 hidden
I, [2012-07-16T11:12:35.036909 #9590] INFO -- : Redaction for node 142513337 v3 visible
I, [2012-07-16T11:12:35.120530 #9590] INFO -- : Redaction for node 142513337 v4 visible
I, [2012-07-16T11:12:35.207103 #9590] INFO -- : Redaction for node 314407355 v1 hidden
I, [2012-07-16T11:12:35.556725 #9590] INFO -- : Redaction for node 314407355 v2 visible
I, [2012-07-16T11:12:35.638200 #9590] INFO -- : Redaction for node 142513336 v1 hidden
I, [2012-07-16T11:12:35.722127 #9590] INFO -- : Redaction for node 142513336 v2 visible
I, [2012-07-16T11:12:35.808377 #9590] INFO -- : Redaction for node 142513336 v3 visible
I, [2012-07-16T11:12:35.896235 #9590] INFO -- : Redaction for node 314407356 v1 hidden
I, [2012-07-16T11:12:35.975692 #9590] INFO -- : Redaction for node 314407356 v2 visible
I, [2012-07-16T11:12:36.050775 #9590] INFO -- : Redaction for node 142513335 v1 hidden
I, [2012-07-16T11:12:36.133143 #9590] INFO -- : Redaction for node 142513335 v2 visible
I, [2012-07-16T11:12:36.214626 #9590] INFO -- : Redaction for node 142513335 v3 visible
I, [2012-07-16T11:12:36.299101 #9590] INFO -- : Redaction for node 313724799 v1 hidden
I, [2012-07-16T11:12:36.382946 #9590] INFO -- : Redaction for node 313728851 v1 hidden
I, [2012-07-16T11:12:36.476061 #9590] INFO -- : Redaction for node 313728851 v2 visible
I, [2012-07-16T11:12:36.557696 #9590] INFO -- : Redaction for node 313728851 v3 visible
I, [2012-07-16T11:12:36.638685 #9590] INFO -- : Redaction for node 313728851 v4 visible
I, [2012-07-16T11:12:36.728612 #9590] INFO -- : Redaction for node 313728851 v5 visible
I, [2012-07-16T11:12:36.817085 #9590] INFO -- : Redaction for node 313729258 v1 hidden
I, [2012-07-16T11:12:36.903008 #9590] INFO -- : Redaction for node 313729258 v2 visible
I, [2012-07-16T11:12:36.980118 #9590] INFO -- : Redaction for node 313729258 v3 visible
I, [2012-07-16T11:12:37.060213 #9590] INFO -- : Redaction for node 313728853 v1 hidden
I, [2012-07-16T11:12:37.141711 #9590] INFO -- : Redaction for node 313728853 v2 hidden
I, [2012-07-16T11:12:37.231010 #9590] INFO -- : Redaction for node 313728853 v3 visible
I, [2012-07-16T11:12:37.312795 #9590] INFO -- : Redaction for node 313728853 v4 visible
I, [2012-07-16T11:12:37.395993 #9590] INFO -- : Redaction for node 313728854 v1 hidden
I, [2012-07-16T11:12:37.475572 #9590] INFO -- : Redaction for node 313728854 v2 hidden
I, [2012-07-16T11:12:37.551795 #9590] INFO -- : Redaction for node 313728854 v3 visible
I, [2012-07-16T11:12:37.634933 #9590] INFO -- : Redaction for node 313728854 v4 visible
I, [2012-07-16T11:12:37.719976 #9590] INFO -- : Redaction for node 313728826 v1 hidden
I, [2012-07-16T11:12:37.803489 #9590] INFO -- : Redaction for node 313728826 v2 visible
I, [2012-07-16T11:12:37.887636 #9590] INFO -- : Redaction for node 313728826 v3 visible
I, [2012-07-16T11:12:37.965905 #9590] INFO -- : Redaction for node 313728826 v4 visible
I, [2012-07-16T11:12:38.048823 #9590] INFO -- : Redaction for node 313728826 v5 visible
