I, [2012-07-16T11:24:30.409211 #9588] INFO -- : Redaction for node 60272476 v1 hidden
I, [2012-07-16T11:24:30.427995 #9590] INFO -- : Redaction for node 60272496 v2 visible
I, [2012-07-16T11:24:30.508795 #9588] INFO -- : Redaction for node 60272483 v1 hidden
I, [2012-07-16T11:24:30.514301 #9590] INFO -- : Redaction for node 60272496 v3 visible
I, [2012-07-16T11:24:30.614740 #9588] INFO -- : Redaction for node 60272483 v2 visible
I, [2012-07-16T11:24:30.616825 #9590] INFO -- : Redaction for node 60272496 v4 visible
I, [2012-07-16T11:24:30.708075 #9590] INFO -- : Redaction for node 60272496 v5 visible
I, [2012-07-16T11:24:30.728030 #9588] INFO -- : Redaction for node 60272483 v3 visible
I, [2012-07-16T11:24:30.796413 #9590] INFO -- : Redaction for node 60272496 v6 visible
I, [2012-07-16T11:24:30.897040 #9590] INFO -- : Redaction for node 60272496 v7 visible
I, [2012-07-16T11:24:31.017440 #9590] INFO -- : Redaction for node 60272495 v1 hidden
I, [2012-07-16T11:24:31.144325 #9590] INFO -- : Redaction for node 60272470 v1 hidden
I, [2012-07-16T11:24:31.328321 #9590] INFO -- : Redaction for node 60272470 v2 visible
I, [2012-07-16T11:24:31.379479 #9588] INFO -- : Redaction for node 60272483 v4 visible
I, [2012-07-16T11:24:31.504363 #9590] INFO -- : Redaction for node 60272470 v3 visible
I, [2012-07-16T11:24:31.564119 #9588] INFO -- : Redaction for node 60272483 v5 visible
I, [2012-07-16T11:24:31.664798 #9590] INFO -- : Redaction for node 60272470 v4 visible
I, [2012-07-16T11:24:31.702447 #9588] INFO -- : Redaction for node 60272483 v6 visible
I, [2012-07-16T11:24:31.825171 #9590] INFO -- : Redaction for node 60272470 v5 visible
I, [2012-07-16T11:24:31.835023 #9588] INFO -- : Redaction for node 60272483 v7 visible
I, [2012-07-16T11:24:31.953422 #9590] INFO -- : Redaction for node 60272470 v6 visible
I, [2012-07-16T11:24:31.977157 #9588] INFO -- : Redaction for node 60272482 v1 hidden
I, [2012-07-16T11:24:32.072871 #9590] INFO -- : Redaction for node 60272470 v7 visible
I, [2012-07-16T11:24:32.088113 #9588] INFO -- : Redaction for node 60272482 v2 visible
I, [2012-07-16T11:24:32.177480 #9590] INFO -- : Redaction for node 60272494 v1 hidden
I, [2012-07-16T11:24:32.188883 #9588] INFO -- : Redaction for node 60272482 v3 visible
I, [2012-07-16T11:24:32.267066 #9590] INFO -- : Redaction for node 60272466 v1 hidden
I, [2012-07-16T11:24:32.280999 #9588] INFO -- : Redaction for node 60272482 v4 visible
I, [2012-07-16T11:24:32.358994 #9590] INFO -- : Redaction for node 60272466 v2 visible
I, [2012-07-16T11:24:32.373842 #9588] INFO -- : Redaction for node 60272482 v5 visible
I, [2012-07-16T11:24:32.484950 #9588] INFO -- : Redaction for node 60272482 v6 visible
I, [2012-07-16T11:24:32.569119 #9588] INFO -- : Redaction for node 60272482 v7 visible
I, [2012-07-16T11:24:32.650990 #9588] INFO -- : Redaction for node 60272477 v1 hidden
I, [2012-07-16T11:24:32.983481 #9588] INFO -- : Redaction for node 60272477 v2 visible
I, [2012-07-16T11:24:33.067140 #9588] INFO -- : Redaction for node 60272477 v3 visible
I, [2012-07-16T11:24:33.151976 #9588] INFO -- : Redaction for node 60272477 v4 visible
I, [2012-07-16T11:24:33.235278 #9588] INFO -- : Redaction for node 60272477 v5 visible
I, [2012-07-16T11:24:33.328899 #9588] INFO -- : Redaction for node 60272477 v6 visible
I, [2012-07-16T11:24:33.415558 #9588] INFO -- : Redaction for node 60272477 v7 visible
I, [2012-07-16T11:24:33.505632 #9588] INFO -- : Redaction for node 60272481 v1 hidden
I, [2012-07-16T11:24:33.590182 #9588] INFO -- : Redaction for node 60272481 v2 visible
I, [2012-07-16T11:24:33.686499 #9588] INFO -- : Redaction for node 60272481 v3 visible
I, [2012-07-16T11:24:34.064555 #9588] INFO -- : Redaction for node 60272481 v4 visible
I, [2012-07-16T11:24:34.153068 #9588] INFO -- : Redaction for node 60272481 v5 visible
I, [2012-07-16T11:24:34.243184 #9588] INFO -- : Redaction for node 60272481 v6 visible
I, [2012-07-16T11:24:34.325953 #9588] INFO -- : Redaction for node 60272481 v7 visible
I, [2012-07-16T11:24:34.413057 #9588] INFO -- : Redaction for node 60272479 v1 hidden
I, [2012-07-16T11:24:34.497011 #9588] INFO -- : Redaction for node 60272479 v2 visible
I, [2012-07-16T11:24:34.599907 #9588] INFO -- : Redaction for node 60272479 v3 visible
I, [2012-07-16T11:24:34.685817 #9588] INFO -- : Redaction for node 60272479 v4 visible
I, [2012-07-16T11:24:34.773279 #9588] INFO -- : Redaction for node 60272479 v5 visible
I, [2012-07-16T11:24:34.859553 #9588] INFO -- : Redaction for node 60272479 v6 visible
I, [2012-07-16T11:24:34.947914 #9588] INFO -- : Redaction for node 60272479 v7 visible
I, [2012-07-16T11:24:35.037170 #9588] INFO -- : Redaction for node 60272480 v1 hidden
I, [2012-07-16T11:24:35.128821 #9588] INFO -- : Redaction for node 60272480 v2 visible
I, [2012-07-16T11:24:37.464816 #9590] INFO -- : Redaction for node 60272466 v3 visible
I, [2012-07-16T11:24:37.573626 #9590] INFO -- : Redaction for node 60272466 v4 visible
I, [2012-07-16T11:24:37.681569 #9590] INFO -- : Redaction for node 60272466 v5 visible
I, [2012-07-16T11:24:37.781657 #9590] INFO -- : Redaction for node 60272466 v6 visible
I, [2012-07-16T11:24:37.873211 #9590] INFO -- : Redaction for node 60272466 v7 visible
I, [2012-07-16T11:24:37.965637 #9590] INFO -- : Redaction for node 60272467 v1 hidden
I, [2012-07-16T11:24:38.069021 #9590] INFO -- : Redaction for node 60272467 v2 visible
I, [2012-07-16T11:24:38.567452 #9590] INFO -- : Redaction for node 60272467 v3 visible
I, [2012-07-16T11:24:38.672392 #9590] INFO -- : Redaction for node 60272467 v4 visible
I, [2012-07-16T11:24:38.771210 #9590] INFO -- : Redaction for node 60272467 v5 visible
I, [2012-07-16T11:24:38.868710 #9590] INFO -- : Redaction for node 60272467 v6 visible
I, [2012-07-16T11:24:38.966724 #9590] INFO -- : Redaction for node 60272467 v7 visible
I, [2012-07-16T11:24:39.060197 #9590] INFO -- : Redaction for node 60272493 v1 hidden
I, [2012-07-16T11:24:40.222885 #9588] INFO -- : Redaction for node 60272480 v3 visible
I, [2012-07-16T11:24:40.317414 #9588] INFO -- : Redaction for node 60272480 v4 visible
I, [2012-07-16T11:24:40.404505 #9588] INFO -- : Redaction for node 60272480 v5 visible
I, [2012-07-16T11:24:40.497588 #9588] INFO -- : Redaction for node 60272480 v6 visible
I, [2012-07-16T11:24:40.582840 #9588] INFO -- : Redaction for node 60272480 v7 visible
D, [2012-07-16T11:24:40.668954 #9588] DEBUG -- : Marking entities succeeded: 95 / 0 / 0
D, [2012-07-16T11:24:40.669052 #9588] DEBUG -- : Nodes: 1019683610,60272447,60272448,60272446,60272449,60272444,60272450,60272540,60272516,60272451,60272541,60272538,60272453,60272537,60272536,60272517,60272535,60272542,60272534,60272515,60272532,60272531,60272518,60272543,60272530,60272520,60272521,60272443,60272522,60272544,60272523,60272454,60272524,60272529,60272545,60272525,60272528,60272527,60272514,60272455,60272547,60272512,60272456,60272442,60272511,60272548,60272457,60272549,60272509,60272510,60272508,60272459,60272441,60272507,60272505,60272460,60272504,60272440,60272503,60272461,60272502,60272462,60272501,60272500,60272463,60272499,60272497,60272468,60272469,60272464,60272496,60272495,60272470,60272494,60272466,60272467,60272493,60272472,60272491,60272489,60272490,60272473,60272488,60272474,60272487,60272486,60272475,60272484,60272476,60272483,60272482,60272477,60272481,60272479,60272480
D, [2012-07-16T11:24:40.669115 #9588] DEBUG -- : Ways:
D, [2012-07-16T11:24:40.669149 #9588] DEBUG -- : Relations:
D, [2012-07-16T11:24:40.674137 #9588] DEBUG -- : 2 areas remaining
D, [2012-07-16T11:24:40.674198 #9588] DEBUG -- : 3 areas remaining
I, [2012-07-16T11:24:40.674256 #9588] INFO -- : Processing {:minlat=>46.0, :maxlat=>46.125, :minlon=>15.5625, :maxlon=>15.625}
D, [2012-07-16T11:24:40.780862 #9588] DEBUG -- : Processing Entities: 13 / 3 / 1
D, [2012-07-16T11:24:41.365344 #9588] DEBUG -- : Changeset:
I, [2012-07-16T11:24:42.204633 #9588] INFO -- : Uploaded changeset 12242555
I, [2012-07-16T11:24:42.204846 #9588] INFO -- : Redaction for node 1323018405 v1 hidden
I, [2012-07-16T11:24:42.287340 #9588] INFO -- : Redaction for node 1323017859 v1 hidden
I, [2012-07-16T11:24:42.372846 #9588] INFO -- : Redaction for node 1583859547 v1 hidden
I, [2012-07-16T11:24:42.457210 #9588] INFO -- : Redaction for node 1583859550 v1 hidden
I, [2012-07-16T11:24:42.541919 #9588] INFO -- : Redaction for node 1323018532 v1 hidden
I, [2012-07-16T11:24:42.638648 #9588] INFO -- : Redaction for node 1583859552 v1 hidden
I, [2012-07-16T11:24:42.732491 #9588] INFO -- : Redaction for node 1323018572 v1 hidden
I, [2012-07-16T11:24:42.818850 #9588] INFO -- : Redaction for node 1323018019 v1 hidden
I, [2012-07-16T11:24:43.173471 #9588] INFO -- : Redaction for node 1583859553 v1 hidden
I, [2012-07-16T11:24:43.255450 #9588] INFO -- : Redaction for node 1323018078 v1 hidden
I, [2012-07-16T11:24:43.605666 #9588] INFO -- : Redaction for node 1583859554 v1 hidden
I, [2012-07-16T11:24:43.703100 #9588] INFO -- : Redaction for node 1583859555 v1 hidden
I, [2012-07-16T11:24:43.786291 #9588] INFO -- : Redaction for node 1323018339 v1 hidden
I, [2012-07-16T11:24:43.870045 #9588] INFO -- : Redaction for way 144903465 v1 hidden
I, [2012-07-16T11:24:43.960025 #9588] INFO -- : Redaction for way 144903465 v2 visible
D, [2012-07-16T11:24:44.048705 #9588] DEBUG -- : Marking entities succeeded: 13 / 3 / 1
D, [2012-07-16T11:24:44.048848 #9588] DEBUG -- : Nodes: 1323018405,1323017859,1583859547,1583859550,1323018532,1583859552,1323018572,1323018019,1583859553,1323018078,1583859554,1583859555,1323018339
D, [2012-07-16T11:24:44.048886 #9588] DEBUG -- : Ways: 87471653,92405204,144903465
D, [2012-07-16T11:24:44.048918 #9588] DEBUG -- : Relations: 1542735
D, [2012-07-16T11:24:44.050656 #9588] DEBUG -- : 2 areas remaining
I, [2012-07-16T11:24:44.050742 #9588] INFO -- : Processing {:minlat=>46.0, :maxlat=>46.125, :minlon=>15.5, :maxlon=>15.5625}
D, [2012-07-16T11:24:44.150234 #9588] DEBUG -- : Processing Entities: 0 / 0 / 0
D, [2012-07-16T11:24:44.150390 #9588] DEBUG -- : No changeset to apply
D, [2012-07-16T11:24:44.150430 #9588] DEBUG -- : Marking entities succeeded: 0 / 0 / 0
D, [2012-07-16T11:24:44.150460 #9588] DEBUG -- : Nodes:
D, [2012-07-16T11:24:44.150492 #9588] DEBUG -- : Ways:
D, [2012-07-16T11:24:44.150521 #9588] DEBUG -- : Relations:
D, [2012-07-16T11:24:44.150551 #9588] DEBUG -- : 1 areas remaining
D, [2012-07-16T11:24:44.150605 #9588] DEBUG -- : 2 areas remaining
D, [2012-07-16T11:24:44.150641 #9588] DEBUG -- : 3 areas remaining
D, [2012-07-16T11:24:44.150677 #9588] DEBUG -- : 4 areas remaining
D, [2012-07-16T11:24:44.150732 #9588] DEBUG -- : 5 areas remaining
D, [2012-07-16T11:24:44.150771 #9588] DEBUG -- : 6 areas remaining
D, [2012-07-16T11:24:44.150806 #9588] DEBUG -- : 7 areas remaining
I, [2012-07-16T11:24:44.150865 #9588] INFO -- : Processing {:minlat=>46.875, :maxlat=>47.0, :minlon=>15.4375, :maxlon=>15.5}
I, [2012-07-16T11:24:44.155023 #9590] INFO -- : Redaction for node 60272472 v1 hidden
D, [2012-07-16T11:24:44.227774 #9588] DEBUG -- : Processing Entities: 735 / 90 / 0
I, [2012-07-16T11:24:44.240061 #9590] INFO -- : Redaction for node 60272472 v2 visible
I, [2012-07-16T11:24:44.326152 #9590] INFO -- : Redaction for node 60272472 v3 visible
I, [2012-07-16T11:24:44.431536 #9590] INFO -- : Redaction for node 60272472 v4 visible
I, [2012-07-16T11:24:44.526056 #9590] INFO -- : Redaction for node 60272472 v5 visible
I, [2012-07-16T11:24:44.634256 #9590] INFO -- : Redaction for node 60272472 v6 visible
I, [2012-07-16T11:24:45.356577 #9590] INFO -- : Redaction for node 60272472 v7 visible
I, [2012-07-16T11:24:45.491949 #9590] INFO -- : Redaction for node 60272491 v1 hidden
I, [2012-07-16T11:24:45.594821 #9590] INFO -- : Redaction for node 60272489 v1 hidden
I, [2012-07-16T11:24:50.683619 #9590] INFO -- : Redaction for node 60272489 v2 visible
I, [2012-07-16T11:24:50.767427 #9590] INFO -- : Redaction for node 60272489 v3 visible
I, [2012-07-16T11:24:50.854951 #9590] INFO -- : Redaction for node 60272489 v4 visible
I, [2012-07-16T11:24:50.946934 #9590] INFO -- : Redaction for node 60272489 v5 visible
I, [2012-07-16T11:24:51.041088 #9590] INFO -- : Redaction for node 60272489 v6 visible
I, [2012-07-16T11:24:51.149116 #9590] INFO -- : Redaction for node 60272489 v7 visible
I, [2012-07-16T11:24:51.273992 #9590] INFO -- : Redaction for node 60272490 v1 hidden
I, [2012-07-16T11:24:51.377935 #9590] INFO -- : Redaction for node 60272473 v1 hidden
I, [2012-07-16T11:24:51.486749 #9590] INFO -- : Redaction for node 60272488 v1 hidden
I, [2012-07-16T11:24:51.591746 #9590] INFO -- : Redaction for node 60272474 v1 hidden
I, [2012-07-16T11:24:51.691566 #9590] INFO -- : Redaction for node 60272487 v1 hidden
I, [2012-07-16T11:24:51.795165 #9590] INFO -- : Redaction for node 60272486 v1 hidden
I, [2012-07-16T11:24:51.892356 #9590] INFO -- : Redaction for node 60272475 v1 hidden
I, [2012-07-16T11:24:52.021626 #9590] INFO -- : Redaction for node 60272475 v2 visible
I, [2012-07-16T11:24:52.116986 #9590] INFO -- : Redaction for node 60272475 v3 visible
I, [2012-07-16T11:24:52.214485 #9590] INFO -- : Redaction for node 60272475 v4 visible
I, [2012-07-16T11:24:52.304867 #9590] INFO -- : Redaction for node 60272475 v5 visible
I, [2012-07-16T11:24:57.424296 #9590] INFO -- : Redaction for node 60272475 v6 visible
I, [2012-07-16T11:24:57.522905 #9590] INFO -- : Redaction for node 60272475 v7 visible
I, [2012-07-16T11:24:57.626227 #9590] INFO -- : Redaction for node 60272484 v1 hidden
I, [2012-07-16T11:24:57.719305 #9590] INFO -- : Redaction for node 60272476 v1 hidden
I, [2012-07-16T11:24:57.805451 #9590] INFO -- : Redaction for node 60272483 v1 hidden
I, [2012-07-16T11:24:57.898122 #9590] INFO -- : Redaction for node 60272483 v2 visible
I, [2012-07-16T11:24:57.995660 #9590] INFO -- : Redaction for node 60272483 v3 visible
I, [2012-07-16T11:24:58.508977 #9590] INFO -- : Redaction for node 60272483 v4 visible
I, [2012-07-16T11:24:58.634653 #9590] INFO -- : Redaction for node 60272483 v5 visible
I, [2012-07-16T11:24:58.733687 #9590] INFO -- : Redaction for node 60272483 v6 visible
I, [2012-07-16T11:24:58.833503 #9590] INFO -- : Redaction for node 60272483 v7 visible
I, [2012-07-16T11:24:58.923134 #9590] INFO -- : Redaction for node 60272482 v1 hidden
I, [2012-07-16T11:24:59.022205 #9590] INFO -- : Redaction for node 60272482 v2 visible
I, [2012-07-16T11:24:59.122137 #9590] INFO -- : Redaction for node 60272482 v3 visible
I, [2012-07-16T11:24:59.215987 #9590] INFO -- : Redaction for node 60272482 v4 visible
I, [2012-07-16T11:24:59.588836 #9590] INFO -- : Redaction for node 60272482 v5 visible
I, [2012-07-16T11:24:59.673271 #9590] INFO -- : Redaction for node 60272482 v6 visible
I, [2012-07-16T11:24:59.758061 #9590] INFO -- : Redaction for node 60272482 v7 visible
I, [2012-07-16T11:24:59.841645 #9590] INFO -- : Redaction for node 60272477 v1 hidden
D, [2012-07-16T11:25:01.346069 #9588] DEBUG -- : Changeset:
I, [2012-07-16T11:25:04.934063 #9590] INFO -- : Redaction for node 60272477 v2 visible
I, [2012-07-16T11:25:05.031607 #9590] INFO -- : Redaction for node 60272477 v3 visible
I, [2012-07-16T11:25:05.557889 #9590] INFO -- : Redaction for node 60272477 v4 visible
I, [2012-07-16T11:25:05.671196 #9590] INFO -- : Redaction for node 60272477 v5 visible
I, [2012-07-16T11:25:05.772999 #9590] INFO -- : Redaction for node 60272477 v6 visible
I, [2012-07-16T11:25:05.861919 #9590] INFO -- : Redaction for node 60272477 v7 visible
I, [2012-07-16T11:25:05.953955 #9590] INFO -- : Redaction for node 60272481 v1 hidden
I, [2012-07-16T11:25:06.040461 #9590] INFO -- : Redaction for node 60272481 v2 visible
I, [2012-07-16T11:25:06.131760 #9590] INFO -- : Redaction for node 60272481 v3 visible
I, [2012-07-16T11:25:11.223565 #9590] INFO -- : Redaction for node 60272481 v4 visible
I, [2012-07-16T11:25:11.311761 #9590] INFO -- : Redaction for node 60272481 v5 visible
I, [2012-07-16T11:25:11.397837 #9590] INFO -- : Redaction for node 60272481 v6 visible
I, [2012-07-16T11:25:11.488896 #9590] INFO -- : Redaction for node 60272481 v7 visible
I, [2012-07-16T11:25:11.580355 #9590] INFO -- : Redaction for node 60272479 v1 hidden
I, [2012-07-16T11:25:11.681877 #9590] INFO -- : Redaction for node 60272479 v2 visible
I, [2012-07-16T11:25:12.081593 #9590] INFO -- : Redaction for node 60272479 v3 visible
I, [2012-07-16T11:25:12.170990 #9590] INFO -- : Redaction for node 60272479 v4 visible
I, [2012-07-16T11:25:12.301791 #9590] INFO -- : Redaction for node 60272479 v5 visible
I, [2012-07-16T11:25:12.401450 #9590] INFO -- : Redaction for node 60272479 v6 visible
I, [2012-07-16T11:25:12.492735 #9590] INFO -- : Redaction for node 60272479 v7 visible
I, [2012-07-16T11:25:12.962302 #9590] INFO -- : Redaction for node 60272480 v1 hidden
I, [2012-07-16T11:25:13.053120 #9590] INFO -- : Redaction for node 60272480 v2 visible
I, [2012-07-16T11:25:13.142964 #9590] INFO -- : Redaction for node 60272480 v3 visible
I, [2012-07-16T11:25:13.243968 #9590] INFO -- : Redaction for node 60272480 v4 visible
I, [2012-07-16T11:25:13.331738 #9590] INFO -- : Redaction for node 60272480 v5 visible
I, [2012-07-16T11:25:13.776920 #9590] INFO -- : Redaction for node 60272480 v6 visible
I, [2012-07-16T11:25:13.872502 #9590] INFO -- : Redaction for node 60272480 v7 visible
D, [2012-07-16T11:25:18.962388 #9590] DEBUG -- : Marking entities succeeded: 95 / 0 / 0
D, [2012-07-16T11:25:18.962509 #9590] DEBUG -- : Nodes: 1019683610,60272447,60272448,60272446,60272449,60272444,60272450,60272540,60272516,60272451,60272541,60272538,60272453,60272537,60272536,60272517,60272535,60272542,60272534,60272515,60272532,60272531,60272518,60272543,60272530,60272520,60272521,60272443,60272522,60272544,60272523,60272454,60272524,60272529,60272545,60272525,60272528,60272527,60272514,60272455,60272547,60272512,60272456,60272442,60272511,60272548,60272457,60272549,60272509,60272510,60272508,60272459,60272441,60272507,60272505,60272460,60272504,60272440,60272503,60272461,60272502,60272462,60272501,60272500,60272463,60272499,60272497,60272468,60272469,60272464,60272496,60272495,60272470,60272494,60272466,60272467,60272493,60272472,60272491,60272489,60272490,60272473,60272488,60272474,60272487,60272486,60272475,60272484,60272476,60272483,60272482,60272477,60272481,60272479,60272480
D, [2012-07-16T11:25:18.962561 #9590] DEBUG -- : Ways:
D, [2012-07-16T11:25:18.962594 #9590] DEBUG -- : Relations:
D, [2012-07-16T11:25:18.965938 #9590] DEBUG -- : 2 areas remaining
D, [2012-07-16T11:25:18.966011 #9590] DEBUG -- : 3 areas remaining
I, [2012-07-16T11:25:18.966074 #9590] INFO -- : Processing {:minlat=>46.0, :maxlat=>46.125, :minlon=>15.5625, :maxlon=>15.625}
D, [2012-07-16T11:25:19.072046 #9590] DEBUG -- : Processing Entities: 0 / 0 / 0
D, [2012-07-16T11:25:19.072288 #9590] DEBUG -- : No changeset to apply
D, [2012-07-16T11:25:19.072330 #9590] DEBUG -- : Marking entities succeeded: 0 / 0 / 0
D, [2012-07-16T11:25:19.072362 #9590] DEBUG -- : Nodes:
D, [2012-07-16T11:25:19.072392 #9590] DEBUG -- : Ways:
D, [2012-07-16T11:25:19.072422 #9590] DEBUG -- : Relations:
D, [2012-07-16T11:25:19.072455 #9590] DEBUG -- : 2 areas remaining
I, [2012-07-16T11:25:19.072523 #9590] INFO -- : Processing {:minlat=>46.0, :maxlat=>46.125, :minlon=>15.5, :maxlon=>15.5625}
D, [2012-07-16T11:25:19.169404 #9590] DEBUG -- : Processing Entities: 0 / 0 / 0
D, [2012-07-16T11:25:19.169585 #9590] DEBUG -- : No changeset to apply
D, [2012-07-16T11:25:19.169626 #9590] DEBUG -- : Marking entities succeeded: 0 / 0 / 0
D, [2012-07-16T11:25:19.169687 #9590] DEBUG -- : Nodes:
D, [2012-07-16T11:25:19.169718 #9590] DEBUG -- : Ways:
D, [2012-07-16T11:25:19.169747 #9590] DEBUG -- : Relations:
D, [2012-07-16T11:25:19.169778 #9590] DEBUG -- : 1 areas remaining
D, [2012-07-16T11:25:19.169829 #9590] DEBUG -- : 2 areas remaining
D, [2012-07-16T11:25:19.169866 #9590] DEBUG -- : 3 areas remaining
D, [2012-07-16T11:25:19.169902 #9590] DEBUG -- : 4 areas remaining
D, [2012-07-16T11:25:19.169940 #9590] DEBUG -- : 5 areas remaining
D, [2012-07-16T11:25:19.169978 #9590] DEBUG -- : 6 areas remaining
D, [2012-07-16T11:25:19.170014 #9590] DEBUG -- : 7 areas remaining
I, [2012-07-16T11:25:19.170073 #9590] INFO -- : Processing {:minlat=>46.875, :maxlat=>47.0, :minlon=>15.4375, :maxlon=>15.5}
D, [2012-07-16T11:25:19.246868 #9590] DEBUG -- : Processing Entities: 735 / 90 / 0
I, [2012-07-16T11:25:20.357533 #9588] INFO -- : Uploaded changeset 12242558
I, [2012-07-16T11:25:20.357629 #9588] INFO -- : Redaction for node 495965795 v1 hidden
I, [2012-07-16T11:25:20.460304 #9588] INFO -- : Redaction for node 495965969 v1 hidden
I, [2012-07-16T11:25:20.542790 #9588] INFO -- : Redaction for node 495965797 v1 hidden
I, [2012-07-16T11:25:20.633173 #9588] INFO -- : Redaction for node 495965970 v1 hidden
I, [2012-07-16T11:25:20.720289 #9588] INFO -- : Redaction for node 668708441 v1 hidden
I, [2012-07-16T11:25:20.833517 #9588] INFO -- : Redaction for node 668708441 v2 hidden
I, [2012-07-16T11:25:20.933706 #9588] INFO -- : Redaction for node 668708441 v3 visible
I, [2012-07-16T11:25:21.041584 #9588] INFO -- : Redaction for node 668708441 v4 visible
I, [2012-07-16T11:25:21.138469 #9588] INFO -- : Redaction for node 495965798 v1 hidden
I, [2012-07-16T11:25:21.221242 #9588] INFO -- : Redaction for node 495965972 v1 hidden
I, [2012-07-16T11:25:21.306644 #9588] INFO -- : Redaction for node 495965800 v1 hidden
I, [2012-07-16T11:25:21.395929 #9588] INFO -- : Redaction for node 495965973 v1 hidden
I, [2012-07-16T11:25:21.483557 #9588] INFO -- : Redaction for node 495965801 v1 hidden
I, [2012-07-16T11:25:21.571938 #9588] INFO -- : Redaction for node 495965974 v1 hidden
I, [2012-07-16T11:25:21.902180 #9588] INFO -- : Redaction for node 495965802 v1 hidden
I, [2012-07-16T11:25:21.985994 #9588] INFO -- : Redaction for node 495965975 v1 hidden
I, [2012-07-16T11:25:22.066666 #9588] INFO -- : Redaction for node 495965806 v1 hidden
I, [2012-07-16T11:25:22.152765 #9588] INFO -- : Redaction for node 495965980 v1 hidden
I, [2012-07-16T11:25:22.238439 #9588] INFO -- : Redaction for node 495965807 v1 hidden
I, [2012-07-16T11:25:22.324130 #9588] INFO -- : Redaction for node 495965982 v1 hidden
I, [2012-07-16T11:25:22.408802 #9588] INFO -- : Redaction for node 495965809 v1 hidden
I, [2012-07-16T11:25:22.493789 #9588] INFO -- : Redaction for node 495965985 v1 hidden
I, [2012-07-16T11:25:22.631865 #9588] INFO -- : Redaction for node 495965812 v1 hidden
I, [2012-07-16T11:25:22.716665 #9588] INFO -- : Redaction for node 495965988 v1 hidden
I, [2012-07-16T11:25:22.800142 #9588] INFO -- : Redaction for node 495965811 v1 hidden
I, [2012-07-16T11:25:22.882550 #9588] INFO -- : Redaction for node 495965986 v1 hidden
I, [2012-07-16T11:25:22.970854 #9588] INFO -- : Redaction for node 495965813 v1 hidden
I, [2012-07-16T11:25:23.061172 #9588] INFO -- : Redaction for node 495965991 v1 hidden
I, [2012-07-16T11:25:23.150075 #9588] INFO -- : Redaction for node 495965815 v1 hidden
I, [2012-07-16T11:25:23.240094 #9588] INFO -- : Redaction for node 495965994 v1 hidden
D, [2012-07-16T11:25:23.281999 #9590] DEBUG -- : Changeset:
I, [2012-07-16T11:25:23.324228 #9588] INFO -- : Redaction for node 495965816 v1 hidden
E, [2012-07-16T11:25:23.363635 #9590] ERROR -- : Changeset failed to apply. Response 409: Version mismatch: Provided 8, server had: 9 of Way 30764670
E, [2012-07-16T11:25:23.363718 #9590] ERROR -- : Changeset failed to apply
E, [2012-07-16T11:25:23.363748 #9590] ERROR -- : ["run_bot.rb:169:in `process_changeset'", "run_bot.rb:201:in `block in process_entities'", "run_bot.rb:200:in `each_slice'", "run_bot.rb:200:in `process_entities'", "run_bot.rb:461:in `block in
'", "run_bot.rb:416:in `transaction'", "run_bot.rb:416:in `
'"]
E, [2012-07-16T11:25:23.363833 #9590] ERROR -- : Marking region failed: {:id=>"564", :lat=>46.0, :lon=>15.0}
E, [2012-07-16T11:25:23.374865 #9590] ERROR -- : Marking entities as failed: 735 / 90 / 0
E, [2012-07-16T11:25:23.375353 #9590] ERROR -- : Nodes: 274082175,495965795,495965969,495965797,495965970,668708441,495965798,495965972,495965800,495965973,495965801,495965974,495965802,495965975,495965806,495965980,495965807,495965982,251879999,495965809,495965985,495965812,495965988,495965811,495965986,495965813,495965991,495965815,495965994,495965816,495965996,495965818,495965998,495965819,495966000,495965820,495966001,495965822,495966002,264391353,264391382,264391380,264391352,264391384,264391383,264391378,264391357,264391354,264391358,264391351,495965825,495966003,264391356,264391355,264391360,264391385,264391362,264391350,264391376,264391364,264391366,495965826,495966008,264391349,264391386,495965828,495966009,264391368,264391374,264391348,264391370,264391372,264391387,495965829,495966010,264391347,264391346,264391345,264391344,251879983,264391342,264391343,264391341,264391340,251879982,264391335,264391339,264391336,251879981,264391338,264391334,264391337,264391332,264391333,264391331,264391330,264391329,668716501,264391328,668714261,264391327,264391326,668712399,264391325,264391324,264391323,668711690,264391322,264391321,264391320,264391319,264391318,264391317,264391311,264391310,264391315,264391309,264391314,264391308,264391313,264391312,264391307,264391306,264391305,615130641,264391304,251879965,418170564,264391303,251879963,264391302,251879960,264391297,264391296,251879953,264391295,264391294,264391293,251879949,264391292,264391291,264391290,264391289,264391288,251879945,264391287,251879943,264391286,264391285,264391284,264391283,264391476,834760694,615130736,834760790,668717559,251879923,281266442,306383417,36678070,251879918,34846294,278643556,278644086,668717755,86060892,86060893,86060894,33069952,33347178,33347177,277731595,33347176,277731594,277731593,277731596,306385198,278644087,277731597,277731598,277731591,277731592,277731590,277731599,277731600,277731604,277731603,277731602,277731601,277731618,278644088,277731619,277731605,277731606,277731617,277731723,277731724,277731620,100322118,277731616,277731725,277731722,277731607,278644089,277731621,277731721,277731615,34834399,277731726,277731747,277731748,277731720,277731746,277731608,277731719,277731622,278644090,277731614,277731745,277731444,277731718,100321749,277731445,277731609,278683748,277731623,277731613,278644091,277731610,277731717,277731612,277731611,277731743,278644092,277731744,277731624,277731727,277731716,278643555,277731625,277731715,277731443,277731740,278643547,277731626,277731714,278643554,277731742,277731734,278643548,33347181,278643546,277731627,277731713,278643553,278643549,277731442,277731741,277731628,278643545,278683747,278643550,278643552,277731712,277731711,277731732,277731728,277731441,278643544,277731710,277731629,276784723,277731739,277731709,277731440,277731708,277731738,251879913,277731630,278643543,277731737,276785490,278683746,278909272,277731736,278909271,122057885,277731735,276785491,277730981,276785493,251879912,278683745,277730980,277731731,278683109,277730977,277730976,278683110,277730979,277730978,278683108,278683111,277730975,86058386,277731733,277731729,278683112,277730974,277731730,278683113,278683744,277730973,268148012,268148010,33028713,277730972,278908887,278683114,278642897,122057882,278643542,268148004,251879911,278683115,268184807,277730971,278643541,268148009,268148005,268148006,278683743,278906917,277730970,278906578,278683116,278906577,278643540,278906576,268148001,277730969,278683117,33028714,278683118,278906575,278683742,278683119,278906574,277730968,278907597,278907595,278906573,278907599,278907593,278683120,278906572,122057874,122057877,277730967,278907592,122057872,278907601,251879910,122057879,278907590,278683121,277730966,277732008,122057871,278907604,278683122,251879909,122057869,277732009,278683741,278907605,251879908,278683123,277730965,33028715,278906571,277732930,274083436,278906566,278683124,278683740,251879907,268147996,277732929,278906567,278907606,278683125,277732928,278906568,278906570,278906569,278683739,277732927,278683126,277732926,268147995,86059166,278683738,277732925,278683127,277730964,278683737,122057867,277732924,278683736,277732923,278683128,277732011,277732922,278683129,278907607,278683130,278683735,278683304,251879906,278683611,277730963,278683734,278683305,278907608,60369663,278683733,277732012,277730666,277730962,277730665,278683306,278683732,278907609,39475647,307922665,277730664,277730663,278683307,268147986,251879905,277730662,277732013,278907610,277732920,277732918,277732919,277732921,277730661,251879904,277730660,278683308,277730659,277730658,277730657,278683313,278683312,86059504,277730656,277732014,278683314,278683310,278683311,278683309,278683315,86059499,277730655,251879903,277730654,85935508,278683316,277730653,268147981,34845573,277730652,278683534,33028573,224636173,277730651,268148035,278683535,277730650,251879902,277730649,278683536,251879900,268147977,277730648,224636172,278683537,251879901,277730647,278683550,278683538,278683549,278684160,277730646,278684161,278684159,39475662,278683548,278683551,278683539,278684162,278683552,278684158,277730645,278683553,278684163,86110075,278684164,278684154,278683554,278683543,278684165,278683547,278684166,278683542,278684157,277730644,278683544,278683541,278683540,278684155,278683545,251879898,278684153,278683546,278684156,278683555,277730643,278684167,251879899,277730642,278684173,278684168,278683559,278683556,278684172,278684169,33347125,277730641,278684171,278684170,278683558,278683557,277730640,277730639,278684441,278684442,251879894,277730638,269244688,278684440,278684443,277730637,278684439,277730636,278684444,277730635,278684438,277730634,278684437,277730633,278684445,86110077,278684436,277730632,278684446,277730631,278684435,278684434,277730630,268147954,277730629,268147953,277730628,278684447,277730627,268147950,277730626,278684448,268147948,277730625,268147947,277730624,278684449,278684450,277730623,268147946,278684451,277730622,278684452,277730621,278684453,277730620,268147944,277730619,268147943,278684505,278684454,269244663,269244666,278684504,278684503,86110078,278684502,278684501,268148055,268147939,268147938,251879886,278684663,269244924,278684662,278684661,278684660,278684659,278684658,278684657,33347107,278684656,251879883,86092270,278684592,278684655,278684591,86110079,278684590,268147932,251879882,278684586,278684587,278684585,278684584,278684589,278684588,251879881,269244945,278684583,269244947,269244959,278684582,86057992,278684581,278684580,268147926,278684579,33347105,278684578,268147925,278684577,86057993,269244980,268147924,278684576,85999685,33347103,251879877,269244986,251879875,33347299,86110081,269244994,268147918,251879873,85999005,268147917,268148071,268147916,86057994,269245016,86057995,268148078,269245019,33347297,268147905,268147904,269245030,251879866,251879865,33028563,86057996,268147869,268147868,268147890,268147888,251879862,268147860,268147859,268147886,86057997,251879860,268147883,269026312,268147849,268147848,86057619,268147843,268147842,268147841,268147838,268147837,251879854,86012077,268148102,86012011,268148105,31247259,86012010,86031153,34912214,268147831,268147830,86057598,86012351,86012350,834760731,269026485,268147821,86012357,33028557,269221593,269221612,33346993,269026490,269026492,268148112,269026495,268147810,268147809,268147808,86011037,268147806,268147804
E, [2012-07-16T11:25:23.375464 #9590] ERROR -- : Ways: 25899345,25899346,25899344,25899347,35401809,35800374,35401810,35800373,31452587,31452595,31452591,31452588,27224923,27224921,27224919,27224924,30764670,95507342,95507341,95507344,95507338,24369262,24369209,27285037,27285034,27285036,27285035,25564649,10276035,5010845,25488101,25586654,25396464,11290514,25149375,25488042,25149151,25488123,25396463,25396480,25586708,25396501,25567004,25586691,24670764,25586686,25586461,25149218,25488154,25586507,25149216,25155461,8069118,25586427,27911104,27911109,28042150,25586682,25488019,25567076,27911125,27911134,25488252,5010905,25396514,4980250,25567135,10277492,25567166,25487992,25567175,25567184,24778761,24778793,25567180,5010840,10274253,5010863,10275976,24670762,24755777,20909723,10274655,10277499,10275973,24755467,25586771,24775760,24663499,24663498
E, [2012-07-16T11:25:23.375496 #9590] ERROR -- : Relations:
D, [2012-07-16T11:25:23.413719 #9590] DEBUG -- : 6 areas remaining
I, [2012-07-16T11:25:23.413848 #9590] INFO -- : Processing {:minlat=>46.875, :maxlat=>47.0, :minlon=>15.375, :maxlon=>15.4375}
D, [2012-07-16T11:25:23.483237 #9590] DEBUG -- : Processing Entities: 333 / 38 / 2
I, [2012-07-16T11:25:23.666234 #9588] INFO -- : Redaction for node 495965996 v1 hidden
I, [2012-07-16T11:25:23.759029 #9588] INFO -- : Redaction for node 495965818 v1 hidden
I, [2012-07-16T11:25:23.842100 #9588] INFO -- : Redaction for node 495965998 v1 hidden
I, [2012-07-16T11:25:23.922716 #9588] INFO -- : Redaction for node 495965819 v1 hidden
I, [2012-07-16T11:25:24.012552 #9588] INFO -- : Redaction for node 495966000 v1 hidden
I, [2012-07-16T11:25:24.101867 #9588] INFO -- : Redaction for node 495965820 v1 hidden
I, [2012-07-16T11:25:24.200573 #9588] INFO -- : Redaction for node 495966001 v1 hidden
I, [2012-07-16T11:25:24.281637 #9588] INFO -- : Redaction for node 495965822 v1 hidden
I, [2012-07-16T11:25:24.366831 #9588] INFO -- : Redaction for node 495966002 v1 hidden
I, [2012-07-16T11:25:24.451465 #9588] INFO -- : Redaction for node 495965825 v1 hidden
I, [2012-07-16T11:25:24.542548 #9588] INFO -- : Redaction for node 495966003 v1 hidden
I, [2012-07-16T11:25:24.633205 #9588] INFO -- : Redaction for node 495965826 v1 hidden
I, [2012-07-16T11:25:24.738284 #9588] INFO -- : Redaction for node 495966008 v1 hidden
I, [2012-07-16T11:25:24.818161 #9588] INFO -- : Redaction for node 495965828 v1 hidden
I, [2012-07-16T11:25:25.192250 #9588] INFO -- : Redaction for node 495966009 v1 hidden
I, [2012-07-16T11:25:25.276851 #9588] INFO -- : Redaction for node 495965829 v1 hidden
I, [2012-07-16T11:25:25.364402 #9588] INFO -- : Redaction for node 495966010 v1 hidden
I, [2012-07-16T11:25:25.461266 #9588] INFO -- : Redaction for node 668716501 v1 hidden
I, [2012-07-16T11:25:25.562963 #9588] INFO -- : Redaction for node 668716501 v2 visible
I, [2012-07-16T11:25:25.670227 #9588] INFO -- : Redaction for node 668716501 v3 visible
I, [2012-07-16T11:25:25.777156 #9588] INFO -- : Redaction for node 668714261 v1 hidden
I, [2012-07-16T11:25:25.874008 #9588] INFO -- : Redaction for node 668714261 v2 visible
I, [2012-07-16T11:25:25.965982 #9588] INFO -- : Redaction for node 668714261 v3 visible
I, [2012-07-16T11:25:26.094936 #9588] INFO -- : Redaction for node 264391326 v2 hidden
I, [2012-07-16T11:25:26.219879 #9588] INFO -- : Redaction for node 264391326 v3 visible
I, [2012-07-16T11:25:26.319663 #9588] INFO -- : Redaction for node 668712399 v1 hidden
I, [2012-07-16T11:25:26.431809 #9588] INFO -- : Redaction for node 668712399 v2 visible
I, [2012-07-16T11:25:26.514753 #9588] INFO -- : Redaction for node 264391325 v2 hidden
I, [2012-07-16T11:25:26.604747 #9588] INFO -- : Redaction for node 264391325 v3 visible
I, [2012-07-16T11:25:26.698642 #9588] INFO -- : Redaction for node 264391324 v2 hidden
I, [2012-07-16T11:25:26.790681 #9588] INFO -- : Redaction for node 264391324 v3 hidden
I, [2012-07-16T11:25:26.889251 #9588] INFO -- : Redaction for node 264391323 v2 hidden
I, [2012-07-16T11:25:26.982435 #9588] INFO -- : Redaction for node 264391323 v3 hidden
D, [2012-07-16T11:25:31.332383 #9590] DEBUG -- : Changeset:
I, [2012-07-16T11:25:32.080936 #9588] INFO -- : Redaction for node 668711690 v1 hidden
I, [2012-07-16T11:25:32.193549 #9588] INFO -- : Redaction for node 264391322 v2 hidden
I, [2012-07-16T11:25:32.292624 #9588] INFO -- : Redaction for node 264391322 v3 hidden
I, [2012-07-16T11:25:32.396615 #9588] INFO -- : Redaction for node 264391321 v2 hidden
I, [2012-07-16T11:25:32.493667 #9588] INFO -- : Redaction for node 264391320 v2 hidden
I, [2012-07-16T11:25:32.605038 #9588] INFO -- : Redaction for node 615130641 v2 hidden
I, [2012-07-16T11:25:32.870646 #9588] INFO -- : Redaction for node 418170564 v1 hidden
I, [2012-07-16T11:25:32.987748 #9588] INFO -- : Redaction for node 418170564 v2 visible
I, [2012-07-16T11:25:33.077689 #9588] INFO -- : Redaction for node 834760694 v2 hidden
I, [2012-07-16T11:25:33.444712 #9588] INFO -- : Redaction for node 834760694 v3 hidden
I, [2012-07-16T11:25:38.543728 #9588] INFO -- : Redaction for node 834760694 v4 visible
I, [2012-07-16T11:25:38.635693 #9588] INFO -- : Redaction for node 615130736 v2 hidden
I, [2012-07-16T11:25:38.744756 #9588] INFO -- : Redaction for node 834760790 v2 hidden
I, [2012-07-16T11:25:38.857062 #9588] INFO -- : Redaction for node 834760790 v3 hidden
I, [2012-07-16T11:25:38.983931 #9588] INFO -- : Redaction for node 834760790 v4 visible
I, [2012-07-16T11:25:39.092194 #9588] INFO -- : Redaction for node 668717559 v1 hidden
I, [2012-07-16T11:25:39.238883 #9590] INFO -- : Uploaded changeset 12242566
I, [2012-07-16T11:25:39.239005 #9590] INFO -- : Redaction for node 668709143 v1 hidden
I, [2012-07-16T11:25:39.374033 #9590] INFO -- : Redaction for node 668709143 v2 hidden
I, [2012-07-16T11:25:39.469272 #9590] INFO -- : Redaction for node 668709143 v3 hidden
I, [2012-07-16T11:25:39.494899 #9588] INFO -- : Redaction for node 668717559 v2 visible
I, [2012-07-16T11:25:39.578787 #9590] INFO -- : Redaction for node 240031543 v2 hidden
I, [2012-07-16T11:25:39.615607 #9588] INFO -- : Redaction for node 668717559 v3 visible
I, [2012-07-16T11:25:39.678408 #9590] INFO -- : Redaction for node 240031543 v3 hidden
I, [2012-07-16T11:25:39.745847 #9588] INFO -- : Redaction for node 668717559 v4 visible
I, [2012-07-16T11:25:39.772139 #9590] INFO -- : Redaction for node 240031543 v4 hidden
I, [2012-07-16T11:25:39.843735 #9588] INFO -- : Redaction for node 281266442 v2 hidden
I, [2012-07-16T11:25:39.886568 #9590] INFO -- : Redaction for node 240031543 v5 hidden
I, [2012-07-16T11:25:39.947920 #9588] INFO -- : Redaction for node 306383417 v1 hidden
I, [2012-07-16T11:25:39.989299 #9590] INFO -- : Redaction for node 240031543 v6 hidden
I, [2012-07-16T11:25:40.048248 #9588] INFO -- : Redaction for node 306383417 v2 visible
I, [2012-07-16T11:25:40.111645 #9590] INFO -- : Redaction for node 337924606 v1 hidden
I, [2012-07-16T11:25:40.191634 #9588] INFO -- : Redaction for node 36678070 v2 hidden
I, [2012-07-16T11:25:40.234812 #9590] INFO -- : Redaction for node 337924606 v2 visible
I, [2012-07-16T11:25:40.329570 #9588] INFO -- : Redaction for node 34846294 v2 hidden
I, [2012-07-16T11:25:40.367709 #9590] INFO -- : Redaction for node 337924606 v3 visible
I, [2012-07-16T11:25:40.499150 #9588] INFO -- : Redaction for node 278643556 v1 hidden
I, [2012-07-16T11:25:40.512352 #9590] INFO -- : Redaction for node 337924604 v1 hidden
I, [2012-07-16T11:25:40.647349 #9590] INFO -- : Redaction for node 337924604 v2 visible
I, [2012-07-16T11:25:40.668342 #9588] INFO -- : Redaction for node 278643556 v2 hidden
I, [2012-07-16T11:25:40.789271 #9590] INFO -- : Redaction for node 337924604 v3 visible
I, [2012-07-16T11:25:40.943173 #9590] INFO -- : Redaction for node 337924601 v1 hidden
I, [2012-07-16T11:25:41.065983 #9590] INFO -- : Redaction for node 337924601 v2 visible
I, [2012-07-16T11:25:41.264974 #9588] INFO -- : Redaction for node 278643556 v3 visible
I, [2012-07-16T11:25:46.159141 #9590] INFO -- : Redaction for node 337924601 v3 visible
I, [2012-07-16T11:25:46.249724 #9590] INFO -- : Redaction for node 337924597 v1 hidden
I, [2012-07-16T11:25:46.338066 #9590] INFO -- : Redaction for node 337924597 v2 visible
I, [2012-07-16T11:25:46.374635 #9588] INFO -- : Redaction for node 278643556 v4 visible
I, [2012-07-16T11:25:46.430967 #9590] INFO -- : Redaction for node 337924597 v3 visible
I, [2012-07-16T11:25:46.493695 #9588] INFO -- : Redaction for node 278644086 v1 hidden
I, [2012-07-16T11:25:46.524391 #9590] INFO -- : Redaction for node 337924594 v1 hidden
I, [2012-07-16T11:25:46.583764 #9588] INFO -- : Redaction for node 278644086 v2 hidden
I, [2012-07-16T11:25:46.626925 #9590] INFO -- : Redaction for node 337924594 v2 visible
I, [2012-07-16T11:25:46.670336 #9588] INFO -- : Redaction for node 668717755 v1 hidden
I, [2012-07-16T11:25:46.743082 #9590] INFO -- : Redaction for node 337924594 v3 visible
I, [2012-07-16T11:25:46.775666 #9588] INFO -- : Redaction for node 668717755 v2 visible
I, [2012-07-16T11:25:46.841203 #9590] INFO -- : Redaction for node 337924589 v1 hidden
I, [2012-07-16T11:25:46.868008 #9588] INFO -- : Redaction for node 668717755 v3 visible
I, [2012-07-16T11:25:46.919961 #9590] INFO -- : Redaction for node 337924589 v2 visible
I, [2012-07-16T11:25:46.986182 #9588] INFO -- : Redaction for node 668717755 v4 visible
I, [2012-07-16T11:25:47.016704 #9590] INFO -- : Redaction for node 337924589 v3 visible
I, [2012-07-16T11:25:47.104990 #9588] INFO -- : Redaction for node 86060892 v1 hidden
I, [2012-07-16T11:25:47.202936 #9588] INFO -- : Redaction for node 86060892 v2 visible
I, [2012-07-16T11:25:47.300983 #9588] INFO -- : Redaction for node 86060893 v1 hidden
I, [2012-07-16T11:25:47.391323 #9588] INFO -- : Redaction for node 86060893 v2 visible
I, [2012-07-16T11:25:47.484234 #9588] INFO -- : Redaction for node 86060894 v1 hidden
I, [2012-07-16T11:25:47.577291 #9588] INFO -- : Redaction for node 86060894 v2 visible
I, [2012-07-16T11:25:47.661124 #9588] INFO -- : Redaction for node 33069952 v2 hidden
I, [2012-07-16T11:25:47.811216 #9588] INFO -- : Redaction for node 33069952 v3 visible
I, [2012-07-16T11:25:47.967755 #9588] INFO -- : Redaction for node 33069952 v4 visible
I, [2012-07-16T11:25:52.109375 #9590] INFO -- : Redaction for node 240122685 v3 hidden
I, [2012-07-16T11:25:52.237379 #9590] INFO -- : Redaction for node 337924585 v1 hidden
I, [2012-07-16T11:25:52.357684 #9590] INFO -- : Redaction for node 337924585 v2 visible
I, [2012-07-16T11:25:52.461203 #9590] INFO -- : Redaction for node 337924585 v3 visible
I, [2012-07-16T11:25:52.554216 #9590] INFO -- : Redaction for node 337924582 v1 hidden
I, [2012-07-16T11:25:52.666401 #9590] INFO -- : Redaction for node 337924582 v2 visible
I, [2012-07-16T11:25:52.767020 #9590] INFO -- : Redaction for node 337924582 v3 visible
I, [2012-07-16T11:25:52.893814 #9590] INFO -- : Redaction for node 337924579 v1 hidden
I, [2012-07-16T11:25:52.982560 #9590] INFO -- : Redaction for node 337924579 v2 visible
I, [2012-07-16T11:25:53.088004 #9590] INFO -- : Redaction for node 337924579 v3 visible
I, [2012-07-16T11:25:53.088138 #9588] INFO -- : Redaction for node 33069952 v5 visible
I, [2012-07-16T11:25:53.218968 #9588] INFO -- : Redaction for node 33069952 v6 visible
I, [2012-07-16T11:25:53.220266 #9590] INFO -- : Redaction for node 337924576 v1 hidden
I, [2012-07-16T11:25:53.334826 #9588] INFO -- : Redaction for node 33069952 v7 visible
I, [2012-07-16T11:25:53.343703 #9590] INFO -- : Redaction for node 337924576 v2 visible
I, [2012-07-16T11:25:53.471804 #9588] INFO -- : Redaction for node 33069952 v8 visible
I, [2012-07-16T11:25:53.606843 #9588] INFO -- : Redaction for node 33069952 v9 visible
I, [2012-07-16T11:25:53.787826 #9588] INFO -- : Redaction for node 33069952 v10 visible
I, [2012-07-16T11:25:53.895729 #9588] INFO -- : Redaction for node 33347178 v2 hidden
I, [2012-07-16T11:25:54.029744 #9588] INFO -- : Redaction for node 33347177 v2 hidden
I, [2012-07-16T11:25:54.129433 #9588] INFO -- : Redaction for node 277731595 v1 hidden
I, [2012-07-16T11:25:54.242242 #9588] INFO -- : Redaction for node 277731595 v2 visible
I, [2012-07-16T11:25:54.329487 #9588] INFO -- : Redaction for node 33347176 v2 hidden
I, [2012-07-16T11:25:54.423266 #9588] INFO -- : Redaction for node 33347176 v3 hidden
I, [2012-07-16T11:25:54.521973 #9588] INFO -- : Redaction for node 33347176 v4 visible
I, [2012-07-16T11:25:54.619824 #9588] INFO -- : Redaction for node 33347176 v5 visible
I, [2012-07-16T11:25:54.716546 #9588] INFO -- : Redaction for node 33347176 v6 visible
I, [2012-07-16T11:25:54.808227 #9588] INFO -- : Redaction for node 33347176 v7 visible
I, [2012-07-16T11:25:54.891804 #9588] INFO -- : Redaction for node 33347176 v8 visible
I, [2012-07-16T11:25:54.989245 #9588] INFO -- : Redaction for node 33347176 v9 visible
I, [2012-07-16T11:25:55.082158 #9588] INFO -- : Redaction for node 33347176 v10 visible
I, [2012-07-16T11:25:55.446562 #9588] INFO -- : Redaction for node 33347176 v11 visible
I, [2012-07-16T11:25:55.564478 #9588] INFO -- : Redaction for node 33347176 v12 visible
I, [2012-07-16T11:25:55.681577 #9588] INFO -- : Redaction for node 277731594 v1 hidden
I, [2012-07-16T11:25:55.775265 #9588] INFO -- : Redaction for node 277731594 v2 visible
I, [2012-07-16T11:25:55.861848 #9588] INFO -- : Redaction for node 277731594 v3 visible
I, [2012-07-16T11:25:55.949245 #9588] INFO -- : Redaction for node 277731593 v1 hidden
I, [2012-07-16T11:25:56.038120 #9588] INFO -- : Redaction for node 277731593 v2 visible
I, [2012-07-16T11:25:56.130848 #9588] INFO -- : Redaction for node 277731596 v1 hidden
I, [2012-07-16T11:25:56.221699 #9588] INFO -- : Redaction for node 277731596 v2 visible
I, [2012-07-16T11:25:56.312225 #9588] INFO -- : Redaction for node 306385198 v1 hidden
I, [2012-07-16T11:25:56.421759 #9588] INFO -- : Redaction for node 306385198 v2 visible
I, [2012-07-16T11:25:56.519397 #9588] INFO -- : Redaction for node 278644087 v1 hidden
I, [2012-07-16T11:25:56.978216 #9588] INFO -- : Redaction for node 277731597 v1 hidden
I, [2012-07-16T11:25:57.065734 #9588] INFO -- : Redaction for node 277731597 v2 visible
I, [2012-07-16T11:25:57.148946 #9588] INFO -- : Redaction for node 277731598 v1 hidden
I, [2012-07-16T11:25:57.247612 #9588] INFO -- : Redaction for node 277731598 v2 visible
I, [2012-07-16T11:25:57.336913 #9588] INFO -- : Redaction for node 277731591 v1 hidden
I, [2012-07-16T11:25:57.423137 #9588] INFO -- : Redaction for node 277731591 v2 visible
I, [2012-07-16T11:25:57.522673 #9588] INFO -- : Redaction for node 277731592 v1 hidden
I, [2012-07-16T11:25:57.617330 #9588] INFO -- : Redaction for node 277731592 v2 visible
I, [2012-07-16T11:25:57.870756 #9588] INFO -- : Redaction for node 277731590 v1 hidden
I, [2012-07-16T11:25:57.957984 #9588] INFO -- : Redaction for node 277731590 v2 visible
I, [2012-07-16T11:25:58.054743 #9588] INFO -- : Redaction for node 277731599 v1 hidden
I, [2012-07-16T11:25:58.169252 #9588] INFO -- : Redaction for node 277731599 v2 visible
I, [2012-07-16T11:25:58.266671 #9588] INFO -- : Redaction for node 277731600 v1 hidden
I, [2012-07-16T11:25:58.384294 #9588] INFO -- : Redaction for node 277731600 v2 visible
I, [2012-07-16T11:25:58.446241 #9590] INFO -- : Redaction for node 337924576 v3 visible
I, [2012-07-16T11:25:58.471479 #9588] INFO -- : Redaction for node 277731600 v3 visible
I, [2012-07-16T11:25:58.531989 #9590] INFO -- : Redaction for node 337924574 v1 hidden
I, [2012-07-16T11:25:58.566186 #9588] INFO -- : Redaction for node 277731604 v1 hidden
I, [2012-07-16T11:25:58.625964 #9590] INFO -- : Redaction for node 337924574 v2 visible
I, [2012-07-16T11:25:58.684195 #9588] INFO -- : Redaction for node 277731604 v2 visible
I, [2012-07-16T11:25:58.723827 #9590] INFO -- : Redaction for node 337924574 v3 visible
I, [2012-07-16T11:25:58.777497 #9588] INFO -- : Redaction for node 277731604 v3 visible
I, [2012-07-16T11:25:58.818509 #9590] INFO -- : Redaction for node 337924570 v1 hidden
I, [2012-07-16T11:25:58.865773 #9588] INFO -- : Redaction for node 277731603 v1 hidden
I, [2012-07-16T11:25:58.905841 #9590] INFO -- : Redaction for node 337924570 v2 visible
I, [2012-07-16T11:25:58.991743 #9590] INFO -- : Redaction for node 337924570 v3 visible
I, [2012-07-16T11:25:59.080751 #9590] INFO -- : Redaction for node 337924566 v1 hidden
I, [2012-07-16T11:25:59.170076 #9590] INFO -- : Redaction for node 337924566 v2 visible
I, [2012-07-16T11:25:59.252926 #9590] INFO -- : Redaction for node 337924566 v3 visible
I, [2012-07-16T11:25:59.647900 #9590] INFO -- : Redaction for node 337924564 v1 hidden
I, [2012-07-16T11:25:59.732736 #9590] INFO -- : Redaction for node 337924564 v2 visible
I, [2012-07-16T11:25:59.818958 #9590] INFO -- : Redaction for node 337924564 v3 visible
I, [2012-07-16T11:26:00.187653 #9590] INFO -- : Redaction for node 337924560 v1 hidden
I, [2012-07-16T11:26:00.272804 #9590] INFO -- : Redaction for node 337924560 v2 visible
I, [2012-07-16T11:26:00.373187 #9590] INFO -- : Redaction for node 337924560 v3 visible
I, [2012-07-16T11:26:00.468441 #9590] INFO -- : Redaction for node 337924557 v1 hidden
I, [2012-07-16T11:26:00.547150 #9590] INFO -- : Redaction for node 337924557 v2 visible
I, [2012-07-16T11:26:00.636308 #9590] INFO -- : Redaction for node 337924557 v3 visible
I, [2012-07-16T11:26:00.726621 #9590] INFO -- : Redaction for node 337924555 v1 hidden
I, [2012-07-16T11:26:00.812738 #9590] INFO -- : Redaction for node 337924555 v2 visible
I, [2012-07-16T11:26:00.900423 #9590] INFO -- : Redaction for node 337924555 v3 visible
I, [2012-07-16T11:26:01.003159 #9590] INFO -- : Redaction for node 337924551 v1 hidden
I, [2012-07-16T11:26:01.092635 #9590] INFO -- : Redaction for node 337924551 v2 visible
I, [2012-07-16T11:26:01.185377 #9590] INFO -- : Redaction for node 337924551 v3 visible
I, [2012-07-16T11:26:01.269944 #9590] INFO -- : Redaction for node 338581328 v3 hidden
I, [2012-07-16T11:26:01.392755 #9590] INFO -- : Redaction for node 338581328 v4 visible
I, [2012-07-16T11:26:01.490952 #9590] INFO -- : Redaction for node 338581328 v5 visible
I, [2012-07-16T11:26:01.862226 #9590] INFO -- : Redaction for node 338581328 v6 visible
I, [2012-07-16T11:26:01.959963 #9590] INFO -- : Redaction for node 338581328 v7 visible
I, [2012-07-16T11:26:02.070352 #9590] INFO -- : Redaction for node 338581328 v8 visible
I, [2012-07-16T11:26:02.158250 #9590] INFO -- : Redaction for node 338581328 v9 visible
I, [2012-07-16T11:26:02.257659 #9590] INFO -- : Redaction for node 337924548 v1 hidden
I, [2012-07-16T11:26:02.345041 #9590] INFO -- : Redaction for node 337924548 v2 visible
I, [2012-07-16T11:26:02.434150 #9590] INFO -- : Redaction for node 337924548 v3 visible
