I, [2012-07-16T11:15:00.166621 #9590] INFO -- : Redaction for node 314407122 v2 visible
I, [2012-07-16T11:15:00.258000 #9590] INFO -- : Redaction for node 314407122 v3 visible
I, [2012-07-16T11:15:00.355781 #9590] INFO -- : Redaction for node 314407119 v1 hidden
I, [2012-07-16T11:15:00.450677 #9590] INFO -- : Redaction for node 314407119 v2 visible
I, [2012-07-16T11:15:00.540227 #9590] INFO -- : Redaction for node 314407119 v3 visible
I, [2012-07-16T11:15:00.633051 #9590] INFO -- : Redaction for node 33565097 v1 hidden
I, [2012-07-16T11:15:00.743886 #9590] INFO -- : Redaction for node 33565097 v2 visible
I, [2012-07-16T11:15:00.841334 #9590] INFO -- : Redaction for node 314407118 v1 hidden
I, [2012-07-16T11:15:00.943308 #9590] INFO -- : Redaction for node 314407118 v2 visible
I, [2012-07-16T11:15:00.984968 #9588] INFO -- : Redaction for node 313727322 v1 hidden
I, [2012-07-16T11:15:01.056204 #9590] INFO -- : Redaction for node 314407118 v3 visible
I, [2012-07-16T11:15:01.216701 #9590] INFO -- : Redaction for node 142508248 v1 hidden
I, [2012-07-16T11:15:01.352453 #9590] INFO -- : Redaction for node 314407116 v1 hidden
I, [2012-07-16T11:15:01.484518 #9590] INFO -- : Redaction for node 314407116 v2 visible
I, [2012-07-16T11:15:01.588585 #9588] INFO -- : Redaction for node 313727323 v1 hidden
I, [2012-07-16T11:15:01.646321 #9590] INFO -- : Redaction for node 314407116 v3 visible
I, [2012-07-16T11:15:01.724494 #9588] INFO -- : Redaction for node 313727323 v2 visible
I, [2012-07-16T11:15:01.802792 #9590] INFO -- : Redaction for node 314407114 v1 hidden
I, [2012-07-16T11:15:01.850898 #9588] INFO -- : Redaction for node 142513337 v1 hidden
I, [2012-07-16T11:15:01.891992 #9590] INFO -- : Redaction for node 314407114 v2 visible
I, [2012-07-16T11:15:01.989787 #9590] INFO -- : Redaction for node 314407114 v3 visible
I, [2012-07-16T11:15:02.102209 #9590] INFO -- : Redaction for node 314407108 v1 hidden
I, [2012-07-16T11:15:02.195361 #9590] INFO -- : Redaction for node 314407108 v2 visible
I, [2012-07-16T11:15:02.298388 #9590] INFO -- : Redaction for node 314407108 v3 visible
I, [2012-07-16T11:15:02.415515 #9590] INFO -- : Redaction for node 314407105 v1 hidden
I, [2012-07-16T11:15:02.505302 #9590] INFO -- : Redaction for node 314407105 v2 visible
I, [2012-07-16T11:15:06.942709 #9588] INFO -- : Redaction for node 142513337 v2 visible
I, [2012-07-16T11:15:07.024690 #9588] INFO -- : Redaction for node 142513337 v3 visible
I, [2012-07-16T11:15:07.111028 #9588] INFO -- : Redaction for node 142513337 v4 visible
I, [2012-07-16T11:15:07.193067 #9588] INFO -- : Redaction for node 314407355 v1 hidden
I, [2012-07-16T11:15:07.274325 #9588] INFO -- : Redaction for node 314407355 v2 visible
I, [2012-07-16T11:15:07.354154 #9588] INFO -- : Redaction for node 142513336 v1 hidden
I, [2012-07-16T11:15:07.435529 #9588] INFO -- : Redaction for node 142513336 v2 visible
I, [2012-07-16T11:15:07.523810 #9588] INFO -- : Redaction for node 142513336 v3 visible
I, [2012-07-16T11:15:07.595923 #9590] INFO -- : Redaction for node 314407105 v3 visible
I, [2012-07-16T11:15:07.618369 #9588] INFO -- : Redaction for node 314407356 v1 hidden
I, [2012-07-16T11:15:07.685714 #9590] INFO -- : Redaction for node 314407112 v1 hidden
I, [2012-07-16T11:15:07.705117 #9588] INFO -- : Redaction for node 314407356 v2 visible
I, [2012-07-16T11:15:07.787737 #9590] INFO -- : Redaction for node 314407112 v2 visible
I, [2012-07-16T11:15:07.795985 #9588] INFO -- : Redaction for node 142513335 v1 hidden
I, [2012-07-16T11:15:07.891901 #9588] INFO -- : Redaction for node 142513335 v2 visible
I, [2012-07-16T11:15:07.895376 #9590] INFO -- : Redaction for node 314407112 v3 visible
I, [2012-07-16T11:15:07.990845 #9588] INFO -- : Redaction for node 142513335 v3 visible
I, [2012-07-16T11:15:08.002500 #9590] INFO -- : Redaction for node 314407110 v1 hidden
I, [2012-07-16T11:15:08.105719 #9590] INFO -- : Redaction for node 314407110 v2 visible
I, [2012-07-16T11:15:08.216253 #9590] INFO -- : Redaction for node 314407110 v3 visible
I, [2012-07-16T11:15:08.305357 #9590] INFO -- : Redaction for node 314407104 v1 hidden
I, [2012-07-16T11:15:08.426310 #9588] INFO -- : Redaction for node 313724799 v1 hidden
I, [2012-07-16T11:15:08.533160 #9588] INFO -- : Redaction for node 313728851 v1 hidden
I, [2012-07-16T11:15:08.683467 #9588] INFO -- : Redaction for node 313728851 v2 visible
I, [2012-07-16T11:15:08.899178 #9590] INFO -- : Redaction for node 314407104 v2 visible
I, [2012-07-16T11:15:09.087096 #9590] INFO -- : Redaction for node 314407104 v3 visible
I, [2012-07-16T11:15:09.223070 #9590] INFO -- : Redaction for node 314407102 v1 hidden
I, [2012-07-16T11:15:09.316618 #9590] INFO -- : Redaction for node 314407102 v2 visible
I, [2012-07-16T11:15:09.322911 #9588] INFO -- : Redaction for node 313728851 v3 visible
I, [2012-07-16T11:15:09.458232 #9590] INFO -- : Redaction for node 314407102 v3 visible
I, [2012-07-16T11:15:09.480278 #9588] INFO -- : Redaction for node 313728851 v4 visible
I, [2012-07-16T11:15:09.578622 #9588] INFO -- : Redaction for node 313728851 v5 visible
I, [2012-07-16T11:15:09.606433 #9590] INFO -- : Redaction for node 314407098 v1 hidden
I, [2012-07-16T11:15:09.748568 #9590] INFO -- : Redaction for node 314407098 v2 visible
I, [2012-07-16T11:15:09.756668 #9588] INFO -- : Redaction for node 313729258 v1 hidden
I, [2012-07-16T11:15:09.875353 #9588] INFO -- : Redaction for node 313729258 v2 visible
I, [2012-07-16T11:15:10.040404 #9588] INFO -- : Redaction for node 313729258 v3 visible
I, [2012-07-16T11:15:10.161164 #9588] INFO -- : Redaction for node 313728853 v1 hidden
I, [2012-07-16T11:15:10.323049 #9588] INFO -- : Redaction for node 313728853 v2 hidden
I, [2012-07-16T11:15:10.470492 #9588] INFO -- : Redaction for node 313728853 v3 visible
I, [2012-07-16T11:15:10.601068 #9588] INFO -- : Redaction for node 313728853 v4 visible
I, [2012-07-16T11:15:10.620999 #9590] INFO -- : Redaction for node 314407098 v3 visible
I, [2012-07-16T11:15:10.746072 #9590] INFO -- : Redaction for node 314407098 v4 visible
I, [2012-07-16T11:15:10.755419 #9588] INFO -- : Redaction for node 313728854 v1 hidden
I, [2012-07-16T11:15:11.173025 #9590] INFO -- : Redaction for node 142508246 v1 hidden
I, [2012-07-16T11:15:11.273665 #9590] INFO -- : Redaction for node 142508246 v2 visible
I, [2012-07-16T11:15:11.363380 #9590] INFO -- : Redaction for node 142508249 v1 hidden
I, [2012-07-16T11:15:11.460055 #9590] INFO -- : Redaction for node 142508249 v2 visible
I, [2012-07-16T11:15:15.846340 #9588] INFO -- : Redaction for node 313728854 v2 hidden
I, [2012-07-16T11:15:15.944424 #9588] INFO -- : Redaction for node 313728854 v3 visible
I, [2012-07-16T11:15:16.034747 #9588] INFO -- : Redaction for node 313728854 v4 visible
I, [2012-07-16T11:15:16.133763 #9588] INFO -- : Redaction for node 313728826 v1 hidden
I, [2012-07-16T11:15:16.294108 #9588] INFO -- : Redaction for node 313728826 v2 visible
I, [2012-07-16T11:15:16.440316 #9588] INFO -- : Redaction for node 313728826 v3 visible
I, [2012-07-16T11:15:16.604054 #9588] INFO -- : Redaction for node 313728826 v4 visible
I, [2012-07-16T11:15:16.630826 #9590] INFO -- : Redaction for node 142508264 v1 hidden
I, [2012-07-16T11:15:16.773886 #9588] INFO -- : Redaction for node 313728826 v5 visible
I, [2012-07-16T11:15:16.935841 #9590] INFO -- : Redaction for node 142508264 v2 visible
I, [2012-07-16T11:15:16.940560 #9588] INFO -- : Redaction for node 313728789 v1 hidden
I, [2012-07-16T11:15:17.094975 #9590] INFO -- : Redaction for node 142508244 v1 hidden
I, [2012-07-16T11:15:17.100274 #9588] INFO -- : Redaction for node 313728789 v2 visible
I, [2012-07-16T11:15:17.251878 #9590] INFO -- : Redaction for node 142508244 v2 visible
I, [2012-07-16T11:15:17.270967 #9588] INFO -- : Redaction for node 313729257 v1 hidden
I, [2012-07-16T11:15:17.377262 #9588] INFO -- : Redaction for node 313729257 v2 visible
I, [2012-07-16T11:15:17.377596 #9590] INFO -- : Redaction for node 142508244 v3 visible
I, [2012-07-16T11:15:17.466564 #9588] INFO -- : Redaction for node 313728790 v1 hidden
I, [2012-07-16T11:15:17.472128 #9590] INFO -- : Redaction for node 142508245 v1 hidden
I, [2012-07-16T11:15:17.557826 #9588] INFO -- : Redaction for node 313728790 v2 visible
I, [2012-07-16T11:15:17.561339 #9590] INFO -- : Redaction for node 142508245 v2 visible
I, [2012-07-16T11:15:17.661472 #9588] INFO -- : Redaction for node 314407358 v1 hidden
I, [2012-07-16T11:15:17.665709 #9590] INFO -- : Redaction for node 142508263 v1 hidden
I, [2012-07-16T11:15:17.774322 #9590] INFO -- : Redaction for node 142508263 v2 visible
I, [2012-07-16T11:15:17.861011 #9590] INFO -- : Redaction for node 142508262 v1 hidden
I, [2012-07-16T11:15:17.945858 #9590] INFO -- : Redaction for node 142508262 v2 visible
I, [2012-07-16T11:15:18.031298 #9590] INFO -- : Redaction for node 142508250 v1 hidden
I, [2012-07-16T11:15:18.123320 #9590] INFO -- : Redaction for node 142508250 v2 visible
I, [2012-07-16T11:15:18.207188 #9590] INFO -- : Redaction for node 142508261 v1 hidden
I, [2012-07-16T11:15:22.754138 #9588] INFO -- : Redaction for node 314407358 v2 visible
I, [2012-07-16T11:15:22.878674 #9588] INFO -- : Redaction for node 313728793 v1 hidden
I, [2012-07-16T11:15:22.992413 #9588] INFO -- : Redaction for node 313728793 v2 visible
I, [2012-07-16T11:15:23.143712 #9588] INFO -- : Redaction for node 313728793 v3 visible
I, [2012-07-16T11:15:23.285543 #9588] INFO -- : Redaction for node 142513334 v1 hidden
I, [2012-07-16T11:15:23.318865 #9590] INFO -- : Redaction for node 142508261 v2 visible
I, [2012-07-16T11:15:23.415680 #9588] INFO -- : Redaction for node 142513334 v2 visible
I, [2012-07-16T11:15:23.426073 #9590] INFO -- : Redaction for node 33565101 v1 hidden
I, [2012-07-16T11:15:23.565206 #9590] INFO -- : Redaction for node 33565101 v2 visible
I, [2012-07-16T11:15:23.567763 #9588] INFO -- : Redaction for node 142513334 v3 visible
I, [2012-07-16T11:15:23.688193 #9588] INFO -- : Redaction for node 314407360 v1 hidden
I, [2012-07-16T11:15:23.721129 #9590] INFO -- : Redaction for node 142508251 v1 hidden
I, [2012-07-16T11:15:23.831313 #9588] INFO -- : Redaction for node 314407360 v2 visible
I, [2012-07-16T11:15:23.851824 #9590] INFO -- : Redaction for node 142508251 v2 visible
I, [2012-07-16T11:15:23.945313 #9588] INFO -- : Redaction for node 142515926 v1 hidden
I, [2012-07-16T11:15:23.966693 #9590] INFO -- : Redaction for node 142508260 v1 hidden
I, [2012-07-16T11:15:24.051536 #9588] INFO -- : Redaction for node 142515926 v2 visible
I, [2012-07-16T11:15:24.066837 #9590] INFO -- : Redaction for node 142508260 v2 visible
I, [2012-07-16T11:15:24.155748 #9588] INFO -- : Redaction for node 142515926 v3 visible
I, [2012-07-16T11:15:24.188963 #9590] INFO -- : Redaction for node 142508252 v1 hidden
I, [2012-07-16T11:15:24.256132 #9588] INFO -- : Redaction for node 313724499 v1 hidden
I, [2012-07-16T11:15:24.299662 #9590] INFO -- : Redaction for node 142508252 v2 visible
I, [2012-07-16T11:15:24.377756 #9588] INFO -- : Redaction for node 313724499 v2 visible
I, [2012-07-16T11:15:24.413305 #9590] INFO -- : Redaction for node 142508258 v1 hidden
I, [2012-07-16T11:15:24.500419 #9588] INFO -- : Redaction for node 314407362 v1 hidden
I, [2012-07-16T11:15:24.531207 #9590] INFO -- : Redaction for node 142508258 v2 visible
I, [2012-07-16T11:15:24.579786 #9588] INFO -- : Redaction for node 314407362 v2 visible
I, [2012-07-16T11:15:24.630858 #9590] INFO -- : Redaction for node 142508257 v1 hidden
I, [2012-07-16T11:15:24.678265 #9588] INFO -- : Redaction for node 142513333 v1 hidden
I, [2012-07-16T11:15:24.744884 #9590] INFO -- : Redaction for node 142508257 v2 visible
I, [2012-07-16T11:15:24.773376 #9588] INFO -- : Redaction for node 142513333 v2 visible
I, [2012-07-16T11:15:24.863382 #9588] INFO -- : Redaction for node 142513333 v3 visible
I, [2012-07-16T11:15:24.958149 #9588] INFO -- : Redaction for node 142513333 v4 visible
I, [2012-07-16T11:15:25.047554 #9588] INFO -- : Redaction for node 314407364 v1 hidden
I, [2012-07-16T11:15:30.165466 #9588] INFO -- : Redaction for node 314407364 v2 visible
I, [2012-07-16T11:15:30.167107 #9590] INFO -- : Redaction for node 142508255 v1 hidden
I, [2012-07-16T11:15:30.273667 #9590] INFO -- : Redaction for node 142508255 v2 visible
I, [2012-07-16T11:15:30.387449 #9590] INFO -- : Redaction for node 142508256 v1 hidden
I, [2012-07-16T11:15:30.836805 #9588] INFO -- : Redaction for node 142515924 v1 hidden
I, [2012-07-16T11:15:30.964317 #9588] INFO -- : Redaction for node 142515924 v2 visible
I, [2012-07-16T11:15:31.104560 #9588] INFO -- : Redaction for node 314407365 v1 hidden
I, [2012-07-16T11:15:31.170171 #9590] INFO -- : Redaction for node 142508256 v2 visible
I, [2012-07-16T11:15:31.199338 #9588] INFO -- : Redaction for node 314407365 v2 visible
I, [2012-07-16T11:15:31.306184 #9590] INFO -- : Redaction for node 142508253 v1 hidden
I, [2012-07-16T11:15:31.323096 #9588] INFO -- : Redaction for node 75709723 v3 hidden
I, [2012-07-16T11:15:31.448645 #9590] INFO -- : Redaction for node 495111112 v1 hidden
I, [2012-07-16T11:15:31.457882 #9588] INFO -- : Redaction for node 75709723 v4 visible
I, [2012-07-16T11:15:31.574257 #9590] INFO -- : Redaction for way 28558446 v1 hidden
I, [2012-07-16T11:15:36.548096 #9588] INFO -- : Redaction for node 75709723 v5 visible
I, [2012-07-16T11:15:36.640174 #9588] INFO -- : Redaction for node 75709723 v6 visible
I, [2012-07-16T11:15:36.658719 #9590] INFO -- : Redaction for way 28558446 v2 hidden
I, [2012-07-16T11:15:36.723120 #9588] INFO -- : Redaction for node 313724500 v1 hidden
I, [2012-07-16T11:15:36.744756 #9590] INFO -- : Redaction for way 28558446 v3 visible
I, [2012-07-16T11:15:36.805989 #9588] INFO -- : Redaction for node 313724500 v2 visible
I, [2012-07-16T11:15:36.846376 #9590] INFO -- : Redaction for way 28558446 v4 visible
I, [2012-07-16T11:15:36.899283 #9588] INFO -- : Redaction for node 142513596 v1 hidden
I, [2012-07-16T11:15:36.933905 #9590] INFO -- : Redaction for way 28558446 v5 visible
I, [2012-07-16T11:15:37.007904 #9588] INFO -- : Redaction for node 142513596 v2 visible
I, [2012-07-16T11:15:37.020728 #9590] INFO -- : Redaction for way 28558446 v6 visible
I, [2012-07-16T11:15:37.098937 #9588] INFO -- : Redaction for node 142515922 v1 hidden
I, [2012-07-16T11:15:37.128163 #9590] INFO -- : Redaction for way 28558446 v7 visible
I, [2012-07-16T11:15:37.191318 #9588] INFO -- : Redaction for node 142515922 v2 visible
I, [2012-07-16T11:15:37.234576 #9590] INFO -- : Redaction for way 28558446 v8 visible
I, [2012-07-16T11:15:37.276178 #9588] INFO -- : Redaction for node 314407366 v1 hidden
I, [2012-07-16T11:15:37.337599 #9590] INFO -- : Redaction for way 28558446 v9 visible
I, [2012-07-16T11:15:37.379304 #9588] INFO -- : Redaction for node 314407366 v2 visible
I, [2012-07-16T11:15:37.425406 #9590] INFO -- : Redaction for way 28558405 v1 hidden
I, [2012-07-16T11:15:37.471668 #9588] INFO -- : Redaction for node 313724421 v1 hidden
I, [2012-07-16T11:15:37.527318 #9590] INFO -- : Redaction for way 28558405 v2 hidden
I, [2012-07-16T11:15:37.568719 #9588] INFO -- : Redaction for node 313724421 v2 visible
I, [2012-07-16T11:15:37.677213 #9590] INFO -- : Redaction for way 7989489 v2 hidden
I, [2012-07-16T11:15:37.694690 #9588] INFO -- : Redaction for node 142513332 v1 hidden
I, [2012-07-16T11:15:37.836952 #9588] INFO -- : Redaction for node 142513332 v2 visible
I, [2012-07-16T11:15:37.980594 #9588] INFO -- : Redaction for node 142513332 v3 visible
I, [2012-07-16T11:15:38.094997 #9588] INFO -- : Redaction for node 142513332 v4 visible
I, [2012-07-16T11:15:38.213160 #9588] INFO -- : Redaction for node 314407367 v1 hidden
I, [2012-07-16T11:15:38.220190 #9590] INFO -- : Redaction for way 28558402 v1 hidden
I, [2012-07-16T11:15:38.322190 #9588] INFO -- : Redaction for node 314407367 v2 visible
I, [2012-07-16T11:15:38.337773 #9590] INFO -- : Redaction for way 28558402 v2 hidden
I, [2012-07-16T11:15:38.415259 #9588] INFO -- : Redaction for node 313724423 v1 hidden
I, [2012-07-16T11:15:38.459917 #9590] INFO -- : Redaction for way 28558402 v3 visible
I, [2012-07-16T11:15:38.500271 #9588] INFO -- : Redaction for node 313724272 v1 hidden
I, [2012-07-16T11:15:38.600214 #9588] INFO -- : Redaction for node 313724272 v2 visible
I, [2012-07-16T11:15:38.613708 #9590] INFO -- : Redaction for way 9661340 v7 hidden
I, [2012-07-16T11:15:38.708269 #9590] INFO -- : Redaction for way 9661340 v8 hidden
I, [2012-07-16T11:15:38.804310 #9590] INFO -- : Redaction for way 9661340 v9 visible
I, [2012-07-16T11:15:38.907603 #9590] INFO -- : Redaction for way 9661340 v10 visible
I, [2012-07-16T11:15:43.698399 #9588] INFO -- : Redaction for node 313724274 v1 hidden
I, [2012-07-16T11:15:44.028680 #9590] INFO -- : Redaction for way 9661340 v11 visible
I, [2012-07-16T11:15:44.083788 #9588] INFO -- : Redaction for node 313724274 v2 visible
I, [2012-07-16T11:15:44.153609 #9590] INFO -- : Redaction for way 5427724 v2 hidden
I, [2012-07-16T11:15:44.169678 #9588] INFO -- : Redaction for node 313724419 v1 hidden
I, [2012-07-16T11:15:44.250284 #9588] INFO -- : Redaction for node 313724419 v2 visible
I, [2012-07-16T11:15:44.258339 #9590] INFO -- : Redaction for way 5427724 v3 hidden
I, [2012-07-16T11:15:44.340378 #9588] INFO -- : Redaction for node 313724271 v1 hidden
I, [2012-07-16T11:15:44.348404 #9590] INFO -- : Redaction for way 5427724 v4 visible
I, [2012-07-16T11:15:44.429169 #9588] INFO -- : Redaction for node 313724271 v2 visible
I, [2012-07-16T11:15:44.445318 #9590] INFO -- : Redaction for way 5427724 v5 visible
I, [2012-07-16T11:15:44.533437 #9588] INFO -- : Redaction for node 313724271 v3 visible
I, [2012-07-16T11:15:44.633820 #9588] INFO -- : Redaction for node 313724434 v1 hidden
I, [2012-07-16T11:15:44.909627 #9590] INFO -- : Redaction for way 5427724 v6 visible
I, [2012-07-16T11:15:45.070754 #9588] INFO -- : Redaction for node 313724282 v1 hidden
I, [2012-07-16T11:15:45.072100 #9590] INFO -- : Redaction for way 28558395 v1 hidden
I, [2012-07-16T11:15:45.171776 #9588] INFO -- : Redaction for node 313724282 v2 visible
I, [2012-07-16T11:15:45.181151 #9590] INFO -- : Redaction for way 28558395 v2 hidden
I, [2012-07-16T11:15:45.269835 #9588] INFO -- : Redaction for node 313724433 v1 hidden
I, [2012-07-16T11:15:45.272688 #9590] INFO -- : Redaction for way 28558426 v1 hidden
I, [2012-07-16T11:15:45.378260 #9590] INFO -- : Redaction for way 28558426 v2 visible
I, [2012-07-16T11:15:45.479219 #9590] INFO -- : Redaction for way 28558420 v1 hidden
I, [2012-07-16T11:15:45.574885 #9590] INFO -- : Redaction for way 28558420 v2 visible
I, [2012-07-16T11:15:45.670721 #9590] INFO -- : Redaction for way 28558609 v1 hidden
I, [2012-07-16T11:15:46.029045 #9590] INFO -- : Redaction for way 28558609 v2 visible
I, [2012-07-16T11:15:46.114792 #9590] INFO -- : Redaction for way 28558609 v3 hidden
I, [2012-07-16T11:15:46.203113 #9590] INFO -- : Redaction for way 28558609 v4 hidden
I, [2012-07-16T11:15:46.294279 #9590] INFO -- : Redaction for way 5427723 v2 hidden
I, [2012-07-16T11:15:46.400768 #9590] INFO -- : Redaction for way 5427723 v3 hidden
I, [2012-07-16T11:15:50.367982 #9588] INFO -- : Redaction for node 313724275 v1 hidden
I, [2012-07-16T11:15:50.453499 #9588] INFO -- : Redaction for node 313724275 v2 visible
I, [2012-07-16T11:15:50.547026 #9588] INFO -- : Redaction for node 313724425 v1 hidden
I, [2012-07-16T11:15:50.635607 #9588] INFO -- : Redaction for node 313724431 v1 hidden
I, [2012-07-16T11:15:50.728292 #9588] INFO -- : Redaction for node 313724280 v1 hidden
I, [2012-07-16T11:15:50.827548 #9588] INFO -- : Redaction for node 313724280 v2 visible
I, [2012-07-16T11:15:50.934922 #9588] INFO -- : Redaction for node 313724427 v1 hidden
I, [2012-07-16T11:15:51.015707 #9588] INFO -- : Redaction for node 313724427 v2 visible
I, [2012-07-16T11:15:51.422703 #9588] INFO -- : Redaction for node 314407368 v1 hidden
I, [2012-07-16T11:15:51.509726 #9590] INFO -- : Redaction for way 5427723 v4 visible
I, [2012-07-16T11:15:51.524370 #9588] INFO -- : Redaction for node 314407368 v2 visible
I, [2012-07-16T11:15:51.620427 #9588] INFO -- : Redaction for node 313724278 v1 hidden
I, [2012-07-16T11:15:51.630630 #9590] INFO -- : Redaction for way 5892064 v3 hidden
I, [2012-07-16T11:15:51.748159 #9588] INFO -- : Redaction for node 313724278 v2 visible
I, [2012-07-16T11:15:51.770258 #9590] INFO -- : Redaction for way 5892064 v4 visible
I, [2012-07-16T11:15:51.849985 #9588] INFO -- : Redaction for node 313724429 v1 hidden
I, [2012-07-16T11:15:51.891873 #9590] INFO -- : Redaction for way 5892064 v5 visible
I, [2012-07-16T11:15:51.944773 #9588] INFO -- : Redaction for node 313724279 v1 hidden
I, [2012-07-16T11:15:52.015819 #9590] INFO -- : Redaction for way 5892064 v6 visible
I, [2012-07-16T11:15:52.046181 #9588] INFO -- : Redaction for node 313724279 v2 visible
I, [2012-07-16T11:15:52.118770 #9590] INFO -- : Redaction for way 5892064 v7 hidden
I, [2012-07-16T11:15:52.149318 #9588] INFO -- : Redaction for node 314407369 v1 hidden
I, [2012-07-16T11:15:52.203665 #9590] INFO -- : Redaction for way 5892064 v8 hidden
I, [2012-07-16T11:15:52.244906 #9588] INFO -- : Redaction for node 314407369 v2 visible
I, [2012-07-16T11:15:52.296174 #9590] INFO -- : Redaction for way 28558631 v1 hidden
I, [2012-07-16T11:15:52.398708 #9590] INFO -- : Redaction for way 28558631 v2 hidden
I, [2012-07-16T11:15:57.323909 #9588] INFO -- : Redaction for node 313725068 v1 hidden
I, [2012-07-16T11:15:57.401041 #9588] INFO -- : Redaction for node 314407370 v1 hidden
I, [2012-07-16T11:15:57.485866 #9590] INFO -- : Redaction for way 28558134 v1 hidden
I, [2012-07-16T11:15:57.606468 #9590] INFO -- : Redaction for way 28558134 v2 hidden
I, [2012-07-16T11:15:57.698194 #9590] INFO -- : Redaction for way 28558134 v3 visible
I, [2012-07-16T11:15:57.836065 #9590] INFO -- : Redaction for way 14498233 v1 hidden
I, [2012-07-16T11:15:57.836423 #9588] INFO -- : Redaction for node 314407370 v2 visible
I, [2012-07-16T11:15:57.945991 #9590] INFO -- : Redaction for way 14498233 v2 hidden
I, [2012-07-16T11:15:58.096114 #9590] INFO -- : Redaction for way 14498233 v3 hidden
I, [2012-07-16T11:15:58.196435 #9590] INFO -- : Redaction for way 14498408 v1 hidden
I, [2012-07-16T11:15:58.248737 #9588] INFO -- : Redaction for node 314407371 v1 hidden
I, [2012-07-16T11:15:58.289426 #9590] INFO -- : Redaction for way 14498408 v2 hidden
I, [2012-07-16T11:15:58.354580 #9588] INFO -- : Redaction for node 314407371 v2 visible
I, [2012-07-16T11:15:58.376473 #9590] INFO -- : Redaction for way 14498408 v3 visible
I, [2012-07-16T11:15:58.456179 #9588] INFO -- : Redaction for node 314407411 v1 hidden
I, [2012-07-16T11:15:58.474570 #9590] INFO -- : Redaction for way 14498408 v4 visible
I, [2012-07-16T11:15:58.560700 #9588] INFO -- : Redaction for node 314407411 v2 visible
I, [2012-07-16T11:15:58.643085 #9590] INFO -- : Redaction for way 14498245 v1 hidden
I, [2012-07-16T11:15:58.643700 #9588] INFO -- : Redaction for node 314407404 v1 hidden
I, [2012-07-16T11:15:58.733231 #9590] INFO -- : Redaction for way 14498245 v2 visible
I, [2012-07-16T11:15:58.733451 #9588] INFO -- : Redaction for node 314407404 v2 visible
I, [2012-07-16T11:15:58.822432 #9588] INFO -- : Redaction for node 314407419 v1 hidden
I, [2012-07-16T11:15:58.828785 #9590] INFO -- : Redaction for way 28558127 v1 hidden
I, [2012-07-16T11:15:58.928513 #9588] INFO -- : Redaction for node 314407419 v2 visible
I, [2012-07-16T11:15:59.044331 #9588] INFO -- : Redaction for node 314407372 v1 hidden
I, [2012-07-16T11:15:59.231534 #9590] INFO -- : Redaction for way 28558127 v2 visible
I, [2012-07-16T11:15:59.308643 #9590] INFO -- : Redaction for way 28558105 v1 hidden
I, [2012-07-16T11:16:04.144681 #9588] INFO -- : Redaction for node 314407372 v2 visible
I, [2012-07-16T11:16:04.228309 #9588] INFO -- : Redaction for node 313725065 v1 hidden
I, [2012-07-16T11:16:04.401769 #9590] INFO -- : Redaction for way 28558105 v2 hidden
I, [2012-07-16T11:16:04.504255 #9590] INFO -- : Redaction for way 28558193 v1 hidden
I, [2012-07-16T11:16:04.623575 #9590] INFO -- : Redaction for way 28558193 v2 visible
I, [2012-07-16T11:16:04.656533 #9588] INFO -- : Redaction for node 314407396 v1 hidden
I, [2012-07-16T11:16:04.770757 #9590] INFO -- : Redaction for way 28609089 v1 hidden
I, [2012-07-16T11:16:04.783719 #9588] INFO -- : Redaction for node 314407396 v2 visible
I, [2012-07-16T11:16:04.900895 #9590] INFO -- : Redaction for way 28609089 v2 hidden
I, [2012-07-16T11:16:04.904455 #9588] INFO -- : Redaction for node 314407422 v1 hidden
I, [2012-07-16T11:16:05.026331 #9588] INFO -- : Redaction for node 314407422 v2 visible
I, [2012-07-16T11:16:05.142126 #9588] INFO -- : Redaction for node 314407373 v1 hidden
I, [2012-07-16T11:16:05.253606 #9588] INFO -- : Redaction for node 314407373 v2 visible
I, [2012-07-16T11:16:05.364253 #9588] INFO -- : Redaction for node 314407391 v1 hidden
I, [2012-07-16T11:16:05.475944 #9590] INFO -- : Redaction for way 28609089 v3 visible
I, [2012-07-16T11:16:05.488713 #9588] INFO -- : Redaction for node 314407391 v2 visible
I, [2012-07-16T11:16:05.606918 #9590] INFO -- : Redaction for way 28609089 v4 visible
I, [2012-07-16T11:16:05.612823 #9588] INFO -- : Redaction for node 314407386 v1 hidden
I, [2012-07-16T11:16:05.723246 #9588] INFO -- : Redaction for node 314407386 v2 visible
I, [2012-07-16T11:16:05.739776 #9590] INFO -- : Redaction for way 28609089 v5 visible
I, [2012-07-16T11:16:05.818842 #9588] INFO -- : Redaction for node 314407379 v1 hidden
I, [2012-07-16T11:16:05.841279 #9590] INFO -- : Redaction for way 28609089 v6 visible
I, [2012-07-16T11:16:05.957233 #9590] INFO -- : Redaction for way 14498116 v1 hidden
I, [2012-07-16T11:16:06.051392 #9590] INFO -- : Redaction for way 14498116 v2 hidden
I, [2012-07-16T11:16:06.229817 #9588] INFO -- : Redaction for node 314407379 v2 visible
I, [2012-07-16T11:16:06.324331 #9588] INFO -- : Redaction for node 314407375 v1 hidden
I, [2012-07-16T11:16:06.408187 #9588] INFO -- : Redaction for node 314407375 v2 visible
I, [2012-07-16T11:16:06.486203 #9588] INFO -- : Redaction for node 314407426 v1 hidden
I, [2012-07-16T11:16:06.569556 #9588] INFO -- : Redaction for node 314407426 v2 visible
I, [2012-07-16T11:16:06.644145 #9588] INFO -- : Redaction for node 314407430 v1 hidden
I, [2012-07-16T11:16:11.187582 #9590] INFO -- : Redaction for way 14498116 v3 hidden
I, [2012-07-16T11:16:11.284697 #9590] INFO -- : Redaction for way 14497898 v1 hidden
I, [2012-07-16T11:16:11.370655 #9590] INFO -- : Redaction for way 14497898 v2 hidden
I, [2012-07-16T11:16:11.473477 #9590] INFO -- : Redaction for way 14497898 v3 hidden
I, [2012-07-16T11:16:11.607668 #9590] INFO -- : Redaction for way 14497898 v4 visible
I, [2012-07-16T11:16:11.712408 #9590] INFO -- : Redaction for way 14497898 v5 visible
I, [2012-07-16T11:16:11.756854 #9588] INFO -- : Redaction for node 314407430 v2 visible
I, [2012-07-16T11:16:11.876940 #9588] INFO -- : Redaction for node 313725064 v1 hidden
I, [2012-07-16T11:16:12.002752 #9588] INFO -- : Redaction for node 314407436 v1 hidden
I, [2012-07-16T11:16:12.004514 #9590] INFO -- : Redaction for way 14497898 v6 visible
I, [2012-07-16T11:16:12.154197 #9588] INFO -- : Redaction for node 314407436 v2 visible
I, [2012-07-16T11:16:12.198891 #9590] INFO -- : Redaction for way 7978767 v2 hidden
I, [2012-07-16T11:16:12.277853 #9588] INFO -- : Redaction for node 314407442 v1 hidden
I, [2012-07-16T11:16:12.311169 #9590] INFO -- : Redaction for way 7978767 v3 visible
I, [2012-07-16T11:16:12.424565 #9588] INFO -- : Redaction for node 314407442 v2 visible
I, [2012-07-16T11:16:12.459013 #9590] INFO -- : Redaction for way 7978767 v4 hidden
I, [2012-07-16T11:16:12.585190 #9588] INFO -- : Redaction for node 313725061 v1 hidden
I, [2012-07-16T11:16:12.613647 #9590] INFO -- : Redaction for way 7978767 v5 visible
I, [2012-07-16T11:16:12.748278 #9588] INFO -- : Redaction for node 314407448 v1 hidden
I, [2012-07-16T11:16:12.766437 #9590] INFO -- : Redaction for way 7978767 v6 visible
I, [2012-07-16T11:16:12.898886 #9588] INFO -- : Redaction for node 314407448 v2 visible
I, [2012-07-16T11:16:12.906306 #9590] INFO -- : Redaction for way 7978767 v7 visible
I, [2012-07-16T11:16:12.992746 #9590] INFO -- : Redaction for way 7978767 v8 visible
I, [2012-07-16T11:16:18.010375 #9588] INFO -- : Redaction for node 314407449 v1 hidden
I, [2012-07-16T11:16:18.104612 #9588] INFO -- : Redaction for node 314407449 v2 visible
I, [2012-07-16T11:16:18.201759 #9588] INFO -- : Redaction for node 314407451 v1 hidden
I, [2012-07-16T11:16:18.324047 #9588] INFO -- : Redaction for node 314407451 v2 visible
I, [2012-07-16T11:16:18.440973 #9588] INFO -- : Redaction for node 314407452 v1 hidden
I, [2012-07-16T11:16:18.506854 #9590] INFO -- : Redaction for way 7978767 v9 visible
I, [2012-07-16T11:16:18.542604 #9588] INFO -- : Redaction for node 314407452 v2 visible
I, [2012-07-16T11:16:18.643114 #9590] INFO -- : Redaction for way 27927606 v1 hidden
I, [2012-07-16T11:16:18.748335 #9590] INFO -- : Redaction for way 27927606 v2 visible
I, [2012-07-16T11:16:18.867921 #9590] INFO -- : Redaction for way 27927606 v3 visible
I, [2012-07-16T11:16:23.660189 #9588] INFO -- : Redaction for node 313725057 v1 hidden
I, [2012-07-16T11:16:23.833539 #9588] INFO -- : Redaction for node 314407453 v1 hidden
I, [2012-07-16T11:16:23.977938 #9588] INFO -- : Redaction for node 314407453 v2 visible
I, [2012-07-16T11:16:23.981049 #9590] INFO -- : Redaction for way 14498027 v1 hidden
I, [2012-07-16T11:16:24.087061 #9590] INFO -- : Redaction for way 14498027 v2 visible
I, [2012-07-16T11:16:24.157234 #9588] INFO -- : Redaction for node 314407454 v1 hidden
I, [2012-07-16T11:16:24.225771 #9590] INFO -- : Redaction for way 14498027 v3 visible
I, [2012-07-16T11:16:24.300620 #9588] INFO -- : Redaction for node 314407454 v2 visible
I, [2012-07-16T11:16:24.390785 #9590] INFO -- : Redaction for way 14498027 v4 visible
I, [2012-07-16T11:16:24.509830 #9588] INFO -- : Redaction for node 313725055 v1 hidden
I, [2012-07-16T11:16:24.521512 #9590] INFO -- : Redaction for way 27912877 v1 hidden
I, [2012-07-16T11:16:24.736364 #9588] INFO -- : Redaction for node 313725055 v2 visible
I, [2012-07-16T11:16:24.736635 #9590] INFO -- : Redaction for way 27912877 v2 hidden
I, [2012-07-16T11:16:24.867311 #9588] INFO -- : Redaction for node 314407455 v1 hidden
I, [2012-07-16T11:16:24.903351 #9590] INFO -- : Redaction for way 27912877 v3 hidden
I, [2012-07-16T11:16:24.986603 #9588] INFO -- : Redaction for node 314407455 v2 visible
I, [2012-07-16T11:16:25.087320 #9588] INFO -- : Redaction for node 314407456 v1 hidden
I, [2012-07-16T11:16:25.568053 #9588] INFO -- : Redaction for node 314407456 v2 visible
I, [2012-07-16T11:16:25.657912 #9588] INFO -- : Redaction for node 59715890 v3 hidden
I, [2012-07-16T11:16:25.747293 #9588] INFO -- : Redaction for node 59715890 v4 visible
I, [2012-07-16T11:16:25.841781 #9588] INFO -- : Redaction for node 142511727 v1 hidden
I, [2012-07-16T11:16:25.926098 #9588] INFO -- : Redaction for node 142511727 v2 visible
I, [2012-07-16T11:16:26.010857 #9588] INFO -- : Redaction for node 142511727 v3 visible
I, [2012-07-16T11:16:26.101170 #9588] INFO -- : Redaction for node 314407458 v1 hidden
I, [2012-07-16T11:16:26.192142 #9588] INFO -- : Redaction for node 314407458 v2 visible
I, [2012-07-16T11:16:26.285296 #9588] INFO -- : Redaction for node 142511726 v1 hidden
I, [2012-07-16T11:16:26.366969 #9588] INFO -- : Redaction for node 142511726 v2 visible
I, [2012-07-16T11:16:26.456949 #9588] INFO -- : Redaction for node 142511726 v3 visible
I, [2012-07-16T11:16:26.554845 #9588] INFO -- : Redaction for node 314407459 v1 hidden
I, [2012-07-16T11:16:26.653902 #9588] INFO -- : Redaction for node 314407459 v2 visible
I, [2012-07-16T11:16:26.733742 #9588] INFO -- : Redaction for node 314407460 v1 hidden
I, [2012-07-16T11:16:26.824945 #9588] INFO -- : Redaction for node 314407460 v2 visible
I, [2012-07-16T11:16:26.940723 #9588] INFO -- : Redaction for node 314407461 v1 hidden
I, [2012-07-16T11:16:27.026263 #9588] INFO -- : Redaction for node 314407461 v2 visible
I, [2012-07-16T11:16:27.102720 #9588] INFO -- : Redaction for node 142511724 v1 hidden
I, [2012-07-16T11:16:27.181877 #9588] INFO -- : Redaction for node 142511724 v2 visible
I, [2012-07-16T11:16:27.268651 #9588] INFO -- : Redaction for node 142511724 v3 visible
I, [2012-07-16T11:16:27.348340 #9588] INFO -- : Redaction for node 314407462 v1 hidden
I, [2012-07-16T11:16:27.427679 #9588] INFO -- : Redaction for node 314407462 v2 visible
I, [2012-07-16T11:16:27.508308 #9588] INFO -- : Redaction for node 314407463 v1 hidden
I, [2012-07-16T11:16:27.589306 #9588] INFO -- : Redaction for node 314407463 v2 visible
I, [2012-07-16T11:16:27.666657 #9588] INFO -- : Redaction for node 314407465 v1 hidden
I, [2012-07-16T11:16:27.752695 #9588] INFO -- : Redaction for node 314407465 v2 visible
I, [2012-07-16T11:16:27.834133 #9588] INFO -- : Redaction for node 142511722 v1 hidden
I, [2012-07-16T11:16:27.913796 #9588] INFO -- : Redaction for node 142511722 v2 visible
I, [2012-07-16T11:16:27.999627 #9588] INFO -- : Redaction for node 142511722 v3 visible
I, [2012-07-16T11:16:28.074119 #9588] INFO -- : Redaction for node 142511722 v4 visible
I, [2012-07-16T11:16:28.156346 #9588] INFO -- : Redaction for node 142511722 v5 visible
I, [2012-07-16T11:16:28.235465 #9588] INFO -- : Redaction for node 142508234 v1 hidden
I, [2012-07-16T11:16:28.326315 #9588] INFO -- : Redaction for node 314407206 v1 hidden
I, [2012-07-16T11:16:28.415352 #9588] INFO -- : Redaction for node 314407206 v2 visible
I, [2012-07-16T11:16:28.508159 #9588] INFO -- : Redaction for node 314407206 v3 visible
I, [2012-07-16T11:16:28.591824 #9588] INFO -- : Redaction for node 314407206 v4 visible
I, [2012-07-16T11:16:28.673665 #9588] INFO -- : Redaction for node 314407205 v1 hidden
I, [2012-07-16T11:16:28.752349 #9588] INFO -- : Redaction for node 314407205 v2 visible
I, [2012-07-16T11:16:28.834648 #9588] INFO -- : Redaction for node 314407205 v3 visible
I, [2012-07-16T11:16:28.919302 #9588] INFO -- : Redaction for node 314407204 v1 hidden
I, [2012-07-16T11:16:29.011358 #9588] INFO -- : Redaction for node 314407204 v2 visible
I, [2012-07-16T11:16:29.095674 #9588] INFO -- : Redaction for node 314407204 v3 visible
I, [2012-07-16T11:16:29.182104 #9588] INFO -- : Redaction for node 314407203 v1 hidden
I, [2012-07-16T11:16:29.277208 #9588] INFO -- : Redaction for node 314407203 v2 visible
I, [2012-07-16T11:16:29.358600 #9588] INFO -- : Redaction for node 314407203 v3 visible
I, [2012-07-16T11:16:29.446921 #9588] INFO -- : Redaction for node 314407202 v1 hidden
I, [2012-07-16T11:16:29.524048 #9588] INFO -- : Redaction for node 314407202 v2 visible
I, [2012-07-16T11:16:29.846695 #9588] INFO -- : Redaction for node 314407202 v3 visible
I, [2012-07-16T11:16:29.921444 #9588] INFO -- : Redaction for node 314407201 v1 hidden
I, [2012-07-16T11:16:30.021095 #9588] INFO -- : Redaction for node 314407201 v2 visible
I, [2012-07-16T11:16:30.131611 #9588] INFO -- : Redaction for node 314407201 v3 visible
I, [2012-07-16T11:16:30.221813 #9588] INFO -- : Redaction for node 314407200 v1 hidden
I, [2012-07-16T11:16:30.329173 #9588] INFO -- : Redaction for node 314407200 v2 visible
I, [2012-07-16T11:16:30.375905 #9590] INFO -- : Redaction for way 27912877 v4 visible
I, [2012-07-16T11:16:30.418516 #9588] INFO -- : Redaction for node 314407200 v3 visible
I, [2012-07-16T11:16:30.498264 #9588] INFO -- : Redaction for node 314407198 v1 hidden
I, [2012-07-16T11:16:30.580730 #9588] INFO -- : Redaction for node 314407198 v2 visible
I, [2012-07-16T11:16:30.598521 #9590] INFO -- : Redaction for way 27912877 v5 hidden
I, [2012-07-16T11:16:30.675843 #9588] INFO -- : Redaction for node 314407198 v3 visible
I, [2012-07-16T11:16:30.827474 #9588] INFO -- : Redaction for node 314407189 v1 hidden
I, [2012-07-16T11:16:30.927016 #9588] INFO -- : Redaction for node 314407189 v2 visible
I, [2012-07-16T11:16:31.044719 #9588] INFO -- : Redaction for node 314407189 v3 visible
I, [2012-07-16T11:16:31.091399 #9590] INFO -- : Redaction for way 27912851 v1 hidden
I, [2012-07-16T11:16:31.149299 #9588] INFO -- : Redaction for node 59644559 v2 hidden
I, [2012-07-16T11:16:31.181386 #9590] INFO -- : Redaction for way 27912851 v2 hidden
I, [2012-07-16T11:16:31.250173 #9588] INFO -- : Redaction for node 59644559 v3 visible
I, [2012-07-16T11:16:31.260955 #9590] INFO -- : Redaction for way 27912851 v3 hidden
I, [2012-07-16T11:16:31.336306 #9588] INFO -- : Redaction for node 59644559 v4 hidden
I, [2012-07-16T11:16:31.361582 #9590] INFO -- : Redaction for way 27912851 v4 visible
I, [2012-07-16T11:16:31.440896 #9588] INFO -- : Redaction for node 59644559 v5 visible
I, [2012-07-16T11:16:31.468135 #9590] INFO -- : Redaction for way 27912851 v5 visible
I, [2012-07-16T11:16:31.525027 #9588] INFO -- : Redaction for node 314407183 v1 hidden
I, [2012-07-16T11:16:31.559110 #9590] INFO -- : Redaction for way 27912851 v6 visible
I, [2012-07-16T11:16:31.681424 #9590] INFO -- : Redaction for way 28609085 v1 hidden
I, [2012-07-16T11:16:31.788685 #9590] INFO -- : Redaction for way 28609085 v2 hidden
I, [2012-07-16T11:16:31.948698 #9590] INFO -- : Redaction for way 28609085 v3 hidden
I, [2012-07-16T11:16:31.968205 #9588] INFO -- : Redaction for node 314407183 v2 visible
I, [2012-07-16T11:16:32.120560 #9588] INFO -- : Redaction for node 314407183 v3 visible
I, [2012-07-16T11:16:32.121075 #9590] INFO -- : Redaction for way 28609085 v4 visible
I, [2012-07-16T11:16:32.273604 #9588] INFO -- : Redaction for node 314407180 v1 hidden
I, [2012-07-16T11:16:32.391639 #9588] INFO -- : Redaction for node 314407180 v2 visible
I, [2012-07-16T11:16:32.590276 #9590] INFO -- : Redaction for way 28609085 v5 visible
D, [2012-07-16T11:16:32.687933 #9590] DEBUG -- : Marking entities succeeded: 541 / 43 / 0
D, [2012-07-16T11:16:32.688294 #9590] DEBUG -- : Nodes: 39284707,48682845,48682839,48682830,36125924,48682827,48682819,36125922,36125920,48682816,48682810,36125916,48682805,36125913,48682801,48682795,46745831,48682790,46745823,313727652,39284718,46745789,46745781,48682786,46745798,46745775,46745805,46745760,46745810,313727654,46745755,46745817,46745745,46745735,48682782,39284722,313727658,39284814,46933244,313727660,46933231,39284727,46933249,313726913,313726914,313726911,314407308,313726917,314407306,314407310,46933256,314407315,314407246,314407320,314407324,314407245,314407329,313726918,314407334,314407239,314407238,314407336,314407244,314407240,313727662,314407237,313726909,313726919,314407243,314407241,314407242,314407236,313727101,314407338,314407219,314407220,313727103,314407218,314407223,313727105,314407224,313726921,314407235,314407225,314407340,314407217,313727664,313726923,314407234,314407216,314407229,313726996,314407342,314407215,313726925,314407214,313726908,314407231,314407213,314407232,48682780,314407233,314407207,314407346,314407349,314407208,313726905,46745720,314407209,39284757,48682775,314407351,46745729,39284761,313726903,314407210,46745711,314407211,46745732,314407212,46745705,39284754,48682769,313726902,46745699,46744652,313727217,313727215,314407353,313727322,75709693,313727323,142513337,39284748,314407355,75709698,39284731,75709701,142513336,39284745,75709704,75709707,39284736,314407356,142513335,313724799,313728851,313729258,313728853,313728854,48682762,313728826,313728789,313729257,39284740,313728790,314407358,313728793,142513334,314407360,48682755,142515926,313724499,314407362,142513333,314407364,75709710,142515924,48075195,314407365,75709713,36928694,75709723,313724500,142513596,59715896,142515922,314407366,313724421,142513332,314407367,48682748,313724423,313724272,313724274,313724419,313724271,59715895,313724434,313724282,313724433,313724275,313724425,313724431,313724280,313724427,314407368,313724278,313724429,313724279,59715894,314407369,59715893,313725068,314407370,314407371,314407411,314407404,314407419,59715892,314407372,313725065,314407396,48075204,314407422,314407373,314407391,314407386,314407379,314407375,59715891,314407426,314407430,313725064,314407436,314407442,313725061,314407448,314407449,314407451,314407452,313725057,314407453,48075218,314407454,313725055,314407455,48075346,314407456,59715890,142511727,48075228,314407458,48075234,59715889,142511726,314407459,59715888,59715887,314407460,59715886,59715885,314407461,254969811,142511724,254969812,314407462,59715884,48075241,254969813,36928691,314407463,314407465,254969814,48075249,142511722,254969815,142508234,314407206,48075257,314407205,254969816,314407204,314407203,314407202,254969817,314407201,59715883,314407200,314407198,314407189,59715882,59644559,314407183,48075260,314407180,306550071,254969818,314407177,254969819,306550068,142508236,306550070,314407176,306550067,48075273,306550069,314407175,254969820,314407174,314407172,254969821,306405822,314407171,142510441,314407170,142510443,254969823,142510439,314407167,254969824,257117689,142510437,142508237,254969825,306406562,142510436,75711615,254969826,314407166,254969827,48075277,254969828,254969829,254969830,254969831,306406561,254969832,314407165,48075291,254969833,254969834,75711613,314407164,142508238,306406559,314407162,254969835,314407160,314407159,75711610,306406558,314407156,306406052,142508240,314407153,142508241,46972340,306406556,314407151,306406555,46972349,75711607,314407149,314407147,314407146,314407143,46972424,306406553,306406552,306406551,314407141,46972421,48075297,46972447,46972333,46972439,314407139,46972252,314407132,306406550,48075304,75713526,306405827,314407128,314407125,75711605,306406549,306406051,348346520,46972324,46972262,314407124,348346525,142508243,46972267,314407122,314407119,46972413,48075309,33565097,348346529,46972319,314407118,348346533,75713957,75713956,75713962,46972242,142508248,29504801,46972273,33565144,33565143,46972433,75711597,33565098,75713955,75713961,48075320,314407116,46972388,33565142,314407114,314407108,314407105,46972392,314407112,314407110,46972373,314407104,314407102,314407098,142508246,48075328,33565096,142508249,75711594,46972379,33565105,142508264,46972228,142508244,75711602,75711600,33565095,142508245,46972309,142508263,46972365,46972303,46972364,75713265,142508262,75713263,46972223,33565141,75711590,75711592,142508250,48075330,142508261,33565099,46972401,47012188,46972296,46972213,47012203,47012195,33561448,48075340,33565100,46972280,33565103,33565102,48682677,48682671,46933223,33565101,142508251,75711585,36928681,142508260,33565104,142508252,75711588,142508258,46933214,142508257,142508255,142508256,46933209,46933203,142508253,36928677,46933197,46933190,46933186,46933178,29504802,46933169,46933162,46933156,46933145,46933139,36928671,46933136,46933130,46933123,46933119,36928655,46933113,46933105,46933097,46933085,46933079,46933074,46933066,46933060,46933053,495111112,46933046,46933012,46933006,46933036,46933020,46933029,46933026,1019683572,1540304817,1467617248,1535155988,1540304819,1540304820,1540304821,1540983390,1540983402,1541032999,1540983399,1541032880,1554861080,1540983424,1541032881,1541033005,1540983420,1541033012,49211478,49211480,49211481,49211483,49211484
D, [2012-07-16T11:16:32.688371 #9590] DEBUG -- : Ways: 5848234,5841975,28558446,5841971,28558405,7989489,28558402,9661340,5427724,5841972,28558395,28558426,28558420,28558609,5427723,5892064,28558631,28558134,14498233,14498408,14498245,28558127,28558105,28558193,23546227,28609089,14498116,14497898,7978767,27927606,14498027,27912877,27912851,28609085,9661583,9661480,110568790,133323454,140114654,140114663,140114673,140703469,140703468
D, [2012-07-16T11:16:32.688417 #9590] DEBUG -- : Relations:
D, [2012-07-16T11:16:32.712367 #9590] DEBUG -- : 4 areas remaining
I, [2012-07-16T11:16:32.712535 #9590] INFO -- : Processing {:minlat=>46.375, :maxlat=>46.5, :minlon=>15.5, :maxlon=>15.5625}
D, [2012-07-16T11:16:32.755836 #9590] DEBUG -- : Processing Entities: 49 / 1 / 0
I, [2012-07-16T11:16:32.773188 #9588] INFO -- : Redaction for node 314407180 v3 visible
I, [2012-07-16T11:16:32.859238 #9588] INFO -- : Redaction for node 306550071 v1 hidden
I, [2012-07-16T11:16:32.945338 #9588] INFO -- : Redaction for node 306550071 v2 visible
I, [2012-07-16T11:16:33.030319 #9588] INFO -- : Redaction for node 306550071 v3 visible
D, [2012-07-16T11:16:33.306793 #9590] DEBUG -- : Changeset:
I, [2012-07-16T11:16:33.796564 #9590] INFO -- : Uploaded changeset 12242408
I, [2012-07-16T11:16:33.796657 #9590] INFO -- : Redaction for node 59264402 v2 hidden
I, [2012-07-16T11:16:33.933422 #9590] INFO -- : Redaction for node 747380115 v2 hidden
I, [2012-07-16T11:16:34.028846 #9590] INFO -- : Redaction for node 747380115 v3 hidden
I, [2012-07-16T11:16:34.126939 #9590] INFO -- : Redaction for node 747380115 v4 visible
I, [2012-07-16T11:16:34.225066 #9590] INFO -- : Redaction for node 747380115 v5 visible
I, [2012-07-16T11:16:34.313724 #9590] INFO -- : Redaction for node 747380115 v6 visible
I, [2012-07-16T11:16:34.404750 #9590] INFO -- : Redaction for node 747379308 v2 hidden
I, [2012-07-16T11:16:34.495832 #9590] INFO -- : Redaction for node 747379308 v3 hidden
I, [2012-07-16T11:16:34.588772 #9590] INFO -- : Redaction for node 747379308 v4 visible
I, [2012-07-16T11:16:34.669376 #9590] INFO -- : Redaction for node 747379308 v5 visible
I, [2012-07-16T11:16:34.746613 #9590] INFO -- : Redaction for node 747379308 v6 visible
I, [2012-07-16T11:16:34.820839 #9590] INFO -- : Redaction for node 747380365 v2 hidden
I, [2012-07-16T11:16:34.907854 #9590] INFO -- : Redaction for node 747380365 v3 hidden
I, [2012-07-16T11:16:35.013189 #9590] INFO -- : Redaction for node 747380365 v4 visible
I, [2012-07-16T11:16:35.102752 #9590] INFO -- : Redaction for node 747380365 v5 visible
I, [2012-07-16T11:16:35.184586 #9590] INFO -- : Redaction for node 747380365 v6 visible
I, [2012-07-16T11:16:35.270888 #9590] INFO -- : Redaction for way 31306565 v2 hidden
I, [2012-07-16T11:16:35.364791 #9590] INFO -- : Redaction for way 31306565 v3 visible
D, [2012-07-16T11:16:35.462779 #9590] DEBUG -- : Marking entities succeeded: 49 / 1 / 0
D, [2012-07-16T11:16:35.462857 #9590] DEBUG -- : Nodes: 46745911,91533489,91533488,46745904,91533487,29504792,91533486,91533485,91533484,91533483,91533477,91533482,91533478,91533476,91533481,91533479,91533480,91533475,91533474,254969836,348346564,254969837,254969838,348346559,254969839,254969840,348346556,254969841,254969842,348346550,254969843,348346547,254969844,348346543,254969845,348346537,254969846,254969848,254969849,254969850,254969851,59264402,747380115,747379308,747380365,1216492889,1216489506,1587776604,1019683678
D, [2012-07-16T11:16:35.462890 #9590] DEBUG -- : Ways: 31306565
D, [2012-07-16T11:16:35.462934 #9590] DEBUG -- : Relations:
D, [2012-07-16T11:16:35.465932 #9590] DEBUG -- : 3 areas remaining
D, [2012-07-16T11:16:35.465989 #9590] DEBUG -- : 4 areas remaining
I, [2012-07-16T11:16:35.466046 #9590] INFO -- : Processing {:minlat=>46.25, :maxlat=>46.375, :minlon=>15.5625, :maxlon=>15.625}
D, [2012-07-16T11:16:35.516847 #9590] DEBUG -- : Processing Entities: 308 / 6 / 0
I, [2012-07-16T11:16:38.127189 #9588] INFO -- : Redaction for node 314407177 v1 hidden
I, [2012-07-16T11:16:38.208109 #9588] INFO -- : Redaction for node 314407177 v2 visible
I, [2012-07-16T11:16:38.294277 #9588] INFO -- : Redaction for node 314407177 v3 visible
I, [2012-07-16T11:16:38.378743 #9588] INFO -- : Redaction for node 306550068 v1 hidden
D, [2012-07-16T11:16:38.584529 #9590] DEBUG -- : Changeset:
I, [2012-07-16T11:16:38.733169 #9588] INFO -- : Redaction for node 306550068 v2 visible
I, [2012-07-16T11:16:38.822942 #9588] INFO -- : Redaction for node 306550068 v3 visible
I, [2012-07-16T11:16:38.910460 #9588] INFO -- : Redaction for node 142508236 v1 hidden
I, [2012-07-16T11:16:38.992928 #9588] INFO -- : Redaction for node 142508236 v2 visible
I, [2012-07-16T11:16:39.080892 #9588] INFO -- : Redaction for node 142508236 v3 visible
I, [2012-07-16T11:16:39.159182 #9588] INFO -- : Redaction for node 142508236 v4 visible
I, [2012-07-16T11:16:39.239572 #9588] INFO -- : Redaction for node 142508236 v5 visible
I, [2012-07-16T11:16:39.321511 #9588] INFO -- : Redaction for node 306550070 v1 hidden
I, [2012-07-16T11:16:39.405748 #9588] INFO -- : Redaction for node 306550070 v2 visible
I, [2012-07-16T11:16:44.487719 #9590] INFO -- : Uploaded changeset 12242415
I, [2012-07-16T11:16:44.487818 #9590] INFO -- : Redaction for node 251875104 v1 hidden
I, [2012-07-16T11:16:44.502968 #9588] INFO -- : Redaction for node 306550070 v3 visible
I, [2012-07-16T11:16:44.593710 #9588] INFO -- : Redaction for node 314407176 v1 hidden
I, [2012-07-16T11:16:44.610520 #9590] INFO -- : Redaction for node 251875105 v1 hidden
I, [2012-07-16T11:16:44.685095 #9588] INFO -- : Redaction for node 314407176 v2 visible
I, [2012-07-16T11:16:44.689421 #9590] INFO -- : Redaction for node 251875106 v1 hidden
I, [2012-07-16T11:16:44.769433 #9588] INFO -- : Redaction for node 314407176 v3 visible
I, [2012-07-16T11:16:44.783438 #9590] INFO -- : Redaction for node 251875107 v1 hidden
I, [2012-07-16T11:16:44.861523 #9588] INFO -- : Redaction for node 306550067 v1 hidden
I, [2012-07-16T11:16:44.967402 #9588] INFO -- : Redaction for node 306550067 v2 visible
I, [2012-07-16T11:16:45.061301 #9588] INFO -- : Redaction for node 306550069 v1 hidden
I, [2012-07-16T11:16:45.143420 #9588] INFO -- : Redaction for node 306550069 v2 visible
I, [2012-07-16T11:16:45.238461 #9588] INFO -- : Redaction for node 314407175 v1 hidden
I, [2012-07-16T11:16:45.328251 #9588] INFO -- : Redaction for node 314407175 v2 visible
I, [2012-07-16T11:16:50.260550 #9590] INFO -- : Redaction for node 251875108 v1 hidden
I, [2012-07-16T11:16:50.382463 #9590] INFO -- : Redaction for node 251874751 v1 hidden
I, [2012-07-16T11:16:50.474293 #9588] INFO -- : Redaction for node 314407175 v3 visible
I, [2012-07-16T11:16:50.589815 #9590] INFO -- : Redaction for node 251875109 v1 hidden
I, [2012-07-16T11:16:50.654761 #9588] INFO -- : Redaction for node 314407174 v1 hidden
