I, [2012-07-16T10:54:41.552804 #10936] INFO -- : Redaction for node 94974748 v9 visible
I, [2012-07-16T10:54:41.637184 #10936] INFO -- : Redaction for node 94974748 v10 visible
I, [2012-07-16T10:54:41.747724 #10936] INFO -- : Redaction for node 94974748 v11 visible
I, [2012-07-16T10:54:41.832997 #10936] INFO -- : Redaction for node 94974748 v12 visible
I, [2012-07-16T10:54:41.835886 #10938] INFO -- : Redaction for node 94974789 v2 visible
I, [2012-07-16T10:54:41.915772 #10936] INFO -- : Redaction for node 94974748 v13 visible
I, [2012-07-16T10:54:41.921901 #10938] INFO -- : Redaction for node 94974789 v3 visible
I, [2012-07-16T10:54:42.005781 #10936] INFO -- : Redaction for node 94561989 v2 hidden
I, [2012-07-16T10:54:42.031691 #10938] INFO -- : Redaction for node 94974789 v4 visible
I, [2012-07-16T10:54:42.090790 #10936] INFO -- : Redaction for node 94561989 v3 visible
I, [2012-07-16T10:54:42.145860 #10938] INFO -- : Redaction for node 94974789 v5 visible
I, [2012-07-16T10:54:42.182984 #10936] INFO -- : Redaction for node 94969344 v1 hidden
I, [2012-07-16T10:54:42.231282 #10938] INFO -- : Redaction for node 94974789 v6 visible
I, [2012-07-16T10:54:42.272055 #10936] INFO -- : Redaction for node 94969344 v2 visible
I, [2012-07-16T10:54:42.378633 #10936] INFO -- : Redaction for node 94969344 v3 visible
I, [2012-07-16T10:54:42.467549 #10936] INFO -- : Redaction for node 94969344 v4 visible
I, [2012-07-16T10:54:42.562927 #10936] INFO -- : Redaction for node 94969344 v5 visible
I, [2012-07-16T10:54:42.648795 #10936] INFO -- : Redaction for node 94969342 v1 hidden
I, [2012-07-16T10:54:43.128277 #10936] INFO -- : Redaction for node 94969342 v2 visible
I, [2012-07-16T10:54:43.216357 #10936] INFO -- : Redaction for node 94969342 v3 visible
I, [2012-07-16T10:54:43.305519 #10936] INFO -- : Redaction for node 94969342 v4 visible
I, [2012-07-16T10:54:43.395798 #10936] INFO -- : Redaction for node 94969342 v5 visible
I, [2012-07-16T10:54:43.489600 #10936] INFO -- : Redaction for node 94969345 v1 hidden
I, [2012-07-16T10:54:43.580243 #10936] INFO -- : Redaction for node 94969341 v1 hidden
I, [2012-07-16T10:54:43.678852 #10936] INFO -- : Redaction for node 94969341 v2 visible
I, [2012-07-16T10:54:43.765246 #10936] INFO -- : Redaction for node 94969341 v3 visible
I, [2012-07-16T10:54:43.846877 #10936] INFO -- : Redaction for node 94561988 v2 hidden
I, [2012-07-16T10:54:43.929901 #10936] INFO -- : Redaction for node 94561988 v3 visible
I, [2012-07-16T10:54:44.017047 #10936] INFO -- : Redaction for node 94974749 v1 hidden
I, [2012-07-16T10:54:44.335875 #10936] INFO -- : Redaction for node 94974749 v2 visible
I, [2012-07-16T10:54:44.425028 #10936] INFO -- : Redaction for node 94974749 v3 visible
I, [2012-07-16T10:54:44.509328 #10936] INFO -- : Redaction for node 94974749 v4 visible
I, [2012-07-16T10:54:44.594249 #10936] INFO -- : Redaction for node 94974749 v5 visible
I, [2012-07-16T10:54:44.677388 #10936] INFO -- : Redaction for node 94974749 v6 visible
I, [2012-07-16T10:54:47.335851 #10938] INFO -- : Redaction for node 94974789 v7 visible
I, [2012-07-16T10:54:47.781144 #10938] INFO -- : Redaction for node 94974789 v8 visible
I, [2012-07-16T10:54:47.874892 #10938] INFO -- : Redaction for node 94974789 v9 visible
I, [2012-07-16T10:54:47.970512 #10938] INFO -- : Redaction for node 94974789 v10 visible
I, [2012-07-16T10:54:48.062921 #10938] INFO -- : Redaction for node 94974789 v11 visible
I, [2012-07-16T10:54:48.147844 #10938] INFO -- : Redaction for node 94974789 v12 visible
I, [2012-07-16T10:54:48.606844 #10938] INFO -- : Redaction for node 94974790 v1 hidden
I, [2012-07-16T10:54:48.698032 #10938] INFO -- : Redaction for node 94974790 v2 visible
I, [2012-07-16T10:54:48.790434 #10938] INFO -- : Redaction for node 94974790 v3 visible
I, [2012-07-16T10:54:48.877071 #10938] INFO -- : Redaction for node 94974790 v4 visible
I, [2012-07-16T10:54:48.962725 #10938] INFO -- : Redaction for node 94974790 v5 visible
I, [2012-07-16T10:54:49.047941 #10938] INFO -- : Redaction for node 94974790 v6 visible
I, [2012-07-16T10:54:49.137199 #10938] INFO -- : Redaction for node 94974790 v7 visible
I, [2012-07-16T10:54:49.239648 #10938] INFO -- : Redaction for node 94974790 v8 visible
I, [2012-07-16T10:54:49.330460 #10938] INFO -- : Redaction for node 94974790 v9 visible
I, [2012-07-16T10:54:49.780349 #10936] INFO -- : Redaction for node 94974749 v7 visible
I, [2012-07-16T10:54:49.868573 #10938] INFO -- : Redaction for node 94974790 v10 visible
I, [2012-07-16T10:54:49.879020 #10936] INFO -- : Redaction for node 94974749 v8 visible
I, [2012-07-16T10:54:49.979322 #10938] INFO -- : Redaction for node 94974790 v11 visible
I, [2012-07-16T10:54:50.071844 #10938] INFO -- : Redaction for node 94974790 v12 visible
I, [2012-07-16T10:54:50.166537 #10938] INFO -- : Redaction for node 94968362 v1 hidden
I, [2012-07-16T10:54:50.262267 #10938] INFO -- : Redaction for node 94968362 v2 visible
I, [2012-07-16T10:54:50.302066 #10936] INFO -- : Redaction for node 94974749 v9 visible
I, [2012-07-16T10:54:50.360243 #10938] INFO -- : Redaction for node 94968362 v3 visible
I, [2012-07-16T10:54:50.396548 #10936] INFO -- : Redaction for node 94974749 v10 visible
I, [2012-07-16T10:54:50.446788 #10938] INFO -- : Redaction for node 94968362 v4 visible
I, [2012-07-16T10:54:50.480616 #10936] INFO -- : Redaction for node 94974749 v11 visible
I, [2012-07-16T10:54:50.534444 #10938] INFO -- : Redaction for node 94968362 v5 visible
I, [2012-07-16T10:54:50.571129 #10936] INFO -- : Redaction for node 94974749 v12 visible
I, [2012-07-16T10:54:50.653588 #10936] INFO -- : Redaction for node 94969340 v1 hidden
I, [2012-07-16T10:54:50.736168 #10936] INFO -- : Redaction for node 94969340 v2 visible
I, [2012-07-16T10:54:50.818965 #10936] INFO -- : Redaction for node 94969340 v3 visible
I, [2012-07-16T10:54:55.621733 #10938] INFO -- : Redaction for node 94968362 v6 visible
I, [2012-07-16T10:54:55.714639 #10938] INFO -- : Redaction for node 94968362 v7 visible
I, [2012-07-16T10:54:55.810832 #10938] INFO -- : Redaction for node 94968362 v8 visible
I, [2012-07-16T10:54:55.906895 #10938] INFO -- : Redaction for node 94968362 v9 visible
I, [2012-07-16T10:54:55.919062 #10936] INFO -- : Redaction for node 94561984 v2 hidden
I, [2012-07-16T10:54:56.018744 #10938] INFO -- : Redaction for node 94968362 v10 visible
I, [2012-07-16T10:54:56.107552 #10938] INFO -- : Redaction for node 94968362 v11 visible
I, [2012-07-16T10:54:56.190437 #10938] INFO -- : Redaction for node 94968362 v12 visible
I, [2012-07-16T10:54:56.301004 #10938] INFO -- : Redaction for node 94968362 v13 visible
I, [2012-07-16T10:54:56.418926 #10938] INFO -- : Redaction for node 94968362 v14 visible
I, [2012-07-16T10:54:56.487194 #10936] INFO -- : Redaction for node 94561984 v3 visible
I, [2012-07-16T10:54:56.499538 #10938] INFO -- : Redaction for node 94968363 v1 hidden
I, [2012-07-16T10:55:01.592508 #10938] INFO -- : Redaction for node 94968363 v2 visible
I, [2012-07-16T10:55:01.691890 #10938] INFO -- : Redaction for node 94968363 v3 visible
I, [2012-07-16T10:55:01.779870 #10938] INFO -- : Redaction for node 94968363 v4 visible
I, [2012-07-16T10:55:01.878529 #10938] INFO -- : Redaction for node 94968363 v5 visible
I, [2012-07-16T10:55:01.934443 #10936] INFO -- : Redaction for node 94974750 v1 hidden
I, [2012-07-16T10:55:01.966719 #10938] INFO -- : Redaction for node 94968363 v6 visible
I, [2012-07-16T10:55:02.032920 #10936] INFO -- : Redaction for node 94974750 v2 visible
I, [2012-07-16T10:55:02.062411 #10938] INFO -- : Redaction for node 94968363 v7 visible
I, [2012-07-16T10:55:02.124825 #10936] INFO -- : Redaction for node 94974750 v3 visible
I, [2012-07-16T10:55:02.232066 #10936] INFO -- : Redaction for node 94974750 v4 visible
I, [2012-07-16T10:55:02.330149 #10936] INFO -- : Redaction for node 94974750 v5 visible
I, [2012-07-16T10:55:02.435871 #10936] INFO -- : Redaction for node 94974750 v6 visible
I, [2012-07-16T10:55:07.159640 #10938] INFO -- : Redaction for node 94968363 v8 visible
I, [2012-07-16T10:55:07.238954 #10938] INFO -- : Redaction for node 94968363 v9 visible
I, [2012-07-16T10:55:07.321119 #10938] INFO -- : Redaction for node 94968363 v10 visible
I, [2012-07-16T10:55:07.410103 #10938] INFO -- : Redaction for node 94968363 v11 visible
I, [2012-07-16T10:55:07.498998 #10938] INFO -- : Redaction for node 94968363 v12 visible
I, [2012-07-16T10:55:07.539495 #10936] INFO -- : Redaction for node 94974750 v7 visible
I, [2012-07-16T10:55:07.596229 #10938] INFO -- : Redaction for node 94968363 v13 visible
I, [2012-07-16T10:55:07.654935 #10936] INFO -- : Redaction for node 94974750 v8 visible
I, [2012-07-16T10:55:07.692393 #10938] INFO -- : Redaction for node 94968363 v14 visible
I, [2012-07-16T10:55:07.744624 #10936] INFO -- : Redaction for node 94974750 v9 visible
I, [2012-07-16T10:55:07.779785 #10938] INFO -- : Redaction for node 94971032 v1 hidden
I, [2012-07-16T10:55:07.827967 #10936] INFO -- : Redaction for node 94974750 v10 visible
I, [2012-07-16T10:55:07.871250 #10938] INFO -- : Redaction for node 94971031 v1 hidden
I, [2012-07-16T10:55:07.999832 #10938] INFO -- : Redaction for node 94971030 v1 hidden
I, [2012-07-16T10:55:08.113362 #10938] INFO -- : Redaction for node 94971029 v1 hidden
I, [2012-07-16T10:55:08.226930 #10938] INFO -- : Redaction for node 94971028 v1 hidden
I, [2012-07-16T10:55:08.351590 #10938] INFO -- : Redaction for node 94971026 v1 hidden
I, [2012-07-16T10:55:08.370590 #10936] INFO -- : Redaction for node 94974750 v11 visible
I, [2012-07-16T10:55:08.445532 #10938] INFO -- : Redaction for node 94971025 v1 hidden
I, [2012-07-16T10:55:08.470418 #10936] INFO -- : Redaction for node 94974750 v12 visible
I, [2012-07-16T10:55:08.563638 #10938] INFO -- : Redaction for node 94971024 v1 hidden
I, [2012-07-16T10:55:08.584400 #10936] INFO -- : Redaction for node 94561986 v2 hidden
I, [2012-07-16T10:55:08.666552 #10938] INFO -- : Redaction for node 94971023 v1 hidden
I, [2012-07-16T10:55:08.684856 #10936] INFO -- : Redaction for node 94561986 v3 visible
I, [2012-07-16T10:55:08.781451 #10938] INFO -- : Redaction for node 94971022 v1 hidden
I, [2012-07-16T10:55:08.787551 #10936] INFO -- : Redaction for node 94969339 v1 hidden
I, [2012-07-16T10:55:08.891339 #10936] INFO -- : Redaction for node 94969339 v2 visible
I, [2012-07-16T10:55:08.892247 #10938] INFO -- : Redaction for node 94971021 v1 hidden
I, [2012-07-16T10:55:08.983338 #10936] INFO -- : Redaction for node 94969339 v3 visible
I, [2012-07-16T10:55:08.998181 #10938] INFO -- : Redaction for node 94971019 v1 hidden
I, [2012-07-16T10:55:09.092288 #10938] INFO -- : Redaction for node 94971018 v1 hidden
I, [2012-07-16T10:55:09.096470 #10936] INFO -- : Redaction for node 94974752 v1 hidden
I, [2012-07-16T10:55:09.172885 #10938] INFO -- : Redaction for way 6229958 v7 hidden
I, [2012-07-16T10:55:09.204216 #10936] INFO -- : Redaction for node 94974752 v2 visible
I, [2012-07-16T10:55:09.274031 #10938] INFO -- : Redaction for way 6229958 v8 visible
I, [2012-07-16T10:55:09.295102 #10936] INFO -- : Redaction for node 94974752 v3 visible
I, [2012-07-16T10:55:09.362903 #10938] INFO -- : Redaction for way 6229958 v9 hidden
I, [2012-07-16T10:55:09.379778 #10936] INFO -- : Redaction for node 94974752 v4 visible
I, [2012-07-16T10:55:09.475182 #10936] INFO -- : Redaction for node 94974752 v5 visible
I, [2012-07-16T10:55:09.493139 #10938] INFO -- : Redaction for way 6229958 v10 hidden
I, [2012-07-16T10:55:09.586532 #10938] INFO -- : Redaction for way 6229958 v11 hidden
I, [2012-07-16T10:55:09.688027 #10938] INFO -- : Redaction for way 6229958 v12 visible
I, [2012-07-16T10:55:09.929022 #10936] INFO -- : Redaction for node 94974752 v6 visible
I, [2012-07-16T10:55:10.020940 #10936] INFO -- : Redaction for node 94974752 v7 visible
I, [2012-07-16T10:55:14.797462 #10938] INFO -- : Redaction for way 6229958 v13 visible
I, [2012-07-16T10:55:15.551802 #10936] INFO -- : Redaction for node 94974752 v8 visible
I, [2012-07-16T10:55:15.635970 #10936] INFO -- : Redaction for node 94974752 v9 visible
I, [2012-07-16T10:55:15.676336 #10938] INFO -- : Redaction for way 6229958 v14 visible
I, [2012-07-16T10:55:15.752363 #10936] INFO -- : Redaction for node 94974752 v10 visible
I, [2012-07-16T10:55:15.773359 #10938] INFO -- : Redaction for way 6229958 v15 visible
I, [2012-07-16T10:55:15.842311 #10936] INFO -- : Redaction for node 94974752 v11 visible
I, [2012-07-16T10:55:15.859374 #10938] INFO -- : Redaction for way 6229958 v16 visible
I, [2012-07-16T10:55:15.926296 #10936] INFO -- : Redaction for node 94974752 v12 visible
I, [2012-07-16T10:55:15.944084 #10938] INFO -- : Redaction for way 10680874 v1 hidden
I, [2012-07-16T10:55:16.017763 #10936] INFO -- : Redaction for node 94969338 v1 hidden
I, [2012-07-16T10:55:16.051439 #10938] INFO -- : Redaction for way 10680874 v2 visible
I, [2012-07-16T10:55:16.121353 #10936] INFO -- : Redaction for node 94969338 v2 visible
I, [2012-07-16T10:55:16.170020 #10938] INFO -- : Redaction for way 10680874 v3 visible
I, [2012-07-16T10:55:16.290075 #10938] INFO -- : Redaction for way 10680874 v4 visible
I, [2012-07-16T10:55:16.389973 #10938] INFO -- : Redaction for way 10680874 v5 visible
I, [2012-07-16T10:55:16.512452 #10938] INFO -- : Redaction for way 10680874 v6 visible
I, [2012-07-16T10:55:16.567428 #10936] INFO -- : Redaction for node 94969338 v3 visible
I, [2012-07-16T10:55:16.605316 #10938] INFO -- : Redaction for way 10680874 v7 visible
I, [2012-07-16T10:55:16.699223 #10938] INFO -- : Redaction for way 10680874 v8 visible
I, [2012-07-16T10:55:16.781358 #10938] INFO -- : Redaction for way 10680874 v9 visible
I, [2012-07-16T10:55:16.879105 #10938] INFO -- : Redaction for way 10680874 v10 visible
I, [2012-07-16T10:55:16.973263 #10938] INFO -- : Redaction for way 10680874 v11 visible
I, [2012-07-16T10:55:17.380106 #10938] INFO -- : Redaction for way 10680874 v12 visible
I, [2012-07-16T10:55:17.473890 #10938] INFO -- : Redaction for way 10680874 v13 visible
I, [2012-07-16T10:55:17.565941 #10938] INFO -- : Redaction for way 10680874 v14 visible
I, [2012-07-16T10:55:17.653025 #10938] INFO -- : Redaction for way 10680874 v15 visible
I, [2012-07-16T10:55:17.767531 #10938] INFO -- : Redaction for way 10680874 v16 visible
I, [2012-07-16T10:55:17.881600 #10938] INFO -- : Redaction for way 10680874 v17 visible
I, [2012-07-16T10:55:17.975796 #10938] INFO -- : Redaction for way 10700010 v1 hidden
I, [2012-07-16T10:55:18.060801 #10938] INFO -- : Redaction for way 10700010 v2 hidden
I, [2012-07-16T10:55:18.147535 #10938] INFO -- : Redaction for way 10700010 v3 hidden
I, [2012-07-16T10:55:18.236025 #10938] INFO -- : Redaction for way 10700010 v4 visible
I, [2012-07-16T10:55:18.320337 #10938] INFO -- : Redaction for way 10700010 v5 visible
I, [2012-07-16T10:55:18.426429 #10938] INFO -- : Redaction for way 10700010 v6 visible
I, [2012-07-16T10:55:18.515425 #10938] INFO -- : Redaction for way 10700010 v7 visible
I, [2012-07-16T10:55:18.606385 #10938] INFO -- : Redaction for way 10700010 v8 visible
I, [2012-07-16T10:55:18.707351 #10938] INFO -- : Redaction for way 10700010 v9 visible
I, [2012-07-16T10:55:18.792039 #10938] INFO -- : Redaction for way 10700010 v10 visible
I, [2012-07-16T10:55:18.883766 #10938] INFO -- : Redaction for way 10700010 v11 visible
I, [2012-07-16T10:55:18.978378 #10938] INFO -- : Redaction for way 10700010 v12 visible
I, [2012-07-16T10:55:19.077323 #10938] INFO -- : Redaction for way 10700033 v1 hidden
I, [2012-07-16T10:55:19.170009 #10938] INFO -- : Redaction for way 10700033 v2 hidden
I, [2012-07-16T10:55:19.252197 #10938] INFO -- : Redaction for way 10700033 v3 hidden
I, [2012-07-16T10:55:19.350217 #10938] INFO -- : Redaction for way 10700033 v4 hidden
I, [2012-07-16T10:55:19.442964 #10938] INFO -- : Redaction for way 10700033 v5 hidden
I, [2012-07-16T10:55:19.528718 #10938] INFO -- : Redaction for way 10700033 v6 visible
I, [2012-07-16T10:55:19.629009 #10938] INFO -- : Redaction for way 10700033 v7 visible
I, [2012-07-16T10:55:19.722176 #10938] INFO -- : Redaction for way 10700033 v8 visible
I, [2012-07-16T10:55:19.811357 #10938] INFO -- : Redaction for way 10700033 v9 visible
I, [2012-07-16T10:55:19.898450 #10938] INFO -- : Redaction for way 10700033 v10 visible
I, [2012-07-16T10:55:19.980681 #10938] INFO -- : Redaction for way 10700033 v11 visible
I, [2012-07-16T10:55:20.080690 #10938] INFO -- : Redaction for way 10700033 v12 visible
I, [2012-07-16T10:55:20.165951 #10938] INFO -- : Redaction for way 10700033 v13 visible
I, [2012-07-16T10:55:20.263745 #10938] INFO -- : Redaction for way 10700033 v14 visible
I, [2012-07-16T10:55:21.655558 #10936] INFO -- : Redaction for node 94974754 v1 hidden
I, [2012-07-16T10:55:21.984795 #10936] INFO -- : Redaction for node 94974754 v2 visible
I, [2012-07-16T10:55:22.076487 #10936] INFO -- : Redaction for node 94974754 v3 visible
I, [2012-07-16T10:55:22.159782 #10936] INFO -- : Redaction for node 94974754 v4 visible
I, [2012-07-16T10:55:22.241642 #10936] INFO -- : Redaction for node 94974754 v5 visible
I, [2012-07-16T10:55:22.326732 #10936] INFO -- : Redaction for node 94974754 v6 visible
I, [2012-07-16T10:55:22.412915 #10936] INFO -- : Redaction for node 94974754 v7 visible
I, [2012-07-16T10:55:22.510077 #10936] INFO -- : Redaction for node 94974754 v8 visible
I, [2012-07-16T10:55:22.590345 #10936] INFO -- : Redaction for node 94974754 v9 visible
I, [2012-07-16T10:55:22.672585 #10936] INFO -- : Redaction for node 94974754 v10 visible
I, [2012-07-16T10:55:22.755229 #10936] INFO -- : Redaction for node 94974754 v11 visible
I, [2012-07-16T10:55:22.835135 #10936] INFO -- : Redaction for node 94974754 v12 visible
I, [2012-07-16T10:55:22.914866 #10936] INFO -- : Redaction for node 94974755 v1 hidden
I, [2012-07-16T10:55:22.997893 #10936] INFO -- : Redaction for node 94974755 v2 visible
I, [2012-07-16T10:55:23.079571 #10936] INFO -- : Redaction for node 94974755 v3 visible
I, [2012-07-16T10:55:23.160124 #10936] INFO -- : Redaction for node 94974755 v4 visible
I, [2012-07-16T10:55:23.245935 #10936] INFO -- : Redaction for node 94974755 v5 visible
I, [2012-07-16T10:55:23.331490 #10936] INFO -- : Redaction for node 94974755 v6 visible
I, [2012-07-16T10:55:23.416430 #10936] INFO -- : Redaction for node 94974755 v7 visible
I, [2012-07-16T10:55:23.505875 #10936] INFO -- : Redaction for node 94974755 v8 visible
I, [2012-07-16T10:55:23.590570 #10936] INFO -- : Redaction for node 94974755 v9 visible
I, [2012-07-16T10:55:23.676420 #10936] INFO -- : Redaction for node 94974755 v10 visible
I, [2012-07-16T10:55:23.759927 #10936] INFO -- : Redaction for node 94974755 v11 visible
I, [2012-07-16T10:55:23.848276 #10936] INFO -- : Redaction for node 94974755 v12 visible
I, [2012-07-16T10:55:23.929448 #10936] INFO -- : Redaction for node 94974757 v1 hidden
I, [2012-07-16T10:55:24.014789 #10936] INFO -- : Redaction for node 94974757 v2 visible
I, [2012-07-16T10:55:24.098470 #10936] INFO -- : Redaction for node 94974757 v3 visible
I, [2012-07-16T10:55:24.468701 #10936] INFO -- : Redaction for node 94974757 v4 visible
I, [2012-07-16T10:55:24.555327 #10936] INFO -- : Redaction for node 94974757 v5 visible
I, [2012-07-16T10:55:24.639058 #10936] INFO -- : Redaction for node 94974757 v6 visible
I, [2012-07-16T10:55:24.726330 #10936] INFO -- : Redaction for node 94974757 v7 visible
I, [2012-07-16T10:55:24.809265 #10936] INFO -- : Redaction for node 94974757 v8 visible
I, [2012-07-16T10:55:24.904699 #10936] INFO -- : Redaction for node 94974757 v9 visible
I, [2012-07-16T10:55:24.984167 #10936] INFO -- : Redaction for node 94974757 v10 visible
I, [2012-07-16T10:55:25.084670 #10936] INFO -- : Redaction for node 94974757 v11 visible
I, [2012-07-16T10:55:25.180358 #10936] INFO -- : Redaction for node 94974757 v12 visible
I, [2012-07-16T10:55:25.270846 #10936] INFO -- : Redaction for node 94974758 v1 hidden
I, [2012-07-16T10:55:25.358970 #10936] INFO -- : Redaction for node 94974758 v2 visible
I, [2012-07-16T10:55:25.372753 #10938] INFO -- : Redaction for way 10700033 v15 visible
I, [2012-07-16T10:55:25.478283 #10936] INFO -- : Redaction for node 94974758 v3 visible
I, [2012-07-16T10:55:25.552179 #10938] INFO -- : Redaction for way 10700033 v16 visible
I, [2012-07-16T10:55:25.569772 #10936] INFO -- : Redaction for node 94974758 v4 visible
I, [2012-07-16T10:55:25.665313 #10938] INFO -- : Redaction for way 10700033 v17 visible
I, [2012-07-16T10:55:25.674080 #10936] INFO -- : Redaction for node 94974758 v5 visible
I, [2012-07-16T10:55:25.775670 #10938] INFO -- : Redaction for way 10700033 v18 visible
I, [2012-07-16T10:55:25.779286 #10936] INFO -- : Redaction for node 94974758 v6 visible
D, [2012-07-16T10:55:25.866736 #10938] DEBUG -- : Marking entities succeeded: 109 / 4 / 0
D, [2012-07-16T10:55:25.866862 #10938] DEBUG -- : Nodes: 742024249,52589347,29524465,94597260,94597259,94597258,94562003,94562002,94974727,94974812,94974728,94974729,94974731,94974732,94974733,94974734,94974735,94974736,94974737,94974738,94974739,94974740,94974742,94974743,94974744,94974745,94974746,94974748,94561989,94969344,94969342,94969345,94969341,94561988,94974749,94969340,94561984,94974750,94561986,94969339,94974752,94969338,94974754,94974755,94974757,94974758,94969337,94974759,94974760,94974761,94974762,94974763,94974764,94974765,94974766,94974767,94969336,94974768,94974770,94974772,94969334,94974773,94974774,94974775,94974776,94974777,94974779,94974780,94974781,94974782,94969333,94974783,94974784,94974792,94974793,94974794,94974796,94974801,94974802,94974797,94974803,94974800,94974799,94974804,94974805,94974786,94974807,94974787,94968361,94969331,94974788,94974791,94974789,94974790,94968362,94968363,94971032,94971031,94971030,94971029,94971028,94971026,94971025,94971024,94971023,94971022,94971021,94971019,94971018
D, [2012-07-16T10:55:25.866930 #10938] DEBUG -- : Ways: 6229958,10680874,10700010,10700033
D, [2012-07-16T10:55:25.866961 #10938] DEBUG -- : Relations:
D, [2012-07-16T10:55:25.874217 #10938] DEBUG -- : 3 areas remaining
D, [2012-07-16T10:55:25.874312 #10938] DEBUG -- : 4 areas remaining
I, [2012-07-16T10:55:25.874376 #10938] INFO -- : Processing {:minlat=>46.5, :maxlat=>46.625, :minlon=>16.1875, :maxlon=>16.25}
I, [2012-07-16T10:55:25.879217 #10936] INFO -- : Redaction for node 94974758 v7 visible
D, [2012-07-16T10:55:25.928954 #10938] DEBUG -- : Processing Entities: 119 / 5 / 0
I, [2012-07-16T10:55:26.351617 #10936] INFO -- : Redaction for node 94974758 v8 visible
I, [2012-07-16T10:55:26.436538 #10936] INFO -- : Redaction for node 94974758 v9 visible
I, [2012-07-16T10:55:26.619561 #10936] INFO -- : Redaction for node 94974758 v10 visible
I, [2012-07-16T10:55:26.773960 #10936] INFO -- : Redaction for node 94974758 v11 visible
I, [2012-07-16T10:55:26.900289 #10936] INFO -- : Redaction for node 94974758 v12 visible
I, [2012-07-16T10:55:26.989653 #10936] INFO -- : Redaction for node 94969337 v1 hidden
D, [2012-07-16T10:55:27.214833 #10938] DEBUG -- : Changeset:
I, [2012-07-16T10:55:28.996632 #10938] INFO -- : Uploaded changeset 12242082
I, [2012-07-16T10:55:28.996726 #10938] INFO -- : Redaction for node 288320857 v1 hidden
I, [2012-07-16T10:55:32.079400 #10936] INFO -- : Redaction for node 94969337 v2 visible
I, [2012-07-16T10:55:32.162298 #10936] INFO -- : Redaction for node 94969337 v3 visible
I, [2012-07-16T10:55:32.247702 #10936] INFO -- : Redaction for node 94974759 v1 hidden
I, [2012-07-16T10:55:32.339661 #10936] INFO -- : Redaction for node 94974759 v2 visible
I, [2012-07-16T10:55:32.423198 #10936] INFO -- : Redaction for node 94974759 v3 visible
I, [2012-07-16T10:55:32.504122 #10936] INFO -- : Redaction for node 94974759 v4 visible
I, [2012-07-16T10:55:32.585463 #10936] INFO -- : Redaction for node 94974759 v5 visible
I, [2012-07-16T10:55:32.688890 #10936] INFO -- : Redaction for node 94974759 v6 visible
I, [2012-07-16T10:55:32.778019 #10936] INFO -- : Redaction for node 94974759 v7 visible
I, [2012-07-16T10:55:32.861331 #10936] INFO -- : Redaction for node 94974759 v8 visible
I, [2012-07-16T10:55:32.955418 #10936] INFO -- : Redaction for node 94974759 v9 visible
I, [2012-07-16T10:55:33.042978 #10936] INFO -- : Redaction for node 94974759 v10 visible
I, [2012-07-16T10:55:33.129126 #10936] INFO -- : Redaction for node 94974759 v11 visible
I, [2012-07-16T10:55:33.222674 #10936] INFO -- : Redaction for node 94974759 v12 visible
I, [2012-07-16T10:55:33.320331 #10936] INFO -- : Redaction for node 94974760 v1 hidden
I, [2012-07-16T10:55:33.404138 #10936] INFO -- : Redaction for node 94974760 v2 visible
I, [2012-07-16T10:55:33.490664 #10936] INFO -- : Redaction for node 94974760 v3 visible
I, [2012-07-16T10:55:33.573006 #10936] INFO -- : Redaction for node 94974760 v4 visible
I, [2012-07-16T10:55:33.681891 #10936] INFO -- : Redaction for node 94974760 v5 visible
I, [2012-07-16T10:55:33.765801 #10936] INFO -- : Redaction for node 94974760 v6 visible
I, [2012-07-16T10:55:33.870099 #10936] INFO -- : Redaction for node 94974760 v7 visible
I, [2012-07-16T10:55:33.975727 #10936] INFO -- : Redaction for node 94974760 v8 visible
I, [2012-07-16T10:55:34.059772 #10936] INFO -- : Redaction for node 94974760 v9 visible
I, [2012-07-16T10:55:34.118335 #10938] INFO -- : Redaction for node 288320859 v1 hidden
I, [2012-07-16T10:55:34.224626 #10936] INFO -- : Redaction for node 94974760 v10 visible
I, [2012-07-16T10:55:34.300542 #10938] INFO -- : Redaction for node 288320861 v1 hidden
I, [2012-07-16T10:55:34.352163 #10936] INFO -- : Redaction for node 94974760 v11 visible
I, [2012-07-16T10:55:34.421327 #10938] INFO -- : Redaction for node 288320864 v1 hidden
I, [2012-07-16T10:55:34.450128 #10936] INFO -- : Redaction for node 94974760 v12 visible
I, [2012-07-16T10:55:34.535169 #10938] INFO -- : Redaction for node 288320866 v1 hidden
I, [2012-07-16T10:55:34.548462 #10936] INFO -- : Redaction for node 94974761 v1 hidden
I, [2012-07-16T10:55:34.639626 #10938] INFO -- : Redaction for node 288320868 v1 hidden
I, [2012-07-16T10:55:34.647146 #10936] INFO -- : Redaction for node 94974761 v2 visible
I, [2012-07-16T10:55:34.725167 #10938] INFO -- : Redaction for node 288320869 v1 hidden
I, [2012-07-16T10:55:34.729039 #10936] INFO -- : Redaction for node 94974761 v3 visible
I, [2012-07-16T10:55:34.815120 #10938] INFO -- : Redaction for node 288320870 v1 hidden
I, [2012-07-16T10:55:34.906211 #10938] INFO -- : Redaction for node 288320871 v1 hidden
I, [2012-07-16T10:55:34.990237 #10938] INFO -- : Redaction for node 288320872 v1 hidden
I, [2012-07-16T10:55:35.084443 #10938] INFO -- : Redaction for node 288320873 v1 hidden
I, [2012-07-16T10:55:35.109909 #10936] INFO -- : Redaction for node 94974761 v4 visible
I, [2012-07-16T10:55:35.174863 #10938] INFO -- : Redaction for node 288320875 v1 hidden
I, [2012-07-16T10:55:35.206440 #10936] INFO -- : Redaction for node 94974761 v5 visible
I, [2012-07-16T10:55:35.263533 #10938] INFO -- : Redaction for node 288320877 v1 hidden
I, [2012-07-16T10:55:35.296628 #10936] INFO -- : Redaction for node 94974761 v6 visible
I, [2012-07-16T10:55:35.347090 #10938] INFO -- : Redaction for node 288320879 v1 hidden
I, [2012-07-16T10:55:35.380361 #10936] INFO -- : Redaction for node 94974761 v7 visible
I, [2012-07-16T10:55:40.486695 #10938] INFO -- : Redaction for node 288320881 v1 hidden
I, [2012-07-16T10:55:40.492760 #10936] INFO -- : Redaction for node 94974761 v8 visible
I, [2012-07-16T10:55:40.625642 #10938] INFO -- : Redaction for node 288320883 v1 hidden
I, [2012-07-16T10:55:40.774561 #10938] INFO -- : Redaction for node 288320885 v1 hidden
I, [2012-07-16T10:55:40.915792 #10938] INFO -- : Redaction for node 288320887 v1 hidden
I, [2012-07-16T10:55:41.054385 #10938] INFO -- : Redaction for node 288320889 v1 hidden
I, [2012-07-16T10:55:41.155718 #10938] INFO -- : Redaction for node 288320891 v1 hidden
I, [2012-07-16T10:55:41.160416 #10936] INFO -- : Redaction for node 94974761 v9 visible
I, [2012-07-16T10:55:41.247489 #10936] INFO -- : Redaction for node 94974761 v10 visible
I, [2012-07-16T10:55:41.329859 #10936] INFO -- : Redaction for node 94974761 v11 visible
I, [2012-07-16T10:55:41.420950 #10936] INFO -- : Redaction for node 94974761 v12 visible
I, [2012-07-16T10:55:41.506522 #10936] INFO -- : Redaction for node 94974762 v1 hidden
I, [2012-07-16T10:55:41.589501 #10936] INFO -- : Redaction for node 94974762 v2 visible
I, [2012-07-16T10:55:41.931663 #10936] INFO -- : Redaction for node 94974762 v3 visible
I, [2012-07-16T10:55:42.013880 #10936] INFO -- : Redaction for node 94974762 v4 visible
I, [2012-07-16T10:55:42.105106 #10936] INFO -- : Redaction for node 94974762 v5 visible
I, [2012-07-16T10:55:46.246892 #10938] INFO -- : Redaction for node 288320893 v1 hidden
I, [2012-07-16T10:55:46.365715 #10938] INFO -- : Redaction for node 288320895 v1 hidden
I, [2012-07-16T10:55:46.975540 #10938] INFO -- : Redaction for node 288320901 v1 hidden
I, [2012-07-16T10:55:47.256594 #10936] INFO -- : Redaction for node 94974762 v6 visible
I, [2012-07-16T10:55:47.381568 #10936] INFO -- : Redaction for node 94974762 v7 visible
I, [2012-07-16T10:55:47.518360 #10936] INFO -- : Redaction for node 94974762 v8 visible
I, [2012-07-16T10:55:47.645003 #10938] INFO -- : Redaction for node 288320022 v1 hidden
I, [2012-07-16T10:55:47.807197 #10938] INFO -- : Redaction for node 288320022 v2 visible
I, [2012-07-16T10:55:47.957632 #10938] INFO -- : Redaction for node 288320900 v1 hidden
I, [2012-07-16T10:55:48.098245 #10938] INFO -- : Redaction for node 288320896 v1 hidden
I, [2012-07-16T10:55:48.172984 #10936] INFO -- : Redaction for node 94974762 v9 visible
I, [2012-07-16T10:55:48.268345 #10936] INFO -- : Redaction for node 94974762 v10 visible
I, [2012-07-16T10:55:48.353002 #10936] INFO -- : Redaction for node 94974762 v11 visible
I, [2012-07-16T10:55:48.434506 #10936] INFO -- : Redaction for node 94974762 v12 visible
I, [2012-07-16T10:55:53.207576 #10938] INFO -- : Redaction for node 288320899 v1 hidden
I, [2012-07-16T10:55:53.324515 #10938] INFO -- : Redaction for node 288320897 v1 hidden
I, [2012-07-16T10:55:53.420165 #10938] INFO -- : Redaction for node 288320999 v1 hidden
I, [2012-07-16T10:55:53.521625 #10936] INFO -- : Redaction for node 94974763 v1 hidden
I, [2012-07-16T10:55:53.530299 #10938] INFO -- : Redaction for node 288320998 v1 hidden
I, [2012-07-16T10:55:53.607032 #10936] INFO -- : Redaction for node 94974763 v2 visible
I, [2012-07-16T10:55:53.624582 #10938] INFO -- : Redaction for node 288320021 v1 hidden
I, [2012-07-16T10:55:53.696766 #10936] INFO -- : Redaction for node 94974763 v3 visible
I, [2012-07-16T10:55:53.788611 #10936] INFO -- : Redaction for node 94974763 v4 visible
I, [2012-07-16T10:55:54.214373 #10938] INFO -- : Redaction for node 288320021 v2 visible
I, [2012-07-16T10:55:54.342976 #10938] INFO -- : Redaction for node 288320020 v1 hidden
I, [2012-07-16T10:55:54.454560 #10938] INFO -- : Redaction for node 288320020 v2 visible
I, [2012-07-16T10:55:54.585906 #10936] INFO -- : Redaction for node 94974763 v5 visible
I, [2012-07-16T10:55:54.632387 #10938] INFO -- : Redaction for node 288320019 v1 hidden
I, [2012-07-16T10:55:54.724606 #10936] INFO -- : Redaction for node 94974763 v6 visible
I, [2012-07-16T10:55:54.806341 #10938] INFO -- : Redaction for node 288320019 v2 visible
I, [2012-07-16T10:55:54.880070 #10936] INFO -- : Redaction for node 94974763 v7 visible
I, [2012-07-16T10:55:55.016485 #10938] INFO -- : Redaction for node 288320018 v1 hidden
I, [2012-07-16T10:55:55.135078 #10938] INFO -- : Redaction for node 288320018 v2 visible
I, [2012-07-16T10:55:55.295249 #10938] INFO -- : Redaction for node 288320017 v1 hidden
I, [2012-07-16T10:55:55.464968 #10938] INFO -- : Redaction for node 288320017 v2 visible
I, [2012-07-16T10:55:55.517213 #10936] INFO -- : Redaction for node 94974763 v8 visible
I, [2012-07-16T10:55:55.599924 #10936] INFO -- : Redaction for node 94974763 v9 visible
I, [2012-07-16T10:55:55.686466 #10936] INFO -- : Redaction for node 94974763 v10 visible
I, [2012-07-16T10:55:55.778794 #10936] INFO -- : Redaction for node 94974763 v11 visible
I, [2012-07-16T10:55:55.859123 #10936] INFO -- : Redaction for node 94974763 v12 visible
I, [2012-07-16T10:56:00.613188 #10938] INFO -- : Redaction for node 288320015 v1 hidden
I, [2012-07-16T10:56:00.736403 #10938] INFO -- : Redaction for node 288320015 v2 visible
I, [2012-07-16T10:56:00.865302 #10938] INFO -- : Redaction for node 288320014 v1 hidden
I, [2012-07-16T10:56:00.988559 #10936] INFO -- : Redaction for node 94974764 v1 hidden
I, [2012-07-16T10:56:00.995459 #10938] INFO -- : Redaction for node 288320014 v2 visible
I, [2012-07-16T10:56:01.110496 #10936] INFO -- : Redaction for node 94974764 v2 visible
I, [2012-07-16T10:56:01.110664 #10938] INFO -- : Redaction for way 26315966 v1 hidden
I, [2012-07-16T10:56:01.229871 #10936] INFO -- : Redaction for node 94974764 v3 visible
I, [2012-07-16T10:56:01.236869 #10938] INFO -- : Redaction for way 26315966 v2 visible
I, [2012-07-16T10:56:01.359147 #10936] INFO -- : Redaction for node 94974764 v4 visible
I, [2012-07-16T10:56:01.396559 #10938] INFO -- : Redaction for way 26315864 v1 hidden
I, [2012-07-16T10:56:01.487866 #10938] INFO -- : Redaction for way 26315864 v2 visible
I, [2012-07-16T10:56:01.580787 #10938] INFO -- : Redaction for way 26315864 v3 visible
I, [2012-07-16T10:56:06.454978 #10936] INFO -- : Redaction for node 94974764 v5 visible
I, [2012-07-16T10:56:06.592229 #10936] INFO -- : Redaction for node 94974764 v6 visible
I, [2012-07-16T10:56:06.799837 #10936] INFO -- : Redaction for node 94974764 v7 visible
I, [2012-07-16T10:56:06.951712 #10936] INFO -- : Redaction for node 94974764 v8 visible
I, [2012-07-16T10:56:07.112420 #10936] INFO -- : Redaction for node 94974764 v9 visible
I, [2012-07-16T10:56:07.279137 #10936] INFO -- : Redaction for node 94974764 v10 visible
I, [2012-07-16T10:56:07.440527 #10936] INFO -- : Redaction for node 94974764 v11 visible
I, [2012-07-16T10:56:07.523536 #10938] INFO -- : Redaction for way 26315864 v4 visible
I, [2012-07-16T10:56:07.573855 #10936] INFO -- : Redaction for node 94974764 v12 visible
I, [2012-07-16T10:56:07.667737 #10938] INFO -- : Redaction for way 26315864 v5 visible
I, [2012-07-16T10:56:07.724989 #10936] INFO -- : Redaction for node 94974765 v1 hidden
I, [2012-07-16T10:56:07.852625 #10936] INFO -- : Redaction for node 94974765 v2 visible
I, [2012-07-16T10:56:07.861577 #10938] INFO -- : Redaction for way 26315864 v6 visible
I, [2012-07-16T10:56:07.999404 #10938] INFO -- : Redaction for way 26315864 v7 visible
I, [2012-07-16T10:56:08.012182 #10936] INFO -- : Redaction for node 94974765 v3 visible
D, [2012-07-16T10:56:08.144537 #10938] DEBUG -- : Marking entities succeeded: 119 / 5 / 0
D, [2012-07-16T10:56:08.144705 #10938] DEBUG -- : Nodes: 1171121844,1186568253,1171122272,1171121365,1171122341,1171121801,1171121803,1171121996,1171122304,1171121105,268543233,1171121757,1171121599,1186568424,1171122178,1186568128,1171121529,1186568336,1171121995,1171121354,1171122127,1186568455,1171122416,1171121304,1171121966,1186568212,268543231,1186568402,268543230,268543229,268543228,1186568484,1186568198,1186568391,1186568479,1186568283,268439926,1186568440,1186568370,268439927,1186568160,1186568349,1186568467,1186568149,1587310504,297694902,288320857,1587310530,1417861169,1587310531,288320859,1587310532,1417861151,1587310533,1417861152,1587310534,1417861153,1587310535,288320861,1587310536,288320864,1587310537,1417861154,1587310544,288320866,1587310547,288320868,1587310549,1417861155,1587310552,288320869,1587310553,288320870,1587310555,288320871,1587310556,288320872,1587310557,1411976577,288320873,1587310560,288320875,1587310561,1417861156,1587310563,1417861157,1587310565,1417861176,1587310567,1417861173,1587310570,288320877,288320879,288320881,288320883,288320885,288320887,288320889,1587310572,288320891,288320893,1587310584,1587310588,288320895,288320901,288320022,288320900,288320896,288320899,288320897,288320999,288320998,288320021,288320020,288320019,288320018,288320017,288320015,288320014
D, [2012-07-16T10:56:08.144744 #10938] DEBUG -- : Ways: 24837176,130851444,26315966,26315864,145308701
D, [2012-07-16T10:56:08.144773 #10938] DEBUG -- : Relations:
D, [2012-07-16T10:56:08.150316 #10938] DEBUG -- : 3 areas remaining
I, [2012-07-16T10:56:08.150416 #10938] INFO -- : Processing {:minlat=>46.5, :maxlat=>46.625, :minlon=>16.125, :maxlon=>16.1875}
D, [2012-07-16T10:56:08.196903 #10938] DEBUG -- : Processing Entities: 40 / 2 / 0
I, [2012-07-16T10:56:08.813307 #10936] INFO -- : Redaction for node 94974765 v4 visible
I, [2012-07-16T10:56:08.913670 #10936] INFO -- : Redaction for node 94974765 v5 visible
I, [2012-07-16T10:56:09.006561 #10936] INFO -- : Redaction for node 94974765 v6 visible
I, [2012-07-16T10:56:09.089055 #10936] INFO -- : Redaction for node 94974765 v7 visible
I, [2012-07-16T10:56:09.178770 #10936] INFO -- : Redaction for node 94974765 v8 visible
I, [2012-07-16T10:56:09.268310 #10936] INFO -- : Redaction for node 94974765 v9 visible
I, [2012-07-16T10:56:09.354454 #10936] INFO -- : Redaction for node 94974765 v10 visible
D, [2012-07-16T10:56:09.359624 #10938] DEBUG -- : Changeset:
I, [2012-07-16T10:56:09.441380 #10936] INFO -- : Redaction for node 94974765 v11 visible
I, [2012-07-16T10:56:09.822166 #10936] INFO -- : Redaction for node 94974765 v12 visible
I, [2012-07-16T10:56:09.908249 #10936] INFO -- : Redaction for node 94974766 v1 hidden
I, [2012-07-16T10:56:13.920551 #10938] INFO -- : Uploaded changeset 12242097
I, [2012-07-16T10:56:13.920653 #10938] INFO -- : Redaction for node 262672661 v1 hidden
I, [2012-07-16T10:56:14.044601 #10938] INFO -- : Redaction for node 262672661 v2 visible
I, [2012-07-16T10:56:14.159123 #10938] INFO -- : Redaction for node 262672660 v1 hidden
I, [2012-07-16T10:56:14.824128 #10938] INFO -- : Redaction for node 262672660 v2 visible
I, [2012-07-16T10:56:14.956337 #10938] INFO -- : Redaction for node 262672663 v1 hidden
I, [2012-07-16T10:56:15.040494 #10936] INFO -- : Redaction for node 94974766 v2 visible
I, [2012-07-16T10:56:15.168454 #10936] INFO -- : Redaction for node 94974766 v3 visible
I, [2012-07-16T10:56:15.246225 #10936] INFO -- : Redaction for node 94974766 v4 visible
I, [2012-07-16T10:56:15.386462 #10936] INFO -- : Redaction for node 94974766 v5 visible
I, [2012-07-16T10:56:15.493335 #10936] INFO -- : Redaction for node 94974766 v6 visible
I, [2012-07-16T10:56:15.630267 #10936] INFO -- : Redaction for node 94974766 v7 visible
I, [2012-07-16T10:56:15.631440 #10938] INFO -- : Redaction for node 262672663 v2 visible
I, [2012-07-16T10:56:15.717313 #10938] INFO -- : Redaction for node 262672662 v1 hidden
I, [2012-07-16T10:56:15.741792 #10936] INFO -- : Redaction for node 94974766 v8 visible
I, [2012-07-16T10:56:15.810762 #10938] INFO -- : Redaction for node 262672662 v2 visible
I, [2012-07-16T10:56:15.856995 #10936] INFO -- : Redaction for node 94974766 v9 visible
I, [2012-07-16T10:56:15.940563 #10938] INFO -- : Redaction for node 262672659 v1 hidden
I, [2012-07-16T10:56:15.992333 #10936] INFO -- : Redaction for node 94974766 v10 visible
I, [2012-07-16T10:56:16.055745 #10938] INFO -- : Redaction for node 262672659 v2 visible
I, [2012-07-16T10:56:16.188600 #10938] INFO -- : Redaction for node 262672657 v1 hidden
I, [2012-07-16T10:56:16.367012 #10938] INFO -- : Redaction for node 262672657 v2 visible
I, [2012-07-16T10:56:16.721444 #10936] INFO -- : Redaction for node 94974766 v11 visible
I, [2012-07-16T10:56:16.831364 #10936] INFO -- : Redaction for node 94974766 v12 visible
I, [2012-07-16T10:56:16.921498 #10936] INFO -- : Redaction for node 94974767 v1 hidden
I, [2012-07-16T10:56:16.951598 #10938] INFO -- : Redaction for node 262672658 v1 hidden
I, [2012-07-16T10:56:17.009382 #10936] INFO -- : Redaction for node 94974767 v2 visible
I, [2012-07-16T10:56:17.040092 #10938] INFO -- : Redaction for node 262672658 v2 visible
I, [2012-07-16T10:56:17.095704 #10936] INFO -- : Redaction for node 94974767 v3 visible
I, [2012-07-16T10:56:17.135988 #10938] INFO -- : Redaction for node 262672656 v1 hidden
I, [2012-07-16T10:56:17.182175 #10936] INFO -- : Redaction for node 94974767 v4 visible
I, [2012-07-16T10:56:17.224157 #10938] INFO -- : Redaction for node 262672656 v2 visible
I, [2012-07-16T10:56:17.264880 #10936] INFO -- : Redaction for node 94974767 v5 visible
I, [2012-07-16T10:56:17.310019 #10938] INFO -- : Redaction for node 262672655 v1 hidden
I, [2012-07-16T10:56:17.400696 #10938] INFO -- : Redaction for node 262672655 v2 visible
I, [2012-07-16T10:56:17.862072 #10938] INFO -- : Redaction for node 262672653 v1 hidden
I, [2012-07-16T10:56:17.950822 #10938] INFO -- : Redaction for node 262672653 v2 visible
I, [2012-07-16T10:56:18.037659 #10938] INFO -- : Redaction for node 262672654 v1 hidden
I, [2012-07-16T10:56:18.121688 #10938] INFO -- : Redaction for node 262672654 v2 visible
I, [2012-07-16T10:56:18.217831 #10938] INFO -- : Redaction for node 262672647 v1 hidden
I, [2012-07-16T10:56:18.311398 #10938] INFO -- : Redaction for node 262672647 v2 visible
I, [2012-07-16T10:56:18.439550 #10938] INFO -- : Redaction for node 262672646 v1 hidden
I, [2012-07-16T10:56:18.614986 #10938] INFO -- : Redaction for node 262672646 v2 visible
I, [2012-07-16T10:56:18.717117 #10938] INFO -- : Redaction for node 262672645 v1 hidden
I, [2012-07-16T10:56:18.810527 #10938] INFO -- : Redaction for node 262672645 v2 visible
I, [2012-07-16T10:56:18.898850 #10938] INFO -- : Redaction for node 262672644 v1 hidden
I, [2012-07-16T10:56:19.006707 #10938] INFO -- : Redaction for node 262672644 v2 visible
I, [2012-07-16T10:56:19.136169 #10938] INFO -- : Redaction for node 262672643 v1 hidden
I, [2012-07-16T10:56:19.228495 #10938] INFO -- : Redaction for node 262672643 v2 visible
I, [2012-07-16T10:56:22.356918 #10936] INFO -- : Redaction for node 94974767 v6 visible
I, [2012-07-16T10:56:22.440708 #10936] INFO -- : Redaction for node 94974767 v7 visible
I, [2012-07-16T10:56:22.524048 #10936] INFO -- : Redaction for node 94974767 v8 visible
I, [2012-07-16T10:56:22.621313 #10936] INFO -- : Redaction for node 94974767 v9 visible
I, [2012-07-16T10:56:22.704439 #10936] INFO -- : Redaction for node 94974767 v10 visible
I, [2012-07-16T10:56:22.793596 #10936] INFO -- : Redaction for node 94974767 v11 visible
I, [2012-07-16T10:56:22.889082 #10936] INFO -- : Redaction for node 94974767 v12 visible
I, [2012-07-16T10:56:22.973252 #10936] INFO -- : Redaction for node 94969336 v1 hidden
I, [2012-07-16T10:56:23.055315 #10936] INFO -- : Redaction for node 94969336 v2 visible
I, [2012-07-16T10:56:23.141670 #10936] INFO -- : Redaction for node 94969336 v3 visible
I, [2012-07-16T10:56:23.227884 #10936] INFO -- : Redaction for node 94974768 v1 hidden
I, [2012-07-16T10:56:23.319209 #10936] INFO -- : Redaction for node 94974768 v2 visible
I, [2012-07-16T10:56:23.419832 #10936] INFO -- : Redaction for node 94974768 v3 visible
I, [2012-07-16T10:56:23.544872 #10936] INFO -- : Redaction for node 94974768 v4 visible
I, [2012-07-16T10:56:23.648920 #10936] INFO -- : Redaction for node 94974768 v5 visible
I, [2012-07-16T10:56:23.746345 #10936] INFO -- : Redaction for node 94974768 v6 visible
I, [2012-07-16T10:56:23.840959 #10936] INFO -- : Redaction for node 94974768 v7 visible
I, [2012-07-16T10:56:23.928524 #10936] INFO -- : Redaction for node 94974768 v8 visible
I, [2012-07-16T10:56:24.016787 #10936] INFO -- : Redaction for node 94974768 v9 visible
I, [2012-07-16T10:56:24.110991 #10936] INFO -- : Redaction for node 94974768 v10 visible
I, [2012-07-16T10:56:24.198901 #10936] INFO -- : Redaction for node 94974768 v11 visible
I, [2012-07-16T10:56:24.289998 #10936] INFO -- : Redaction for node 94974768 v12 visible
I, [2012-07-16T10:56:24.318990 #10938] INFO -- : Redaction for node 262672642 v1 hidden
I, [2012-07-16T10:56:24.379421 #10936] INFO -- : Redaction for node 94974770 v1 hidden
I, [2012-07-16T10:56:24.409171 #10938] INFO -- : Redaction for node 262672642 v2 visible
I, [2012-07-16T10:56:24.470304 #10936] INFO -- : Redaction for node 94974770 v2 visible
I, [2012-07-16T10:56:24.497613 #10938] INFO -- : Redaction for node 288323799 v1 hidden
I, [2012-07-16T10:56:24.580226 #10936] INFO -- : Redaction for node 94974770 v3 visible
I, [2012-07-16T10:56:24.603849 #10938] INFO -- : Redaction for node 288323798 v1 hidden
I, [2012-07-16T10:56:24.703184 #10938] INFO -- : Redaction for node 288323797 v1 hidden
I, [2012-07-16T10:56:24.712722 #10936] INFO -- : Redaction for node 94974770 v4 visible
I, [2012-07-16T10:56:24.843367 #10936] INFO -- : Redaction for node 94974770 v5 visible
I, [2012-07-16T10:56:24.856585 #10938] INFO -- : Redaction for node 288323800 v1 hidden
I, [2012-07-16T10:56:24.979256 #10936] INFO -- : Redaction for node 94974770 v6 visible
I, [2012-07-16T10:56:24.979816 #10938] INFO -- : Redaction for node 288323796 v1 hidden
I, [2012-07-16T10:56:25.117647 #10938] INFO -- : Redaction for node 288323795 v1 hidden
I, [2012-07-16T10:56:25.247342 #10938] INFO -- : Redaction for node 288323794 v1 hidden
I, [2012-07-16T10:56:25.309905 #10936] INFO -- : Redaction for node 94974770 v7 visible
I, [2012-07-16T10:56:25.398874 #10936] INFO -- : Redaction for node 94974770 v8 visible
I, [2012-07-16T10:56:25.486396 #10936] INFO -- : Redaction for node 94974770 v9 visible
I, [2012-07-16T10:56:25.572796 #10936] INFO -- : Redaction for node 94974770 v10 visible
I, [2012-07-16T10:56:25.657442 #10936] INFO -- : Redaction for node 94974770 v11 visible
I, [2012-07-16T10:56:25.755737 #10936] INFO -- : Redaction for node 94974770 v12 visible
I, [2012-07-16T10:56:25.848329 #10936] INFO -- : Redaction for node 94974772 v1 hidden
I, [2012-07-16T10:56:25.930365 #10936] INFO -- : Redaction for node 94974772 v2 visible
I, [2012-07-16T10:56:26.043167 #10936] INFO -- : Redaction for node 94974772 v3 visible
I, [2012-07-16T10:56:26.475920 #10936] INFO -- : Redaction for node 94974772 v4 visible
I, [2012-07-16T10:56:26.565581 #10936] INFO -- : Redaction for node 94974772 v5 visible
I, [2012-07-16T10:56:26.649862 #10936] INFO -- : Redaction for node 94974772 v6 visible
I, [2012-07-16T10:56:26.732444 #10936] INFO -- : Redaction for node 94974772 v7 visible
I, [2012-07-16T10:56:30.334632 #10938] INFO -- : Redaction for node 288323801 v1 hidden
I, [2012-07-16T10:56:30.424196 #10938] INFO -- : Redaction for node 288323793 v1 hidden
I, [2012-07-16T10:56:30.512811 #10938] INFO -- : Redaction for node 288323802 v1 hidden
I, [2012-07-16T10:56:30.675054 #10938] INFO -- : Redaction for node 288323803 v1 hidden
I, [2012-07-16T10:56:30.758568 #10938] INFO -- : Redaction for node 288323804 v1 hidden
I, [2012-07-16T10:56:30.846847 #10938] INFO -- : Redaction for node 288323806 v1 hidden
I, [2012-07-16T10:56:30.926306 #10938] INFO -- : Redaction for node 288323808 v1 hidden
I, [2012-07-16T10:56:31.033134 #10938] INFO -- : Redaction for node 288323810 v1 hidden
I, [2012-07-16T10:56:31.132260 #10938] INFO -- : Redaction for node 288323812 v1 hidden
I, [2012-07-16T10:56:31.220649 #10938] INFO -- : Redaction for node 288323814 v1 hidden
I, [2012-07-16T10:56:31.306170 #10938] INFO -- : Redaction for node 288323816 v1 hidden
I, [2012-07-16T10:56:31.397774 #10938] INFO -- : Redaction for node 288323818 v1 hidden
I, [2012-07-16T10:56:31.861076 #10936] INFO -- : Redaction for node 94974772 v8 visible
I, [2012-07-16T10:56:31.957940 #10936] INFO -- : Redaction for node 94974772 v9 visible
I, [2012-07-16T10:56:32.044483 #10936] INFO -- : Redaction for node 94974772 v10 visible
I, [2012-07-16T10:56:32.126033 #10936] INFO -- : Redaction for node 94974772 v11 visible
I, [2012-07-16T10:56:32.212483 #10936] INFO -- : Redaction for node 94974772 v12 visible
I, [2012-07-16T10:56:32.303553 #10936] INFO -- : Redaction for node 94969334 v1 hidden
I, [2012-07-16T10:56:32.664514 #10936] INFO -- : Redaction for node 94969334 v2 visible
I, [2012-07-16T10:56:32.755924 #10936] INFO -- : Redaction for node 94969334 v3 visible
I, [2012-07-16T10:56:32.859544 #10936] INFO -- : Redaction for node 94974773 v1 hidden
I, [2012-07-16T10:56:32.949133 #10936] INFO -- : Redaction for node 94974773 v2 visible
I, [2012-07-16T10:56:33.034171 #10936] INFO -- : Redaction for node 94974773 v3 visible
I, [2012-07-16T10:56:33.117202 #10936] INFO -- : Redaction for node 94974773 v4 visible
I, [2012-07-16T10:56:33.202362 #10936] INFO -- : Redaction for node 94974773 v5 visible
I, [2012-07-16T10:56:33.285183 #10936] INFO -- : Redaction for node 94974773 v6 visible
I, [2012-07-16T10:56:33.377780 #10936] INFO -- : Redaction for node 94974773 v7 visible
I, [2012-07-16T10:56:33.464432 #10936] INFO -- : Redaction for node 94974773 v8 visible
I, [2012-07-16T10:56:33.551473 #10936] INFO -- : Redaction for node 94974773 v9 visible
I, [2012-07-16T10:56:33.642782 #10936] INFO -- : Redaction for node 94974773 v10 visible
I, [2012-07-16T10:56:33.724048 #10936] INFO -- : Redaction for node 94974773 v11 visible
I, [2012-07-16T10:56:34.096525 #10936] INFO -- : Redaction for node 94974773 v12 visible
I, [2012-07-16T10:56:34.179463 #10936] INFO -- : Redaction for node 94974774 v1 hidden
I, [2012-07-16T10:56:34.261524 #10936] INFO -- : Redaction for node 94974774 v2 visible
I, [2012-07-16T10:56:34.354095 #10936] INFO -- : Redaction for node 94974774 v3 visible
I, [2012-07-16T10:56:34.432485 #10936] INFO -- : Redaction for node 94974774 v4 visible
I, [2012-07-16T10:56:34.528709 #10936] INFO -- : Redaction for node 94974774 v5 visible
I, [2012-07-16T10:56:36.485048 #10938] INFO -- : Redaction for node 288323820 v1 hidden
I, [2012-07-16T10:56:36.574501 #10938] INFO -- : Redaction for node 288323822 v1 hidden
I, [2012-07-16T10:56:36.669083 #10938] INFO -- : Redaction for way 13978937 v10 hidden
I, [2012-07-16T10:56:36.774986 #10938] INFO -- : Redaction for way 13978937 v11 visible
I, [2012-07-16T10:56:36.865258 #10938] INFO -- : Redaction for way 26316230 v1 hidden
I, [2012-07-16T10:56:36.962542 #10938] INFO -- : Redaction for way 26316230 v2 visible
I, [2012-07-16T10:56:37.497714 #10938] INFO -- : Redaction for way 26316230 v3 visible
