I, [2012-07-16T10:48:51.299260 #10938] INFO -- : Redaction for node 471177993 v1 hidden
D, [2012-07-16T10:48:51.303161 #10936] DEBUG -- : Processing Entities: 284 / 1 / 0
I, [2012-07-16T10:48:51.431533 #10938] INFO -- : Redaction for node 471177981 v1 hidden
I, [2012-07-16T10:48:51.521624 #10938] INFO -- : Redaction for node 471177789 v1 hidden
I, [2012-07-16T10:48:51.642689 #10938] INFO -- : Redaction for node 471178078 v1 hidden
I, [2012-07-16T10:48:51.742555 #10938] INFO -- : Redaction for node 471178014 v1 hidden
I, [2012-07-16T10:48:52.200451 #10938] INFO -- : Redaction for node 471178108 v1 hidden
D, [2012-07-16T10:48:52.462748 #10936] DEBUG -- : No changeset to apply
D, [2012-07-16T10:48:52.462930 #10936] DEBUG -- : Marking entities succeeded: 284 / 1 / 0
D, [2012-07-16T10:48:52.463105 #10936] DEBUG -- : Nodes: 325338971,325338945,325338942,325338941,325338939,325338937,325338934,325338933,325338931,325338930,325338928,325338926,325338925,325338923,325338921,325338919,325338918,325338917,325338915,325338913,325338850,325338893,325338895,325338875,325338898,325338890,325338881,325338884,325338885,325338852,325338911,325338901,325300969,325338854,325338859,325338858,325338855,325300970,325338848,325338888,325300972,325337809,325337802,325337811,325337800,325338861,325337797,325337799,325337812,325337834,325338847,325300956,325300958,325300955,325338906,325338905,325338910,325338845,325338870,325338908,325338868,325338865,325338864,325338903,325338842,325338831,325338829,325338828,325338826,325338824,325338822,325338821,325338818,325338815,325338814,325338812,325338811,325338808,325338807,325338805,325338803,325338801,288107168,325338800,325338798,288107172,325338796,325338794,325338793,325338792,325338789,325338788,325338786,288107152,325338785,325338782,288107159,325338781,325338778,325338771,288107380,325338768,325338767,325338764,325338763,325338761,325338759,325338757,325338756,325338754,288107374,325338752,325338750,325338749,325338747,325338746,325338745,325338742,325338741,325338739,325338736,325338735,325338733,325338731,325338730,325338727,325338717,325338716,325338714,325338712,288107368,325338710,325338709,288107366,325338705,325338704,325338706,325338702,325338700,325338698,325338697,325338695,325338693,325338691,325338690,325338689,325338686,325338685,325338683,325338682,325338679,325338678,325338676,325338675,325338673,325338671,325338670,325338668,325338666,325338658,325338656,291391202,325338654,325338653,325338651,325338649,325338648,325338646,325338645,325338642,325338641,325338639,325338636,325338635,325338634,325338632,325338630,325338628,325338627,325338625,325338620,325338613,325338503,325338505,325338506,325338507,325338510,325338612,325338511,325338501,325338523,291391152,325338496,325338525,325338494,325338534,325338536,325338499,325338528,325338492,325338498,325338537,325338529,325338539,325338541,325338491,325338611,325338543,325338531,325338532,325338544,325338489,325338487,325338547,325338608,325338548,325338486,325338607,325338549,325338484,325338551,325338483,325338553,325338605,325338473,325338475,325338472,325338477,325338592,325338602,325338590,325338555,325338480,325338601,325338468,325338588,325338470,325338581,325338478,325338594,325338556,325338595,325338597,325338466,325338599,325299087,325338565,325338571,325338578,325338575,325338465,325338577,325338462,325338461,325338459,325338458,325338454,325338455,325338452,291391115,325338451,325338449,325338447,325338445,325338443,325338441,325338440,325338439,325338436,325338432,291391107,325338431,325338427,325338426,325338424,291391103,325338408,325338407,325338405,325338404,325338400,325338401,325338399,325338396
D, [2012-07-16T10:48:52.463163 #10936] DEBUG -- : Ways: 29512963
D, [2012-07-16T10:48:52.463193 #10936] DEBUG -- : Relations:
D, [2012-07-16T10:48:52.474553 #10936] DEBUG -- : 4 areas remaining
I, [2012-07-16T10:48:52.474640 #10936] INFO -- : Processing {:minlat=>46.875, :maxlat=>47.0, :minlon=>16.0, :maxlon=>16.0625}
D, [2012-07-16T10:48:52.541934 #10936] DEBUG -- : Processing Entities: 95 / 4 / 1
D, [2012-07-16T10:48:54.143530 #10936] DEBUG -- : Changeset:
I, [2012-07-16T10:48:57.274723 #10936] INFO -- : Uploaded changeset 12241955
I, [2012-07-16T10:48:57.274823 #10936] INFO -- : Redaction for node 68448779 v2 hidden
I, [2012-07-16T10:48:57.294542 #10938] INFO -- : Redaction for node 471177782 v1 hidden
I, [2012-07-16T10:48:57.427174 #10938] INFO -- : Redaction for node 471178089 v1 hidden
I, [2012-07-16T10:48:58.034687 #10936] INFO -- : Redaction for node 68448779 v3 visible
I, [2012-07-16T10:48:58.116916 #10938] INFO -- : Redaction for node 471178100 v1 hidden
I, [2012-07-16T10:48:58.208543 #10936] INFO -- : Redaction for node 68448779 v4 hidden
I, [2012-07-16T10:48:58.258822 #10938] INFO -- : Redaction for node 471178019 v1 hidden
I, [2012-07-16T10:48:58.354224 #10936] INFO -- : Redaction for node 678563696 v1 hidden
I, [2012-07-16T10:48:58.388488 #10938] INFO -- : Redaction for node 471178022 v1 hidden
I, [2012-07-16T10:48:58.506954 #10936] INFO -- : Redaction for node 678563697 v1 hidden
I, [2012-07-16T10:48:58.516791 #10938] INFO -- : Redaction for way 10700241 v1 hidden
I, [2012-07-16T10:48:58.678194 #10936] INFO -- : Redaction for node 678563698 v1 hidden
I, [2012-07-16T10:48:58.681441 #10938] INFO -- : Redaction for way 10700241 v2 visible
I, [2012-07-16T10:48:58.807657 #10936] INFO -- : Redaction for node 678569155 v1 hidden
I, [2012-07-16T10:48:58.825156 #10938] INFO -- : Redaction for way 10700241 v3 visible
I, [2012-07-16T10:48:58.910498 #10936] INFO -- : Redaction for node 678569155 v2 visible
I, [2012-07-16T10:48:58.934843 #10938] INFO -- : Redaction for way 10700241 v4 visible
I, [2012-07-16T10:48:59.042327 #10936] INFO -- : Redaction for node 678571772 v1 hidden
I, [2012-07-16T10:48:59.055618 #10938] INFO -- : Redaction for way 10700241 v5 visible
I, [2012-07-16T10:48:59.159474 #10936] INFO -- : Redaction for node 678571772 v2 visible
I, [2012-07-16T10:48:59.276164 #10936] INFO -- : Redaction for node 678572696 v1 hidden
I, [2012-07-16T10:48:59.375811 #10936] INFO -- : Redaction for node 678569163 v1 hidden
I, [2012-07-16T10:48:59.457653 #10936] INFO -- : Redaction for node 678569163 v2 hidden
I, [2012-07-16T10:48:59.855850 #10936] INFO -- : Redaction for node 678569151 v1 hidden
I, [2012-07-16T10:48:59.960611 #10936] INFO -- : Redaction for node 678569151 v2 visible
I, [2012-07-16T10:49:04.158147 #10938] INFO -- : Redaction for way 10700241 v6 visible
D, [2012-07-16T10:49:04.249557 #10938] DEBUG -- : Marking entities succeeded: 107 / 1 / 0
D, [2012-07-16T10:49:04.249720 #10938] DEBUG -- : Nodes: 94977508,94977225,94977231,94977232,94977226,94977510,94977511,94977224,94977228,94977230,94977229,94977233,471177843,471177844,471177828,471177826,471177841,471177829,471177847,471177825,471177875,471177838,471177833,471177873,471177837,471177822,471177877,471177835,471177850,471177883,471177880,471177870,471177851,471177881,471177821,471177852,471177885,1179149538,1587776634,471177857,471177859,471177855,471177854,471177819,471177886,471177867,471177888,471177892,471177887,471177862,471177866,471177894,471177816,471177896,471177898,471177901,471177902,471177903,471178279,471178274,471178282,471178339,471177906,471178337,471178312,471178263,471178333,471178329,471178322,471178249,471177908,471178152,471178235,471178140,471178221,471177911,471178182,471178207,471178134,471177929,471178191,471177799,471177938,471178127,471177950,471177797,471177794,471177966,471177793,471178120,471177974,471177787,471177791,471178008,471177786,471178066,471177993,471177981,471177789,471178078,471178014,471178108,471177782,471178089,471178100,471178019,471178022
D, [2012-07-16T10:49:04.249771 #10938] DEBUG -- : Ways: 10700241
D, [2012-07-16T10:49:04.249801 #10938] DEBUG -- : Relations:
D, [2012-07-16T10:49:04.256069 #10938] DEBUG -- : 4 areas remaining
I, [2012-07-16T10:49:04.256215 #10938] INFO -- : Processing {:minlat=>46.75, :maxlat=>46.875, :minlon=>16.125, :maxlon=>16.1875}
D, [2012-07-16T10:49:04.309457 #10938] DEBUG -- : Processing Entities: 0 / 0 / 0
D, [2012-07-16T10:49:04.309635 #10938] DEBUG -- : No changeset to apply
D, [2012-07-16T10:49:04.309678 #10938] DEBUG -- : Marking entities succeeded: 0 / 0 / 0
D, [2012-07-16T10:49:04.309709 #10938] DEBUG -- : Nodes:
D, [2012-07-16T10:49:04.309738 #10938] DEBUG -- : Ways:
D, [2012-07-16T10:49:04.309780 #10938] DEBUG -- : Relations:
D, [2012-07-16T10:49:04.309813 #10938] DEBUG -- : 3 areas remaining
D, [2012-07-16T10:49:04.309871 #10938] DEBUG -- : 4 areas remaining
D, [2012-07-16T10:49:04.309910 #10938] DEBUG -- : 5 areas remaining
I, [2012-07-16T10:49:04.309967 #10938] INFO -- : Processing {:minlat=>46.875, :maxlat=>47.0, :minlon=>16.0625, :maxlon=>16.125}
D, [2012-07-16T10:49:04.377907 #10938] DEBUG -- : Processing Entities: 0 / 0 / 0
D, [2012-07-16T10:49:04.378060 #10938] DEBUG -- : No changeset to apply
D, [2012-07-16T10:49:04.378100 #10938] DEBUG -- : Marking entities succeeded: 0 / 0 / 0
D, [2012-07-16T10:49:04.378130 #10938] DEBUG -- : Nodes:
D, [2012-07-16T10:49:04.378159 #10938] DEBUG -- : Ways:
D, [2012-07-16T10:49:04.378240 #10938] DEBUG -- : Relations:
D, [2012-07-16T10:49:04.378270 #10938] DEBUG -- : 4 areas remaining
I, [2012-07-16T10:49:04.378329 #10938] INFO -- : Processing {:minlat=>46.875, :maxlat=>47.0, :minlon=>16.0, :maxlon=>16.0625}
D, [2012-07-16T10:49:04.445641 #10938] DEBUG -- : Processing Entities: 95 / 4 / 1
D, [2012-07-16T10:49:04.665726 #10938] DEBUG -- : No changeset to apply
I, [2012-07-16T10:49:04.665873 #10938] INFO -- : Redaction for node 68448779 v2 hidden
I, [2012-07-16T10:49:04.765285 #10938] INFO -- : Redaction for node 68448779 v3 visible
I, [2012-07-16T10:49:04.868373 #10938] INFO -- : Redaction for node 68448779 v4 hidden
I, [2012-07-16T10:49:04.982259 #10938] INFO -- : Redaction for node 678563696 v1 hidden
I, [2012-07-16T10:49:05.132682 #10938] INFO -- : Redaction for node 678563697 v1 hidden
I, [2012-07-16T10:49:05.260665 #10938] INFO -- : Redaction for node 678563698 v1 hidden
I, [2012-07-16T10:49:05.779729 #10936] INFO -- : Redaction for node 678569166 v1 hidden
I, [2012-07-16T10:49:05.924289 #10936] INFO -- : Redaction for node 678569166 v2 hidden
I, [2012-07-16T10:49:05.967924 #10938] INFO -- : Redaction for node 678569155 v1 hidden
I, [2012-07-16T10:49:06.071401 #10936] INFO -- : Redaction for node 287378001 v2 hidden
I, [2012-07-16T10:49:06.108062 #10938] INFO -- : Redaction for node 678569155 v2 visible
I, [2012-07-16T10:49:06.205921 #10936] INFO -- : Redaction for node 287378001 v3 visible
I, [2012-07-16T10:49:06.227147 #10938] INFO -- : Redaction for node 678571772 v1 hidden
I, [2012-07-16T10:49:06.324920 #10936] INFO -- : Redaction for node 678572694 v1 hidden
I, [2012-07-16T10:49:06.424987 #10936] INFO -- : Redaction for node 240074395 v4 hidden
I, [2012-07-16T10:49:06.551628 #10936] INFO -- : Redaction for node 34847834 v6 hidden
I, [2012-07-16T10:49:11.314955 #10938] INFO -- : Redaction for node 678571772 v2 visible
I, [2012-07-16T10:49:11.405055 #10938] INFO -- : Redaction for node 678572696 v1 hidden
I, [2012-07-16T10:49:11.499954 #10938] INFO -- : Redaction for node 678569163 v1 hidden
I, [2012-07-16T10:49:11.589869 #10938] INFO -- : Redaction for node 678569163 v2 hidden
I, [2012-07-16T10:49:11.663380 #10936] INFO -- : Redaction for node 340515617 v3 hidden
I, [2012-07-16T10:49:11.682057 #10938] INFO -- : Redaction for node 678569151 v1 hidden
I, [2012-07-16T10:49:11.761365 #10936] INFO -- : Redaction for node 340515617 v4 hidden
I, [2012-07-16T10:49:11.773414 #10938] INFO -- : Redaction for node 678569151 v2 visible
I, [2012-07-16T10:49:11.851294 #10936] INFO -- : Redaction for node 340515617 v5 hidden
I, [2012-07-16T10:49:11.870461 #10938] INFO -- : Redaction for node 678569166 v1 hidden
I, [2012-07-16T10:49:11.945195 #10936] INFO -- : Redaction for node 340515617 v6 hidden
I, [2012-07-16T10:49:11.956932 #10938] INFO -- : Redaction for node 678569166 v2 hidden
I, [2012-07-16T10:49:12.047824 #10936] INFO -- : Redaction for node 68448323 v2 hidden
I, [2012-07-16T10:49:12.056752 #10938] INFO -- : Redaction for node 287378001 v2 hidden
I, [2012-07-16T10:49:12.163008 #10938] INFO -- : Redaction for node 287378001 v3 visible
I, [2012-07-16T10:49:12.174510 #10936] INFO -- : Redaction for node 678569150 v1 hidden
I, [2012-07-16T10:49:12.255178 #10938] INFO -- : Redaction for node 678572694 v1 hidden
I, [2012-07-16T10:49:12.353028 #10938] INFO -- : Redaction for node 240074395 v4 hidden
I, [2012-07-16T10:49:12.444914 #10938] INFO -- : Redaction for node 34847834 v6 hidden
I, [2012-07-16T10:49:12.809610 #10938] INFO -- : Redaction for node 340515617 v3 hidden
I, [2012-07-16T10:49:12.894250 #10938] INFO -- : Redaction for node 340515617 v4 hidden
I, [2012-07-16T10:49:12.981280 #10938] INFO -- : Redaction for node 340515617 v5 hidden
I, [2012-07-16T10:49:13.067709 #10938] INFO -- : Redaction for node 340515617 v6 hidden
I, [2012-07-16T10:49:13.156298 #10938] INFO -- : Redaction for node 68448323 v2 hidden
I, [2012-07-16T10:49:13.238270 #10938] INFO -- : Redaction for node 678569150 v1 hidden
I, [2012-07-16T10:49:13.321169 #10938] INFO -- : Redaction for node 678569157 v1 hidden
I, [2012-07-16T10:49:13.405657 #10938] INFO -- : Redaction for node 68448327 v3 hidden
I, [2012-07-16T10:49:13.498566 #10938] INFO -- : Redaction for node 678569154 v1 hidden
I, [2012-07-16T10:49:13.583617 #10938] INFO -- : Redaction for node 678569154 v2 hidden
I, [2012-07-16T10:49:13.669030 #10938] INFO -- : Redaction for node 678569154 v3 visible
I, [2012-07-16T10:49:13.769954 #10938] INFO -- : Redaction for node 678569154 v4 visible
I, [2012-07-16T10:49:13.892334 #10938] INFO -- : Redaction for node 678571770 v1 hidden
I, [2012-07-16T10:49:13.994078 #10938] INFO -- : Redaction for node 287832078 v2 hidden
I, [2012-07-16T10:49:14.095432 #10938] INFO -- : Redaction for node 410766366 v2 hidden
I, [2012-07-16T10:49:14.186310 #10938] INFO -- : Redaction for node 240045241 v2 hidden
I, [2012-07-16T10:49:14.276617 #10938] INFO -- : Redaction for way 29511336 v5 hidden
I, [2012-07-16T10:49:14.384142 #10938] INFO -- : Redaction for way 29511336 v6 visible
I, [2012-07-16T10:49:14.502825 #10938] INFO -- : Redaction for way 29511336 v7 visible
I, [2012-07-16T10:49:14.606355 #10938] INFO -- : Redaction for way 26242250 v6 hidden
I, [2012-07-16T10:49:14.699298 #10938] INFO -- : Redaction for way 26242250 v7 visible
I, [2012-07-16T10:49:14.805842 #10938] INFO -- : Redaction for way 26242250 v8 visible
D, [2012-07-16T10:49:14.900626 #10938] DEBUG -- : Marking entities succeeded: 95 / 4 / 1
D, [2012-07-16T10:49:14.900734 #10938] DEBUG -- : Nodes: 325339038,325339036,325339035,325339032,325339031,325339029,325339024,325339028,325339025,325339023,325339007,325339009,325339010,325339005,325339004,325339021,325339002,325339000,325339012,325339013,325339019,325338998,325338997,325339016,325339017,325338995,325338993,325338991,325338990,325338989,325338986,325338985,325338983,325338979,325338982,325338978,325338976,325338975,325338973,325338970,325338968,325338966,325338964,325338963,68448779,678563696,325338960,325338958,678563697,678563698,325338957,325338954,325338953,325338951,325338949,325338947,325338946,325321604,325321607,678569155,325312224,287377575,325312128,287378000,678571772,678572696,678569163,678569151,678569166,287378001,678572694,240074395,34847834,287378002,340515617,293966647,287378004,287378003,68448323,678569150,678569157,68448327,678569154,678571770,287832078,410766366,240045241,325338422,325338421,325338419,325338418,325338415,325338414,325338412,325338411
D, [2012-07-16T10:49:14.900803 #10938] DEBUG -- : Ways: 29511336,29512312,26242250,27580516
D, [2012-07-16T10:49:14.900837 #10938] DEBUG -- : Relations: 4577
D, [2012-07-16T10:49:14.907154 #10938] DEBUG -- : 3 areas remaining
D, [2012-07-16T10:49:14.907294 #10938] DEBUG -- : 4 areas remaining
I, [2012-07-16T10:49:14.907358 #10938] INFO -- : Processing {:minlat=>46.75, :maxlat=>46.875, :minlon=>16.0625, :maxlon=>16.125}
D, [2012-07-16T10:49:14.958494 #10938] DEBUG -- : Processing Entities: 7 / 3 / 0
I, [2012-07-16T10:49:17.562650 #10936] INFO -- : Redaction for node 678569157 v1 hidden
I, [2012-07-16T10:49:17.669408 #10936] INFO -- : Redaction for node 68448327 v3 hidden
I, [2012-07-16T10:49:17.786045 #10936] INFO -- : Redaction for node 678569154 v1 hidden
D, [2012-07-16T10:49:17.803328 #10938] DEBUG -- : No changeset to apply
I, [2012-07-16T10:49:17.803514 #10938] INFO -- : Redaction for node 1179149939 v1 hidden
I, [2012-07-16T10:49:17.926212 #10936] INFO -- : Redaction for node 678569154 v2 hidden
I, [2012-07-16T10:49:17.947653 #10938] INFO -- : Redaction for node 1179149939 v2 hidden
I, [2012-07-16T10:49:18.047593 #10936] INFO -- : Redaction for node 678569154 v3 visible
I, [2012-07-16T10:49:18.166503 #10936] INFO -- : Redaction for node 678569154 v4 visible
I, [2012-07-16T10:49:18.271654 #10936] INFO -- : Redaction for node 678571770 v1 hidden
I, [2012-07-16T10:49:18.369346 #10936] INFO -- : Redaction for node 287832078 v2 hidden
I, [2012-07-16T10:49:18.479308 #10936] INFO -- : Redaction for node 410766366 v2 hidden
I, [2012-07-16T10:49:18.536547 #10938] INFO -- : Redaction for node 1179150020 v1 hidden
I, [2012-07-16T10:49:18.593639 #10936] INFO -- : Redaction for node 240045241 v2 hidden
I, [2012-07-16T10:49:18.664329 #10938] INFO -- : Redaction for node 1179150020 v2 hidden
I, [2012-07-16T10:49:18.712003 #10936] INFO -- : Redaction for way 29511336 v5 hidden
I, [2012-07-16T10:49:18.814095 #10936] INFO -- : Redaction for way 29511336 v6 visible
I, [2012-07-16T10:49:18.928853 #10936] INFO -- : Redaction for way 29511336 v7 visible
I, [2012-07-16T10:49:19.029230 #10936] INFO -- : Redaction for way 26242250 v6 hidden
I, [2012-07-16T10:49:19.161747 #10936] INFO -- : Redaction for way 26242250 v7 visible
I, [2012-07-16T10:49:19.205298 #10938] INFO -- : Redaction for node 1179149540 v1 hidden
I, [2012-07-16T10:49:19.271247 #10936] INFO -- : Redaction for way 26242250 v8 visible
I, [2012-07-16T10:49:19.306268 #10938] INFO -- : Redaction for node 1179149540 v2 hidden
D, [2012-07-16T10:49:19.355089 #10936] DEBUG -- : Marking entities succeeded: 95 / 4 / 1
D, [2012-07-16T10:49:19.355241 #10936] DEBUG -- : Nodes: 325339038,325339036,325339035,325339032,325339031,325339029,325339024,325339028,325339025,325339023,325339007,325339009,325339010,325339005,325339004,325339021,325339002,325339000,325339012,325339013,325339019,325338998,325338997,325339016,325339017,325338995,325338993,325338991,325338990,325338989,325338986,325338985,325338983,325338979,325338982,325338978,325338976,325338975,325338973,325338970,325338968,325338966,325338964,325338963,68448779,678563696,325338960,325338958,678563697,678563698,325338957,325338954,325338953,325338951,325338949,325338947,325338946,325321604,325321607,678569155,325312224,287377575,325312128,287378000,678571772,678572696,678569163,678569151,678569166,287378001,678572694,240074395,34847834,287378002,340515617,293966647,287378004,287378003,68448323,678569150,678569157,68448327,678569154,678571770,287832078,410766366,240045241,325338422,325338421,325338419,325338418,325338415,325338414,325338412,325338411
D, [2012-07-16T10:49:19.355298 #10936] DEBUG -- : Ways: 29511336,29512312,26242250,27580516
D, [2012-07-16T10:49:19.355331 #10936] DEBUG -- : Relations: 4577
D, [2012-07-16T10:49:19.358478 #10936] DEBUG -- : 3 areas remaining
D, [2012-07-16T10:49:19.358548 #10936] DEBUG -- : 4 areas remaining
I, [2012-07-16T10:49:19.358615 #10936] INFO -- : Processing {:minlat=>46.75, :maxlat=>46.875, :minlon=>16.0625, :maxlon=>16.125}
D, [2012-07-16T10:49:19.410156 #10936] DEBUG -- : Processing Entities: 7 / 3 / 0
D, [2012-07-16T10:49:20.676549 #10936] DEBUG -- : No changeset to apply
I, [2012-07-16T10:49:20.676731 #10936] INFO -- : Redaction for node 1179149939 v1 hidden
I, [2012-07-16T10:49:20.767234 #10936] INFO -- : Redaction for node 1179149939 v2 hidden
I, [2012-07-16T10:49:20.854028 #10936] INFO -- : Redaction for node 1179150020 v1 hidden
I, [2012-07-16T10:49:20.941764 #10936] INFO -- : Redaction for node 1179150020 v2 hidden
I, [2012-07-16T10:49:21.024176 #10936] INFO -- : Redaction for node 1179149540 v1 hidden
I, [2012-07-16T10:49:21.108519 #10936] INFO -- : Redaction for node 1179149540 v2 hidden
I, [2012-07-16T10:49:21.201101 #10936] INFO -- : Redaction for node 1179149645 v1 hidden
I, [2012-07-16T10:49:21.302220 #10936] INFO -- : Redaction for node 1179149645 v2 hidden
I, [2012-07-16T10:49:21.668621 #10936] INFO -- : Redaction for way 23607485 v11 hidden
I, [2012-07-16T10:49:21.748797 #10936] INFO -- : Redaction for way 23607485 v12 visible
I, [2012-07-16T10:49:21.849353 #10936] INFO -- : Redaction for way 5363222 v22 hidden
I, [2012-07-16T10:49:21.968768 #10936] INFO -- : Redaction for way 5363222 v23 visible
I, [2012-07-16T10:49:22.074213 #10936] INFO -- : Redaction for way 5363222 v24 visible
D, [2012-07-16T10:49:22.170054 #10936] DEBUG -- : Marking entities succeeded: 7 / 3 / 0
D, [2012-07-16T10:49:22.170103 #10936] DEBUG -- : Nodes: 1587776638,1179149939,1179150020,1179149540,60415981,1179149645,38366722
D, [2012-07-16T10:49:22.170137 #10936] DEBUG -- : Ways: 145349737,23607485,5363222
D, [2012-07-16T10:49:22.170166 #10936] DEBUG -- : Relations:
D, [2012-07-16T10:49:22.172201 #10936] DEBUG -- : 3 areas remaining
I, [2012-07-16T10:49:22.172293 #10936] INFO -- : Processing {:minlat=>46.75, :maxlat=>46.875, :minlon=>16.0, :maxlon=>16.0625}
D, [2012-07-16T10:49:22.222319 #10936] DEBUG -- : Processing Entities: 1 / 0 / 0
D, [2012-07-16T10:49:22.223756 #10936] DEBUG -- : No changeset to apply
D, [2012-07-16T10:49:22.223802 #10936] DEBUG -- : Marking entities succeeded: 1 / 0 / 0
D, [2012-07-16T10:49:22.223835 #10936] DEBUG -- : Nodes: 1587776641
D, [2012-07-16T10:49:22.223863 #10936] DEBUG -- : Ways:
D, [2012-07-16T10:49:22.223909 #10936] DEBUG -- : Relations:
D, [2012-07-16T10:49:22.224299 #10936] DEBUG -- : 2 areas remaining
D, [2012-07-16T10:49:22.224347 #10936] DEBUG -- : 3 areas remaining
D, [2012-07-16T10:49:22.224384 #10936] DEBUG -- : 4 areas remaining
D, [2012-07-16T10:49:22.224419 #10936] DEBUG -- : 5 areas remaining
I, [2012-07-16T10:49:22.224475 #10936] INFO -- : Processing {:minlat=>46.625, :maxlat=>46.75, :minlon=>16.1875, :maxlon=>16.25}
D, [2012-07-16T10:49:22.271634 #10936] DEBUG -- : Processing Entities: 66 / 9 / 0
D, [2012-07-16T10:49:23.843263 #10936] DEBUG -- : Changeset:
I, [2012-07-16T10:49:24.407235 #10938] INFO -- : Redaction for node 1179149645 v1 hidden
I, [2012-07-16T10:49:24.537157 #10938] INFO -- : Redaction for node 1179149645 v2 hidden
I, [2012-07-16T10:49:24.686002 #10938] INFO -- : Redaction for way 23607485 v11 hidden
I, [2012-07-16T10:49:24.800829 #10938] INFO -- : Redaction for way 23607485 v12 visible
I, [2012-07-16T10:49:24.972777 #10938] INFO -- : Redaction for way 5363222 v22 hidden
I, [2012-07-16T10:49:25.117379 #10938] INFO -- : Redaction for way 5363222 v23 visible
I, [2012-07-16T10:49:25.268493 #10938] INFO -- : Redaction for way 5363222 v24 visible
D, [2012-07-16T10:49:25.400526 #10938] DEBUG -- : Marking entities succeeded: 7 / 3 / 0
D, [2012-07-16T10:49:25.400609 #10938] DEBUG -- : Nodes: 1587776638,1179149939,1179150020,1179149540,60415981,1179149645,38366722
D, [2012-07-16T10:49:25.400643 #10938] DEBUG -- : Ways: 145349737,23607485,5363222
D, [2012-07-16T10:49:25.400672 #10938] DEBUG -- : Relations:
D, [2012-07-16T10:49:25.402063 #10938] DEBUG -- : 3 areas remaining
I, [2012-07-16T10:49:25.402139 #10938] INFO -- : Processing {:minlat=>46.75, :maxlat=>46.875, :minlon=>16.0, :maxlon=>16.0625}
D, [2012-07-16T10:49:25.452418 #10938] DEBUG -- : Processing Entities: 0 / 0 / 0
D, [2012-07-16T10:49:25.452528 #10938] DEBUG -- : No changeset to apply
D, [2012-07-16T10:49:25.452566 #10938] DEBUG -- : Marking entities succeeded: 0 / 0 / 0
D, [2012-07-16T10:49:25.452596 #10938] DEBUG -- : Nodes:
D, [2012-07-16T10:49:25.452625 #10938] DEBUG -- : Ways:
D, [2012-07-16T10:49:25.452653 #10938] DEBUG -- : Relations:
D, [2012-07-16T10:49:25.452682 #10938] DEBUG -- : 2 areas remaining
D, [2012-07-16T10:49:25.452729 #10938] DEBUG -- : 3 areas remaining
D, [2012-07-16T10:49:25.452766 #10938] DEBUG -- : 4 areas remaining
D, [2012-07-16T10:49:25.452802 #10938] DEBUG -- : 5 areas remaining
I, [2012-07-16T10:49:25.452845 #10938] INFO -- : Processing {:minlat=>46.625, :maxlat=>46.75, :minlon=>16.1875, :maxlon=>16.25}
D, [2012-07-16T10:49:25.497134 #10938] DEBUG -- : Processing Entities: 66 / 9 / 0
D, [2012-07-16T10:49:25.848741 #10938] DEBUG -- : Changeset:
E, [2012-07-16T10:49:26.970082 #10938] ERROR -- : Changeset failed to apply. Response 409: Version mismatch: Provided 3, server had: 4 of Way 27304022
E, [2012-07-16T10:49:26.970216 #10938] ERROR -- : Changeset failed to apply
E, [2012-07-16T10:49:26.970247 #10938] ERROR -- : ["run_bot.rb:169:in `process_changeset'", "run_bot.rb:201:in `block in process_entities'", "run_bot.rb:200:in `each_slice'", "run_bot.rb:200:in `process_entities'", "run_bot.rb:461:in `block in
'", "run_bot.rb:416:in `transaction'", "run_bot.rb:416:in `
'"]
E, [2012-07-16T10:49:26.970352 #10938] ERROR -- : Marking region failed: {:id=>"565", :lat=>46.0, :lon=>16.0}
E, [2012-07-16T10:49:26.980911 #10938] ERROR -- : Marking entities as failed: 66 / 9 / 0
E, [2012-07-16T10:49:26.981138 #10938] ERROR -- : Nodes: 1587776625,1179150012,95043346,95043347,94600680,94600678,94600677,95043350,94600676,94561975,94561976,94600719,94600720,94600721,94561982,94561981,94610037,94600675,94561977,94600723,94610036,94610038,94600726,94600725,94610035,94610033,94610034,94561980,94598000,94601904,94601903,94561979,94601902,94601901,94601900,94601681,94598477,94598478,94598479,94598480,94598482,94598483,94598484,94598485,94965989,94965988,94965987,94602454,94968374,94968377,94968373,94602453,94968372,94602462,94968371,94968370,94602461,94968369,94602460,94968368,94598488,94598486,94968367,94968365,94968364,94598487
E, [2012-07-16T10:49:26.981178 #10938] ERROR -- : Ways: 10708163,10681142,10681139,10703961,10682371,10681055,10681282,10681362,10681079
E, [2012-07-16T10:49:26.981208 #10938] ERROR -- : Relations:
D, [2012-07-16T10:49:26.985948 #10938] DEBUG -- : 4 areas remaining
I, [2012-07-16T10:49:26.986033 #10938] INFO -- : Processing {:minlat=>46.625, :maxlat=>46.75, :minlon=>16.125, :maxlon=>16.1875}
I, [2012-07-16T10:49:26.997887 #10936] INFO -- : Uploaded changeset 12241966
I, [2012-07-16T10:49:26.998061 #10936] INFO -- : Redaction for node 1179150012 v1 hidden
D, [2012-07-16T10:49:27.030694 #10938] DEBUG -- : Processing Entities: 109 / 4 / 0
I, [2012-07-16T10:49:27.089728 #10936] INFO -- : Redaction for node 1179150012 v2 hidden
I, [2012-07-16T10:49:27.216612 #10936] INFO -- : Redaction for node 95043346 v1 hidden
I, [2012-07-16T10:49:27.314780 #10936] INFO -- : Redaction for node 95043347 v1 hidden
I, [2012-07-16T10:49:27.398272 #10936] INFO -- : Redaction for node 94600680 v1 hidden
D, [2012-07-16T10:49:29.659536 #10938] DEBUG -- : Changeset:
I, [2012-07-16T10:49:32.531726 #10936] INFO -- : Redaction for node 94600680 v2 visible
I, [2012-07-16T10:49:32.636239 #10936] INFO -- : Redaction for node 94600678 v1 hidden
I, [2012-07-16T10:49:32.760859 #10936] INFO -- : Redaction for node 94600678 v2 visible
I, [2012-07-16T10:49:32.876242 #10936] INFO -- : Redaction for node 94600677 v1 hidden
I, [2012-07-16T10:49:32.980510 #10936] INFO -- : Redaction for node 94600677 v2 visible
I, [2012-07-16T10:49:33.065197 #10936] INFO -- : Redaction for node 95043350 v1 hidden
I, [2012-07-16T10:49:33.217090 #10936] INFO -- : Redaction for node 94600676 v1 hidden
I, [2012-07-16T10:49:33.326974 #10936] INFO -- : Redaction for node 94600676 v2 visible
I, [2012-07-16T10:49:33.447941 #10936] INFO -- : Redaction for node 94600676 v3 visible
I, [2012-07-16T10:49:33.575947 #10936] INFO -- : Redaction for node 94561975 v2 hidden
I, [2012-07-16T10:49:33.673803 #10936] INFO -- : Redaction for node 94561975 v3 visible
I, [2012-07-16T10:49:33.766285 #10936] INFO -- : Redaction for node 94561976 v2 hidden
I, [2012-07-16T10:49:33.863131 #10936] INFO -- : Redaction for node 94600719 v1 hidden
I, [2012-07-16T10:49:33.959128 #10936] INFO -- : Redaction for node 94600719 v2 visible
I, [2012-07-16T10:49:34.059541 #10936] INFO -- : Redaction for node 94600720 v1 hidden
I, [2012-07-16T10:49:34.145407 #10936] INFO -- : Redaction for node 94600720 v2 visible
I, [2012-07-16T10:49:34.233809 #10936] INFO -- : Redaction for node 94600721 v1 hidden
I, [2012-07-16T10:49:34.322496 #10936] INFO -- : Redaction for node 94600721 v2 visible
I, [2012-07-16T10:49:34.423406 #10936] INFO -- : Redaction for node 94561982 v2 hidden
I, [2012-07-16T10:49:35.380172 #10938] INFO -- : Uploaded changeset 12241968
I, [2012-07-16T10:49:35.380290 #10938] INFO -- : Redaction for node 52589347 v2 hidden
I, [2012-07-16T10:49:39.536269 #10936] INFO -- : Redaction for node 94561982 v3 visible
I, [2012-07-16T10:49:40.506628 #10938] INFO -- : Redaction for node 52589347 v3 visible
I, [2012-07-16T10:49:40.615839 #10938] INFO -- : Redaction for node 52589347 v4 visible
I, [2012-07-16T10:49:40.710936 #10938] INFO -- : Redaction for node 52589347 v5 visible
I, [2012-07-16T10:49:40.794373 #10938] INFO -- : Redaction for node 52589347 v6 visible
I, [2012-07-16T10:49:44.634730 #10936] INFO -- : Redaction for node 94561982 v4 hidden
I, [2012-07-16T10:49:45.128159 #10936] INFO -- : Redaction for node 94561981 v2 hidden
I, [2012-07-16T10:49:45.217508 #10936] INFO -- : Redaction for node 94561981 v3 visible
I, [2012-07-16T10:49:45.314398 #10936] INFO -- : Redaction for node 94610037 v1 hidden
I, [2012-07-16T10:49:45.510072 #10936] INFO -- : Redaction for node 94610037 v2 hidden
I, [2012-07-16T10:49:45.635487 #10936] INFO -- : Redaction for node 94600675 v1 hidden
I, [2012-07-16T10:49:45.746954 #10936] INFO -- : Redaction for node 94600675 v2 visible
I, [2012-07-16T10:49:45.907079 #10938] INFO -- : Redaction for node 29524465 v2 hidden
I, [2012-07-16T10:49:45.907480 #10936] INFO -- : Redaction for node 94600675 v3 visible
I, [2012-07-16T10:49:46.044415 #10936] INFO -- : Redaction for node 94600675 v4 hidden
I, [2012-07-16T10:49:46.070968 #10938] INFO -- : Redaction for node 94597260 v1 hidden
I, [2012-07-16T10:49:46.182368 #10938] INFO -- : Redaction for node 94597259 v1 hidden
I, [2012-07-16T10:49:46.216851 #10936] INFO -- : Redaction for node 94561977 v2 hidden
I, [2012-07-16T10:49:46.361812 #10938] INFO -- : Redaction for node 94597258 v1 hidden
I, [2012-07-16T10:49:46.363714 #10936] INFO -- : Redaction for node 94600723 v1 hidden
I, [2012-07-16T10:49:46.487567 #10936] INFO -- : Redaction for node 94600723 v2 visible
I, [2012-07-16T10:49:46.489106 #10938] INFO -- : Redaction for node 94562003 v2 hidden
I, [2012-07-16T10:49:46.608617 #10938] INFO -- : Redaction for node 94562003 v3 hidden
I, [2012-07-16T10:49:46.632747 #10936] INFO -- : Redaction for node 94610036 v1 hidden
I, [2012-07-16T10:49:46.736024 #10938] INFO -- : Redaction for node 94562003 v4 visible
I, [2012-07-16T10:49:46.765456 #10936] INFO -- : Redaction for node 94610036 v2 hidden
I, [2012-07-16T10:49:46.888117 #10938] INFO -- : Redaction for node 94562003 v5 visible
I, [2012-07-16T10:49:47.019702 #10938] INFO -- : Redaction for node 94562002 v2 hidden
I, [2012-07-16T10:49:47.153906 #10938] INFO -- : Redaction for node 94562002 v3 visible
I, [2012-07-16T10:49:47.283584 #10938] INFO -- : Redaction for node 94562002 v4 visible
I, [2012-07-16T10:49:47.353814 #10936] INFO -- : Redaction for node 94610038 v1 hidden
I, [2012-07-16T10:49:47.370131 #10938] INFO -- : Redaction for node 94974727 v1 hidden
I, [2012-07-16T10:49:47.436807 #10936] INFO -- : Redaction for node 94610038 v2 hidden
I, [2012-07-16T10:49:47.462368 #10938] INFO -- : Redaction for node 94974727 v2 visible
I, [2012-07-16T10:49:47.520838 #10936] INFO -- : Redaction for node 94600726 v1 hidden
I, [2012-07-16T10:49:47.552175 #10938] INFO -- : Redaction for node 94974727 v3 visible
I, [2012-07-16T10:49:47.635928 #10938] INFO -- : Redaction for node 94974727 v4 visible
I, [2012-07-16T10:49:48.010269 #10938] INFO -- : Redaction for node 94974727 v5 visible
I, [2012-07-16T10:49:48.097674 #10938] INFO -- : Redaction for node 94974727 v6 visible
I, [2012-07-16T10:49:48.189331 #10938] INFO -- : Redaction for node 94974727 v7 visible
I, [2012-07-16T10:49:48.581773 #10938] INFO -- : Redaction for node 94974727 v8 visible
I, [2012-07-16T10:49:48.682986 #10938] INFO -- : Redaction for node 94974727 v9 visible
I, [2012-07-16T10:49:48.784354 #10938] INFO -- : Redaction for node 94974727 v10 visible
I, [2012-07-16T10:49:49.163910 #10938] INFO -- : Redaction for node 94974727 v11 visible
I, [2012-07-16T10:49:49.251784 #10938] INFO -- : Redaction for node 94974727 v12 visible
I, [2012-07-16T10:49:49.347279 #10938] INFO -- : Redaction for node 94974727 v13 visible
I, [2012-07-16T10:49:49.432423 #10938] INFO -- : Redaction for node 94974727 v14 visible
I, [2012-07-16T10:49:49.543346 #10938] INFO -- : Redaction for node 94974812 v1 hidden
I, [2012-07-16T10:49:49.641261 #10938] INFO -- : Redaction for node 94974728 v1 hidden
I, [2012-07-16T10:49:49.722249 #10938] INFO -- : Redaction for node 94974728 v2 visible
I, [2012-07-16T10:49:49.816547 #10938] INFO -- : Redaction for node 94974728 v3 visible
I, [2012-07-16T10:49:49.902574 #10938] INFO -- : Redaction for node 94974728 v4 visible
I, [2012-07-16T10:49:50.316148 #10938] INFO -- : Redaction for node 94974728 v5 visible
I, [2012-07-16T10:49:50.403791 #10938] INFO -- : Redaction for node 94974728 v6 visible
I, [2012-07-16T10:49:50.492894 #10938] INFO -- : Redaction for node 94974728 v7 visible
I, [2012-07-16T10:49:50.584103 #10938] INFO -- : Redaction for node 94974728 v8 visible
I, [2012-07-16T10:49:50.704560 #10938] INFO -- : Redaction for node 94974728 v9 visible
I, [2012-07-16T10:49:50.791952 #10938] INFO -- : Redaction for node 94974728 v10 visible
I, [2012-07-16T10:49:50.876552 #10938] INFO -- : Redaction for node 94974728 v11 visible
I, [2012-07-16T10:49:50.957534 #10938] INFO -- : Redaction for node 94974728 v12 visible
I, [2012-07-16T10:49:51.038389 #10938] INFO -- : Redaction for node 94974728 v13 visible
I, [2012-07-16T10:49:51.403612 #10938] INFO -- : Redaction for node 94974729 v1 hidden
I, [2012-07-16T10:49:51.492374 #10938] INFO -- : Redaction for node 94974729 v2 visible
I, [2012-07-16T10:49:51.573886 #10938] INFO -- : Redaction for node 94974729 v3 visible
I, [2012-07-16T10:49:51.661712 #10938] INFO -- : Redaction for node 94974729 v4 visible
I, [2012-07-16T10:49:51.766300 #10938] INFO -- : Redaction for node 94974729 v5 visible
I, [2012-07-16T10:49:51.862053 #10938] INFO -- : Redaction for node 94974729 v6 visible
I, [2012-07-16T10:49:51.958019 #10938] INFO -- : Redaction for node 94974729 v7 visible
I, [2012-07-16T10:49:52.080600 #10938] INFO -- : Redaction for node 94974729 v8 visible
I, [2012-07-16T10:49:52.168550 #10938] INFO -- : Redaction for node 94974729 v9 visible
I, [2012-07-16T10:49:52.266629 #10938] INFO -- : Redaction for node 94974729 v10 visible
I, [2012-07-16T10:49:52.378627 #10938] INFO -- : Redaction for node 94974729 v11 visible
I, [2012-07-16T10:49:52.476838 #10938] INFO -- : Redaction for node 94974729 v12 visible
I, [2012-07-16T10:49:52.565404 #10938] INFO -- : Redaction for node 94974731 v1 hidden
I, [2012-07-16T10:49:52.618197 #10936] INFO -- : Redaction for node 94600726 v2 visible
I, [2012-07-16T10:49:52.656652 #10938] INFO -- : Redaction for node 94974731 v2 visible
I, [2012-07-16T10:49:52.707154 #10936] INFO -- : Redaction for node 94600726 v3 visible
I, [2012-07-16T10:49:52.750252 #10938] INFO -- : Redaction for node 94974731 v3 visible
I, [2012-07-16T10:49:52.800735 #10936] INFO -- : Redaction for node 94600725 v1 hidden
I, [2012-07-16T10:49:52.854542 #10938] INFO -- : Redaction for node 94974731 v4 visible
I, [2012-07-16T10:49:52.933583 #10936] INFO -- : Redaction for node 94600725 v2 visible
I, [2012-07-16T10:49:52.963975 #10938] INFO -- : Redaction for node 94974731 v5 visible
I, [2012-07-16T10:49:53.054084 #10938] INFO -- : Redaction for node 94974731 v6 visible
I, [2012-07-16T10:49:53.198245 #10938] INFO -- : Redaction for node 94974731 v7 visible
I, [2012-07-16T10:49:53.325599 #10938] INFO -- : Redaction for node 94974731 v8 visible
I, [2012-07-16T10:49:53.417789 #10938] INFO -- : Redaction for node 94974731 v9 visible
I, [2012-07-16T10:49:53.506906 #10938] INFO -- : Redaction for node 94974731 v10 visible
I, [2012-07-16T10:49:53.605817 #10938] INFO -- : Redaction for node 94974731 v11 visible
I, [2012-07-16T10:49:58.024015 #10936] INFO -- : Redaction for node 94610035 v1 hidden
I, [2012-07-16T10:49:58.111309 #10936] INFO -- : Redaction for node 94610035 v2 hidden
I, [2012-07-16T10:49:58.218917 #10936] INFO -- : Redaction for node 94610033 v1 hidden
I, [2012-07-16T10:49:58.339835 #10936] INFO -- : Redaction for node 94610033 v2 hidden
I, [2012-07-16T10:49:58.453472 #10936] INFO -- : Redaction for node 94610034 v1 hidden
I, [2012-07-16T10:49:58.585707 #10936] INFO -- : Redaction for node 94610034 v2 hidden
I, [2012-07-16T10:49:58.747720 #10936] INFO -- : Redaction for node 94561980 v2 hidden
I, [2012-07-16T10:49:58.750131 #10938] INFO -- : Redaction for node 94974731 v12 visible
I, [2012-07-16T10:49:58.928670 #10936] INFO -- : Redaction for node 94561980 v3 visible
I, [2012-07-16T10:49:59.108550 #10936] INFO -- : Redaction for node 94598000 v1 hidden
I, [2012-07-16T10:49:59.497235 #10938] INFO -- : Redaction for node 94974732 v1 hidden
I, [2012-07-16T10:49:59.623414 #10938] INFO -- : Redaction for node 94974732 v2 visible
I, [2012-07-16T10:49:59.714435 #10938] INFO -- : Redaction for node 94974732 v3 visible
I, [2012-07-16T10:49:59.814359 #10938] INFO -- : Redaction for node 94974732 v4 visible
I, [2012-07-16T10:49:59.910861 #10938] INFO -- : Redaction for node 94974732 v5 visible
I, [2012-07-16T10:49:59.995674 #10938] INFO -- : Redaction for node 94974732 v6 visible
I, [2012-07-16T10:50:00.083680 #10938] INFO -- : Redaction for node 94974732 v7 visible
I, [2012-07-16T10:50:00.189494 #10938] INFO -- : Redaction for node 94974732 v8 visible
I, [2012-07-16T10:50:04.250543 #10936] INFO -- : Redaction for node 94598000 v2 visible
I, [2012-07-16T10:50:04.365218 #10936] INFO -- : Redaction for node 94598000 v3 visible
I, [2012-07-16T10:50:04.457993 #10936] INFO -- : Redaction for node 94601904 v1 hidden
I, [2012-07-16T10:50:04.546473 #10936] INFO -- : Redaction for node 94601903 v1 hidden
I, [2012-07-16T10:50:04.634204 #10936] INFO -- : Redaction for node 94601903 v2 visible
I, [2012-07-16T10:50:04.729791 #10936] INFO -- : Redaction for node 94561979 v2 hidden
I, [2012-07-16T10:50:04.832288 #10936] INFO -- : Redaction for node 94601902 v1 hidden
I, [2012-07-16T10:50:04.937726 #10936] INFO -- : Redaction for node 94601902 v2 visible
I, [2012-07-16T10:50:05.030364 #10936] INFO -- : Redaction for node 94601902 v3 hidden
I, [2012-07-16T10:50:05.136967 #10936] INFO -- : Redaction for node 94601902 v4 visible
I, [2012-07-16T10:50:05.280439 #10936] INFO -- : Redaction for node 94601901 v1 hidden
I, [2012-07-16T10:50:05.424544 #10936] INFO -- : Redaction for node 94601901 v2 visible
I, [2012-07-16T10:50:05.575897 #10936] INFO -- : Redaction for node 94601900 v1 hidden
I, [2012-07-16T10:50:05.710634 #10936] INFO -- : Redaction for node 94601900 v2 visible
I, [2012-07-16T10:50:05.856979 #10936] INFO -- : Redaction for node 94601681 v1 hidden
I, [2012-07-16T10:50:05.997346 #10938] INFO -- : Redaction for node 94974732 v9 visible
I, [2012-07-16T10:50:06.009111 #10936] INFO -- : Redaction for node 94601681 v2 visible
I, [2012-07-16T10:50:06.149895 #10936] INFO -- : Redaction for node 94598477 v1 hidden
I, [2012-07-16T10:50:06.201477 #10938] INFO -- : Redaction for node 94974732 v10 visible
I, [2012-07-16T10:50:06.305928 #10936] INFO -- : Redaction for node 94598477 v2 visible
I, [2012-07-16T10:50:06.425780 #10936] INFO -- : Redaction for node 94598477 v3 visible
I, [2012-07-16T10:50:06.532616 #10936] INFO -- : Redaction for node 94598478 v1 hidden
I, [2012-07-16T10:50:11.295421 #10938] INFO -- : Redaction for node 94974732 v11 visible
I, [2012-07-16T10:50:11.647206 #10936] INFO -- : Redaction for node 94598478 v2 visible
I, [2012-07-16T10:50:11.776099 #10936] INFO -- : Redaction for node 94598478 v3 visible
I, [2012-07-16T10:50:11.789131 #10938] INFO -- : Redaction for node 94974732 v12 visible
I, [2012-07-16T10:50:11.905880 #10936] INFO -- : Redaction for node 94598479 v1 hidden
I, [2012-07-16T10:50:11.914336 #10938] INFO -- : Redaction for node 94974733 v1 hidden
I, [2012-07-16T10:50:12.073957 #10936] INFO -- : Redaction for node 94598479 v2 visible
I, [2012-07-16T10:50:12.194166 #10936] INFO -- : Redaction for node 94598479 v3 visible
I, [2012-07-16T10:50:12.314258 #10936] INFO -- : Redaction for node 94598480 v1 hidden
I, [2012-07-16T10:50:12.450204 #10936] INFO -- : Redaction for node 94598480 v2 visible
I, [2012-07-16T10:50:12.523739 #10938] INFO -- : Redaction for node 94974733 v2 visible
I, [2012-07-16T10:50:12.574400 #10936] INFO -- : Redaction for node 94598480 v3 visible
I, [2012-07-16T10:50:12.623143 #10938] INFO -- : Redaction for node 94974733 v3 visible
I, [2012-07-16T10:50:12.706643 #10936] INFO -- : Redaction for node 94598482 v1 hidden
I, [2012-07-16T10:50:12.724769 #10938] INFO -- : Redaction for node 94974733 v4 visible
I, [2012-07-16T10:50:12.843599 #10936] INFO -- : Redaction for node 94598482 v2 visible
I, [2012-07-16T10:50:13.012018 #10936] INFO -- : Redaction for node 94598482 v3 visible
I, [2012-07-16T10:50:13.311548 #10938] INFO -- : Redaction for node 94974733 v5 visible
I, [2012-07-16T10:50:13.401883 #10938] INFO -- : Redaction for node 94974733 v6 visible
I, [2012-07-16T10:50:13.496352 #10938] INFO -- : Redaction for node 94974733 v7 visible
I, [2012-07-16T10:50:13.598027 #10938] INFO -- : Redaction for node 94974733 v8 visible
I, [2012-07-16T10:50:13.696934 #10938] INFO -- : Redaction for node 94974733 v9 visible
I, [2012-07-16T10:50:18.103319 #10936] INFO -- : Redaction for node 94598483 v1 hidden
I, [2012-07-16T10:50:18.193338 #10936] INFO -- : Redaction for node 94598483 v2 visible
I, [2012-07-16T10:50:18.286272 #10936] INFO -- : Redaction for node 94598483 v3 visible
I, [2012-07-16T10:50:18.377170 #10936] INFO -- : Redaction for node 94598484 v1 hidden
I, [2012-07-16T10:50:18.470593 #10936] INFO -- : Redaction for node 94598484 v2 visible
I, [2012-07-16T10:50:18.566630 #10936] INFO -- : Redaction for node 94598484 v3 visible
I, [2012-07-16T10:50:18.675656 #10936] INFO -- : Redaction for node 94598485 v1 hidden
I, [2012-07-16T10:50:18.807038 #10938] INFO -- : Redaction for node 94974733 v10 visible
I, [2012-07-16T10:50:18.916401 #10938] INFO -- : Redaction for node 94974733 v11 visible
I, [2012-07-16T10:50:19.022786 #10938] INFO -- : Redaction for node 94974733 v12 visible
I, [2012-07-16T10:50:19.173154 #10936] INFO -- : Redaction for node 94598485 v2 visible
I, [2012-07-16T10:50:19.333579 #10936] INFO -- : Redaction for node 94598485 v3 visible
I, [2012-07-16T10:50:19.434806 #10936] INFO -- : Redaction for node 94965989 v1 hidden
I, [2012-07-16T10:50:19.647716 #10936] INFO -- : Redaction for node 94965989 v2 visible
I, [2012-07-16T10:50:19.685175 #10938] INFO -- : Redaction for node 94974734 v1 hidden
I, [2012-07-16T10:50:19.784392 #10936] INFO -- : Redaction for node 94965988 v1 hidden
I, [2012-07-16T10:50:19.802993 #10938] INFO -- : Redaction for node 94974734 v2 visible
I, [2012-07-16T10:50:19.910634 #10936] INFO -- : Redaction for node 94965988 v2 visible
I, [2012-07-16T10:50:19.920187 #10938] INFO -- : Redaction for node 94974734 v3 visible
I, [2012-07-16T10:50:20.029682 #10938] INFO -- : Redaction for node 94974734 v4 visible
I, [2012-07-16T10:50:20.031779 #10936] INFO -- : Redaction for node 94965987 v1 hidden
I, [2012-07-16T10:50:20.127798 #10936] INFO -- : Redaction for node 94965987 v2 visible
I, [2012-07-16T10:50:20.224012 #10936] INFO -- : Redaction for node 94602454 v1 hidden
I, [2012-07-16T10:50:20.612872 #10936] INFO -- : Redaction for node 94602454 v2 visible
I, [2012-07-16T10:50:20.699270 #10936] INFO -- : Redaction for node 94968374 v1 hidden
I, [2012-07-16T10:50:25.345473 #10938] INFO -- : Redaction for node 94974734 v5 visible
I, [2012-07-16T10:50:25.441215 #10938] INFO -- : Redaction for node 94974734 v6 visible
I, [2012-07-16T10:50:25.526439 #10938] INFO -- : Redaction for node 94974734 v7 visible
I, [2012-07-16T10:50:25.615839 #10938] INFO -- : Redaction for node 94974734 v8 visible
I, [2012-07-16T10:50:25.715021 #10938] INFO -- : Redaction for node 94974734 v9 visible
I, [2012-07-16T10:50:25.802201 #10936] INFO -- : Redaction for node 94968374 v2 visible
I, [2012-07-16T10:50:25.810526 #10938] INFO -- : Redaction for node 94974734 v10 visible
I, [2012-07-16T10:50:25.891016 #10936] INFO -- : Redaction for node 94968374 v3 visible
I, [2012-07-16T10:50:25.905795 #10938] INFO -- : Redaction for node 94974734 v11 visible
I, [2012-07-16T10:50:31.015768 #10936] INFO -- : Redaction for node 94968374 v4 visible
I, [2012-07-16T10:50:31.016646 #10938] INFO -- : Redaction for node 94974734 v12 visible
I, [2012-07-16T10:50:31.120358 #10938] INFO -- : Redaction for node 94974735 v1 hidden
I, [2012-07-16T10:50:31.218644 #10938] INFO -- : Redaction for node 94974735 v2 visible
I, [2012-07-16T10:50:31.313848 #10938] INFO -- : Redaction for node 94974735 v3 visible
I, [2012-07-16T10:50:31.400304 #10938] INFO -- : Redaction for node 94974735 v4 visible
I, [2012-07-16T10:50:31.430830 #10936] INFO -- : Redaction for node 94968374 v5 visible
I, [2012-07-16T10:50:31.513574 #10938] INFO -- : Redaction for node 94974735 v5 visible
I, [2012-07-16T10:50:31.523971 #10936] INFO -- : Redaction for node 94968374 v6 visible
I, [2012-07-16T10:50:31.613885 #10938] INFO -- : Redaction for node 94974735 v6 visible
I, [2012-07-16T10:50:31.615814 #10936] INFO -- : Redaction for node 94968374 v7 visible
I, [2012-07-16T10:50:31.709078 #10936] INFO -- : Redaction for node 94968374 v8 visible
I, [2012-07-16T10:50:31.709820 #10938] INFO -- : Redaction for node 94974735 v7 visible
I, [2012-07-16T10:50:31.809422 #10936] INFO -- : Redaction for node 94968374 v9 visible
I, [2012-07-16T10:50:31.812630 #10938] INFO -- : Redaction for node 94974735 v8 visible
I, [2012-07-16T10:50:31.899658 #10938] INFO -- : Redaction for node 94974735 v9 visible
I, [2012-07-16T10:50:31.995224 #10938] INFO -- : Redaction for node 94974735 v10 visible
I, [2012-07-16T10:50:32.082420 #10938] INFO -- : Redaction for node 94974735 v11 visible
I, [2012-07-16T10:50:32.173771 #10938] INFO -- : Redaction for node 94974735 v12 visible
I, [2012-07-16T10:50:32.262307 #10938] INFO -- : Redaction for node 94974735 v13 visible
I, [2012-07-16T10:50:32.351363 #10938] INFO -- : Redaction for node 94974736 v1 hidden
I, [2012-07-16T10:50:32.442529 #10938] INFO -- : Redaction for node 94974736 v2 visible
I, [2012-07-16T10:50:32.525726 #10938] INFO -- : Redaction for node 94974736 v3 visible
I, [2012-07-16T10:50:32.614399 #10938] INFO -- : Redaction for node 94974736 v4 visible
I, [2012-07-16T10:50:32.995880 #10938] INFO -- : Redaction for node 94974736 v5 visible
I, [2012-07-16T10:50:33.088946 #10938] INFO -- : Redaction for node 94974736 v6 visible
I, [2012-07-16T10:50:33.181582 #10938] INFO -- : Redaction for node 94974736 v7 visible
I, [2012-07-16T10:50:33.274705 #10938] INFO -- : Redaction for node 94974736 v8 visible
I, [2012-07-16T10:50:33.361076 #10938] INFO -- : Redaction for node 94974736 v9 visible
I, [2012-07-16T10:50:33.452268 #10938] INFO -- : Redaction for node 94974736 v10 visible
I, [2012-07-16T10:50:33.537972 #10938] INFO -- : Redaction for node 94974736 v11 visible
I, [2012-07-16T10:50:33.623104 #10938] INFO -- : Redaction for node 94974736 v12 visible
I, [2012-07-16T10:50:33.708151 #10938] INFO -- : Redaction for node 94974737 v1 hidden
I, [2012-07-16T10:50:33.797779 #10938] INFO -- : Redaction for node 94974737 v2 visible
I, [2012-07-16T10:50:33.879520 #10938] INFO -- : Redaction for node 94974737 v3 visible
I, [2012-07-16T10:50:33.961092 #10938] INFO -- : Redaction for node 94974737 v4 visible
I, [2012-07-16T10:50:34.049979 #10938] INFO -- : Redaction for node 94974737 v5 visible
I, [2012-07-16T10:50:34.140557 #10938] INFO -- : Redaction for node 94974737 v6 visible
I, [2012-07-16T10:50:34.487510 #10938] INFO -- : Redaction for node 94974737 v7 visible
I, [2012-07-16T10:50:34.575026 #10938] INFO -- : Redaction for node 94974737 v8 visible
I, [2012-07-16T10:50:34.659955 #10938] INFO -- : Redaction for node 94974737 v9 visible
I, [2012-07-16T10:50:34.745488 #10938] INFO -- : Redaction for node 94974737 v10 visible
I, [2012-07-16T10:50:34.828428 #10938] INFO -- : Redaction for node 94974737 v11 visible
I, [2012-07-16T10:50:34.911919 #10938] INFO -- : Redaction for node 94974737 v12 visible
I, [2012-07-16T10:50:34.995380 #10938] INFO -- : Redaction for node 94974738 v1 hidden
I, [2012-07-16T10:50:35.077459 #10938] INFO -- : Redaction for node 94974738 v2 visible
I, [2012-07-16T10:50:35.162657 #10938] INFO -- : Redaction for node 94974738 v3 visible
I, [2012-07-16T10:50:35.250505 #10938] INFO -- : Redaction for node 94974738 v4 visible
I, [2012-07-16T10:50:35.336220 #10938] INFO -- : Redaction for node 94974738 v5 visible
I, [2012-07-16T10:50:35.422747 #10938] INFO -- : Redaction for node 94974738 v6 visible
I, [2012-07-16T10:50:35.851054 #10938] INFO -- : Redaction for node 94974738 v7 visible
I, [2012-07-16T10:50:35.948534 #10938] INFO -- : Redaction for node 94974738 v8 visible
I, [2012-07-16T10:50:36.041881 #10938] INFO -- : Redaction for node 94974738 v9 visible
I, [2012-07-16T10:50:36.132387 #10938] INFO -- : Redaction for node 94974738 v10 visible
I, [2012-07-16T10:50:36.219930 #10938] INFO -- : Redaction for node 94974738 v11 visible
I, [2012-07-16T10:50:36.312792 #10938] INFO -- : Redaction for node 94974738 v12 visible
