I, [2012-07-16T10:50:36.415519 #10938] INFO -- : Redaction for node 94974739 v1 hidden
I, [2012-07-16T10:50:36.507753 #10938] INFO -- : Redaction for node 94974739 v2 visible
I, [2012-07-16T10:50:36.594825 #10938] INFO -- : Redaction for node 94974739 v3 visible
I, [2012-07-16T10:50:36.695682 #10938] INFO -- : Redaction for node 94974739 v4 visible
I, [2012-07-16T10:50:36.785636 #10938] INFO -- : Redaction for node 94974739 v5 visible
I, [2012-07-16T10:50:36.919710 #10938] INFO -- : Redaction for node 94974739 v6 visible
I, [2012-07-16T10:50:37.528675 #10936] INFO -- : Redaction for node 94968374 v10 visible
I, [2012-07-16T10:50:37.664639 #10936] INFO -- : Redaction for node 94968374 v11 visible
I, [2012-07-16T10:50:37.714319 #10938] INFO -- : Redaction for node 94974739 v7 visible
I, [2012-07-16T10:50:37.836936 #10938] INFO -- : Redaction for node 94974739 v8 visible
I, [2012-07-16T10:50:37.937534 #10938] INFO -- : Redaction for node 94974739 v9 visible
I, [2012-07-16T10:50:38.030826 #10938] INFO -- : Redaction for node 94974739 v10 visible
I, [2012-07-16T10:50:38.113384 #10936] INFO -- : Redaction for node 94968374 v12 visible
I, [2012-07-16T10:50:38.114065 #10938] INFO -- : Redaction for node 94974739 v11 visible
I, [2012-07-16T10:50:38.206583 #10938] INFO -- : Redaction for node 94974739 v12 visible
I, [2012-07-16T10:50:38.216659 #10936] INFO -- : Redaction for node 94968374 v13 visible
I, [2012-07-16T10:50:38.312006 #10936] INFO -- : Redaction for node 94968374 v14 visible
I, [2012-07-16T10:50:38.402262 #10936] INFO -- : Redaction for node 94968377 v1 hidden
I, [2012-07-16T10:50:38.497595 #10936] INFO -- : Redaction for node 94968373 v1 hidden
I, [2012-07-16T10:50:38.565769 #10938] INFO -- : Redaction for node 94974740 v1 hidden
I, [2012-07-16T10:50:38.589609 #10936] INFO -- : Redaction for node 94968373 v2 visible
I, [2012-07-16T10:50:38.949782 #10938] INFO -- : Redaction for node 94974740 v2 visible
I, [2012-07-16T10:50:39.040957 #10938] INFO -- : Redaction for node 94974740 v3 visible
I, [2012-07-16T10:50:39.126084 #10938] INFO -- : Redaction for node 94974740 v4 visible
I, [2012-07-16T10:50:39.207089 #10938] INFO -- : Redaction for node 94974740 v5 visible
I, [2012-07-16T10:50:39.559928 #10938] INFO -- : Redaction for node 94974740 v6 visible
I, [2012-07-16T10:50:39.648005 #10938] INFO -- : Redaction for node 94974740 v7 visible
I, [2012-07-16T10:50:39.731590 #10938] INFO -- : Redaction for node 94974740 v8 visible
I, [2012-07-16T10:50:39.819834 #10938] INFO -- : Redaction for node 94974740 v9 visible
I, [2012-07-16T10:50:39.902602 #10938] INFO -- : Redaction for node 94974740 v10 visible
I, [2012-07-16T10:50:39.982136 #10938] INFO -- : Redaction for node 94974740 v11 visible
I, [2012-07-16T10:50:40.065180 #10938] INFO -- : Redaction for node 94974740 v12 visible
I, [2012-07-16T10:50:40.153736 #10938] INFO -- : Redaction for node 94974742 v1 hidden
I, [2012-07-16T10:50:40.243258 #10938] INFO -- : Redaction for node 94974742 v2 visible
I, [2012-07-16T10:50:40.334345 #10938] INFO -- : Redaction for node 94974742 v3 visible
I, [2012-07-16T10:50:40.425010 #10938] INFO -- : Redaction for node 94974742 v4 visible
I, [2012-07-16T10:50:40.511679 #10938] INFO -- : Redaction for node 94974742 v5 visible
I, [2012-07-16T10:50:40.603061 #10938] INFO -- : Redaction for node 94974742 v6 visible
I, [2012-07-16T10:50:40.906806 #10938] INFO -- : Redaction for node 94974742 v7 visible
I, [2012-07-16T10:50:40.992687 #10938] INFO -- : Redaction for node 94974742 v8 visible
I, [2012-07-16T10:50:41.078170 #10938] INFO -- : Redaction for node 94974742 v9 visible
I, [2012-07-16T10:50:41.161214 #10938] INFO -- : Redaction for node 94974742 v10 visible
I, [2012-07-16T10:50:41.246666 #10938] INFO -- : Redaction for node 94974742 v11 visible
I, [2012-07-16T10:50:41.334730 #10938] INFO -- : Redaction for node 94974742 v12 visible
I, [2012-07-16T10:50:41.424337 #10938] INFO -- : Redaction for node 94974743 v1 hidden
I, [2012-07-16T10:50:41.785435 #10938] INFO -- : Redaction for node 94974743 v2 visible
I, [2012-07-16T10:50:41.877617 #10938] INFO -- : Redaction for node 94974743 v3 visible
I, [2012-07-16T10:50:41.965538 #10938] INFO -- : Redaction for node 94974743 v4 visible
I, [2012-07-16T10:50:42.053757 #10938] INFO -- : Redaction for node 94974743 v5 visible
I, [2012-07-16T10:50:42.138114 #10938] INFO -- : Redaction for node 94974743 v6 visible
I, [2012-07-16T10:50:42.226635 #10938] INFO -- : Redaction for node 94974743 v7 visible
I, [2012-07-16T10:50:42.318681 #10938] INFO -- : Redaction for node 94974743 v8 visible
I, [2012-07-16T10:50:42.407058 #10938] INFO -- : Redaction for node 94974743 v9 visible
I, [2012-07-16T10:50:42.490469 #10938] INFO -- : Redaction for node 94974743 v10 visible
I, [2012-07-16T10:50:42.569930 #10938] INFO -- : Redaction for node 94974743 v11 visible
I, [2012-07-16T10:50:42.656717 #10938] INFO -- : Redaction for node 94974743 v12 visible
I, [2012-07-16T10:50:42.994968 #10938] INFO -- : Redaction for node 94974744 v1 hidden
I, [2012-07-16T10:50:43.087135 #10938] INFO -- : Redaction for node 94974744 v2 visible
I, [2012-07-16T10:50:43.182626 #10938] INFO -- : Redaction for node 94974744 v3 visible
I, [2012-07-16T10:50:43.269600 #10938] INFO -- : Redaction for node 94974744 v4 visible
I, [2012-07-16T10:50:43.365164 #10938] INFO -- : Redaction for node 94974744 v5 visible
I, [2012-07-16T10:50:43.476661 #10938] INFO -- : Redaction for node 94974744 v6 visible
I, [2012-07-16T10:50:43.593583 #10938] INFO -- : Redaction for node 94974744 v7 visible
I, [2012-07-16T10:50:43.713009 #10936] INFO -- : Redaction for node 94968373 v3 visible
I, [2012-07-16T10:50:43.724608 #10938] INFO -- : Redaction for node 94974744 v8 visible
I, [2012-07-16T10:50:43.825302 #10936] INFO -- : Redaction for node 94968373 v4 visible
I, [2012-07-16T10:50:43.844518 #10938] INFO -- : Redaction for node 94974744 v9 visible
I, [2012-07-16T10:50:43.931007 #10936] INFO -- : Redaction for node 94968373 v5 visible
I, [2012-07-16T10:50:44.068488 #10936] INFO -- : Redaction for node 94968373 v6 visible
I, [2012-07-16T10:50:44.196456 #10936] INFO -- : Redaction for node 94968373 v7 visible
I, [2012-07-16T10:50:44.323695 #10936] INFO -- : Redaction for node 94968373 v8 visible
I, [2012-07-16T10:50:44.370914 #10938] INFO -- : Redaction for node 94974744 v10 visible
I, [2012-07-16T10:50:44.434808 #10936] INFO -- : Redaction for node 94968373 v9 visible
I, [2012-07-16T10:50:44.468524 #10938] INFO -- : Redaction for node 94974744 v11 visible
I, [2012-07-16T10:50:44.527257 #10936] INFO -- : Redaction for node 94968373 v10 visible
I, [2012-07-16T10:50:44.568220 #10938] INFO -- : Redaction for node 94974744 v12 visible
I, [2012-07-16T10:50:44.667580 #10938] INFO -- : Redaction for node 94974745 v1 hidden
I, [2012-07-16T10:50:44.811254 #10938] INFO -- : Redaction for node 94974745 v2 visible
I, [2012-07-16T10:50:49.621535 #10936] INFO -- : Redaction for node 94968373 v11 visible
I, [2012-07-16T10:50:49.713724 #10936] INFO -- : Redaction for node 94968373 v12 visible
I, [2012-07-16T10:50:49.799277 #10936] INFO -- : Redaction for node 94968373 v13 visible
I, [2012-07-16T10:50:49.891102 #10936] INFO -- : Redaction for node 94968373 v14 visible
I, [2012-07-16T10:50:49.913800 #10938] INFO -- : Redaction for node 94974745 v3 visible
I, [2012-07-16T10:50:49.984090 #10936] INFO -- : Redaction for node 94602453 v1 hidden
I, [2012-07-16T10:50:50.002820 #10938] INFO -- : Redaction for node 94974745 v4 visible
I, [2012-07-16T10:50:50.070077 #10936] INFO -- : Redaction for node 94602453 v2 visible
I, [2012-07-16T10:50:50.090830 #10938] INFO -- : Redaction for node 94974745 v5 visible
I, [2012-07-16T10:50:50.178972 #10936] INFO -- : Redaction for node 94968372 v1 hidden
I, [2012-07-16T10:50:50.196649 #10938] INFO -- : Redaction for node 94974745 v6 visible
I, [2012-07-16T10:50:50.264299 #10936] INFO -- : Redaction for node 94968372 v2 visible
I, [2012-07-16T10:50:50.400433 #10936] INFO -- : Redaction for node 94968372 v3 visible
I, [2012-07-16T10:50:50.882700 #10938] INFO -- : Redaction for node 94974745 v7 visible
I, [2012-07-16T10:50:51.041140 #10938] INFO -- : Redaction for node 94974745 v8 visible
I, [2012-07-16T10:50:51.132325 #10938] INFO -- : Redaction for node 94974745 v9 visible
I, [2012-07-16T10:50:51.226930 #10938] INFO -- : Redaction for node 94974745 v10 visible
I, [2012-07-16T10:50:55.500750 #10936] INFO -- : Redaction for node 94968372 v4 visible
I, [2012-07-16T10:50:55.600479 #10936] INFO -- : Redaction for node 94968372 v5 visible
I, [2012-07-16T10:50:55.695966 #10936] INFO -- : Redaction for node 94968372 v6 visible
I, [2012-07-16T10:50:55.797802 #10936] INFO -- : Redaction for node 94968372 v7 visible
I, [2012-07-16T10:50:56.326397 #10936] INFO -- : Redaction for node 94968372 v8 visible
I, [2012-07-16T10:50:56.332513 #10938] INFO -- : Redaction for node 94974745 v11 visible
I, [2012-07-16T10:50:56.443844 #10938] INFO -- : Redaction for node 94974745 v12 visible
I, [2012-07-16T10:50:56.558740 #10938] INFO -- : Redaction for node 94974746 v1 hidden
I, [2012-07-16T10:50:56.698787 #10938] INFO -- : Redaction for node 94974746 v2 visible
I, [2012-07-16T10:50:56.873054 #10938] INFO -- : Redaction for node 94974746 v3 visible
I, [2012-07-16T10:50:56.925328 #10936] INFO -- : Redaction for node 94968372 v9 visible
I, [2012-07-16T10:50:57.024334 #10938] INFO -- : Redaction for node 94974746 v4 visible
I, [2012-07-16T10:50:57.039438 #10936] INFO -- : Redaction for node 94968372 v10 visible
I, [2012-07-16T10:50:57.159639 #10938] INFO -- : Redaction for node 94974746 v5 visible
I, [2012-07-16T10:50:57.165315 #10936] INFO -- : Redaction for node 94968372 v11 visible
I, [2012-07-16T10:50:57.264526 #10938] INFO -- : Redaction for node 94974746 v6 visible
I, [2012-07-16T10:50:57.268001 #10936] INFO -- : Redaction for node 94968372 v12 visible
I, [2012-07-16T10:50:57.364399 #10936] INFO -- : Redaction for node 94968372 v13 visible
I, [2012-07-16T10:50:57.377515 #10938] INFO -- : Redaction for node 94974746 v7 visible
I, [2012-07-16T10:50:57.464270 #10936] INFO -- : Redaction for node 94968372 v14 visible
I, [2012-07-16T10:50:57.473292 #10938] INFO -- : Redaction for node 94974746 v8 visible
I, [2012-07-16T10:50:57.552912 #10936] INFO -- : Redaction for node 94602462 v1 hidden
I, [2012-07-16T10:50:57.560910 #10938] INFO -- : Redaction for node 94974746 v9 visible
I, [2012-07-16T10:50:57.640940 #10936] INFO -- : Redaction for node 94968371 v1 hidden
I, [2012-07-16T10:50:57.728311 #10936] INFO -- : Redaction for node 94968371 v2 visible
I, [2012-07-16T10:51:02.668986 #10938] INFO -- : Redaction for node 94974746 v10 visible
I, [2012-07-16T10:51:02.771139 #10938] INFO -- : Redaction for node 94974746 v11 visible
I, [2012-07-16T10:51:02.819614 #10936] INFO -- : Redaction for node 94968371 v3 visible
I, [2012-07-16T10:51:02.879445 #10938] INFO -- : Redaction for node 94974746 v12 visible
I, [2012-07-16T10:51:02.938997 #10936] INFO -- : Redaction for node 94968371 v4 visible
I, [2012-07-16T10:51:03.061478 #10936] INFO -- : Redaction for node 94968371 v5 visible
I, [2012-07-16T10:51:03.197646 #10936] INFO -- : Redaction for node 94968371 v6 visible
I, [2012-07-16T10:51:03.308496 #10936] INFO -- : Redaction for node 94968371 v7 visible
I, [2012-07-16T10:51:03.496598 #10936] INFO -- : Redaction for node 94968371 v8 visible
I, [2012-07-16T10:51:03.644509 #10936] INFO -- : Redaction for node 94968371 v9 visible
I, [2012-07-16T10:51:03.775987 #10936] INFO -- : Redaction for node 94968371 v10 visible
I, [2012-07-16T10:51:03.805291 #10938] INFO -- : Redaction for node 94974748 v1 hidden
I, [2012-07-16T10:51:03.904631 #10936] INFO -- : Redaction for node 94968371 v11 visible
I, [2012-07-16T10:51:03.917328 #10938] INFO -- : Redaction for node 94974748 v2 visible
I, [2012-07-16T10:51:04.067889 #10936] INFO -- : Redaction for node 94968371 v12 visible
I, [2012-07-16T10:51:04.088590 #10938] INFO -- : Redaction for node 94974748 v3 visible
I, [2012-07-16T10:51:04.198755 #10936] INFO -- : Redaction for node 94968371 v13 visible
I, [2012-07-16T10:51:04.202734 #10938] INFO -- : Redaction for node 94974748 v4 visible
I, [2012-07-16T10:51:04.283598 #10938] INFO -- : Redaction for node 94974748 v5 visible
I, [2012-07-16T10:51:04.286536 #10936] INFO -- : Redaction for node 94968371 v14 visible
I, [2012-07-16T10:51:04.369134 #10938] INFO -- : Redaction for node 94974748 v6 visible
I, [2012-07-16T10:51:04.375342 #10936] INFO -- : Redaction for node 94968370 v1 hidden
I, [2012-07-16T10:51:04.456722 #10938] INFO -- : Redaction for node 94974748 v7 visible
I, [2012-07-16T10:51:04.466483 #10936] INFO -- : Redaction for node 94968370 v2 visible
I, [2012-07-16T10:51:04.549673 #10938] INFO -- : Redaction for node 94974748 v8 visible
I, [2012-07-16T10:51:04.570514 #10936] INFO -- : Redaction for node 94968370 v3 visible
I, [2012-07-16T10:51:04.664991 #10936] INFO -- : Redaction for node 94968370 v4 visible
I, [2012-07-16T10:51:09.638790 #10938] INFO -- : Redaction for node 94974748 v9 visible
I, [2012-07-16T10:51:09.733692 #10938] INFO -- : Redaction for node 94974748 v10 visible
I, [2012-07-16T10:51:09.754573 #10936] INFO -- : Redaction for node 94968370 v5 visible
I, [2012-07-16T10:51:09.831617 #10938] INFO -- : Redaction for node 94974748 v11 visible
I, [2012-07-16T10:51:09.841849 #10936] INFO -- : Redaction for node 94968370 v6 visible
I, [2012-07-16T10:51:09.932756 #10936] INFO -- : Redaction for node 94968370 v7 visible
I, [2012-07-16T10:51:09.933558 #10938] INFO -- : Redaction for node 94974748 v12 visible
I, [2012-07-16T10:51:10.035196 #10938] INFO -- : Redaction for node 94974748 v13 visible
I, [2012-07-16T10:51:10.040790 #10936] INFO -- : Redaction for node 94968370 v8 visible
I, [2012-07-16T10:51:10.138510 #10936] INFO -- : Redaction for node 94968370 v9 visible
I, [2012-07-16T10:51:10.146130 #10938] INFO -- : Redaction for node 94561989 v2 hidden
I, [2012-07-16T10:51:10.246706 #10938] INFO -- : Redaction for node 94561989 v3 visible
I, [2012-07-16T10:51:10.335360 #10938] INFO -- : Redaction for node 94969344 v1 hidden
I, [2012-07-16T10:51:15.235666 #10936] INFO -- : Redaction for node 94968370 v10 visible
I, [2012-07-16T10:51:15.328732 #10936] INFO -- : Redaction for node 94968370 v11 visible
I, [2012-07-16T10:51:15.417612 #10936] INFO -- : Redaction for node 94968370 v12 visible
I, [2012-07-16T10:51:15.502900 #10936] INFO -- : Redaction for node 94968370 v13 visible
I, [2012-07-16T10:51:15.569517 #10938] INFO -- : Redaction for node 94969344 v2 visible
I, [2012-07-16T10:51:15.591413 #10936] INFO -- : Redaction for node 94968370 v14 visible
I, [2012-07-16T10:51:15.662277 #10938] INFO -- : Redaction for node 94969344 v3 visible
I, [2012-07-16T10:51:15.682814 #10936] INFO -- : Redaction for node 94602461 v1 hidden
I, [2012-07-16T10:51:15.754453 #10938] INFO -- : Redaction for node 94969344 v4 visible
I, [2012-07-16T10:51:15.772464 #10936] INFO -- : Redaction for node 94968369 v1 hidden
I, [2012-07-16T10:51:15.849793 #10938] INFO -- : Redaction for node 94969344 v5 visible
I, [2012-07-16T10:51:15.860873 #10936] INFO -- : Redaction for node 94968369 v2 visible
I, [2012-07-16T10:51:15.942652 #10938] INFO -- : Redaction for node 94969342 v1 hidden
I, [2012-07-16T10:51:15.965494 #10936] INFO -- : Redaction for node 94968369 v3 visible
I, [2012-07-16T10:51:16.030911 #10938] INFO -- : Redaction for node 94969342 v2 visible
I, [2012-07-16T10:51:16.059134 #10936] INFO -- : Redaction for node 94968369 v4 visible
I, [2012-07-16T10:51:16.464328 #10938] INFO -- : Redaction for node 94969342 v3 visible
I, [2012-07-16T10:51:16.978042 #10938] INFO -- : Redaction for node 94969342 v4 visible
I, [2012-07-16T10:51:17.071025 #10938] INFO -- : Redaction for node 94969342 v5 visible
I, [2012-07-16T10:51:17.161478 #10938] INFO -- : Redaction for node 94969345 v1 hidden
I, [2012-07-16T10:51:21.150622 #10936] INFO -- : Redaction for node 94968369 v5 visible
I, [2012-07-16T10:51:21.558048 #10936] INFO -- : Redaction for node 94968369 v6 visible
I, [2012-07-16T10:51:21.996060 #10936] INFO -- : Redaction for node 94968369 v7 visible
I, [2012-07-16T10:51:22.101615 #10936] INFO -- : Redaction for node 94968369 v8 visible
I, [2012-07-16T10:51:22.211434 #10936] INFO -- : Redaction for node 94968369 v9 visible
I, [2012-07-16T10:51:22.290603 #10938] INFO -- : Redaction for node 94969341 v1 hidden
I, [2012-07-16T10:51:22.360268 #10936] INFO -- : Redaction for node 94968369 v10 visible
I, [2012-07-16T10:51:22.408184 #10938] INFO -- : Redaction for node 94969341 v2 visible
I, [2012-07-16T10:51:22.520023 #10936] INFO -- : Redaction for node 94968369 v11 visible
I, [2012-07-16T10:51:22.636348 #10936] INFO -- : Redaction for node 94968369 v12 visible
I, [2012-07-16T10:51:22.803292 #10936] INFO -- : Redaction for node 94968369 v13 visible
I, [2012-07-16T10:51:23.462186 #10938] INFO -- : Redaction for node 94969341 v3 visible
I, [2012-07-16T10:51:24.493392 #10938] INFO -- : Redaction for node 94561988 v2 hidden
I, [2012-07-16T10:51:24.609077 #10936] INFO -- : Redaction for node 94968369 v14 visible
I, [2012-07-16T10:51:24.611268 #10938] INFO -- : Redaction for node 94561988 v3 visible
I, [2012-07-16T10:51:25.013838 #10938] INFO -- : Redaction for node 94974749 v1 hidden
I, [2012-07-16T10:51:25.103226 #10938] INFO -- : Redaction for node 94974749 v2 visible
I, [2012-07-16T10:51:25.186899 #10938] INFO -- : Redaction for node 94974749 v3 visible
I, [2012-07-16T10:51:25.273990 #10938] INFO -- : Redaction for node 94974749 v4 visible
I, [2012-07-16T10:51:25.364117 #10938] INFO -- : Redaction for node 94974749 v5 visible
I, [2012-07-16T10:51:25.452283 #10938] INFO -- : Redaction for node 94974749 v6 visible
I, [2012-07-16T10:51:25.535917 #10938] INFO -- : Redaction for node 94974749 v7 visible
I, [2012-07-16T10:51:25.622059 #10938] INFO -- : Redaction for node 94974749 v8 visible
I, [2012-07-16T10:51:25.714531 #10938] INFO -- : Redaction for node 94974749 v9 visible
I, [2012-07-16T10:51:25.807979 #10938] INFO -- : Redaction for node 94974749 v10 visible
I, [2012-07-16T10:51:25.949585 #10938] INFO -- : Redaction for node 94974749 v11 visible
I, [2012-07-16T10:51:26.413375 #10938] INFO -- : Redaction for node 94974749 v12 visible
I, [2012-07-16T10:51:26.498401 #10938] INFO -- : Redaction for node 94969340 v1 hidden
I, [2012-07-16T10:51:26.595213 #10938] INFO -- : Redaction for node 94969340 v2 visible
I, [2012-07-16T10:51:26.954129 #10938] INFO -- : Redaction for node 94969340 v3 visible
I, [2012-07-16T10:51:27.049406 #10938] INFO -- : Redaction for node 94561984 v2 hidden
I, [2012-07-16T10:51:27.157833 #10938] INFO -- : Redaction for node 94561984 v3 visible
I, [2012-07-16T10:51:27.244989 #10938] INFO -- : Redaction for node 94974750 v1 hidden
I, [2012-07-16T10:51:27.334550 #10938] INFO -- : Redaction for node 94974750 v2 visible
I, [2012-07-16T10:51:27.448191 #10938] INFO -- : Redaction for node 94974750 v3 visible
I, [2012-07-16T10:51:27.837720 #10938] INFO -- : Redaction for node 94974750 v4 visible
I, [2012-07-16T10:51:28.433725 #10938] INFO -- : Redaction for node 94974750 v5 visible
I, [2012-07-16T10:51:28.520550 #10938] INFO -- : Redaction for node 94974750 v6 visible
I, [2012-07-16T10:51:28.612119 #10938] INFO -- : Redaction for node 94974750 v7 visible
I, [2012-07-16T10:51:28.701693 #10938] INFO -- : Redaction for node 94974750 v8 visible
I, [2012-07-16T10:51:28.800996 #10938] INFO -- : Redaction for node 94974750 v9 visible
I, [2012-07-16T10:51:28.896251 #10938] INFO -- : Redaction for node 94974750 v10 visible
I, [2012-07-16T10:51:29.003798 #10938] INFO -- : Redaction for node 94974750 v11 visible
I, [2012-07-16T10:51:29.124445 #10938] INFO -- : Redaction for node 94974750 v12 visible
I, [2012-07-16T10:51:29.216733 #10938] INFO -- : Redaction for node 94561986 v2 hidden
I, [2012-07-16T10:51:29.335072 #10938] INFO -- : Redaction for node 94561986 v3 visible
I, [2012-07-16T10:51:29.432965 #10938] INFO -- : Redaction for node 94969339 v1 hidden
I, [2012-07-16T10:51:29.539293 #10938] INFO -- : Redaction for node 94969339 v2 visible
I, [2012-07-16T10:51:29.640212 #10938] INFO -- : Redaction for node 94969339 v3 visible
I, [2012-07-16T10:51:29.760508 #10936] INFO -- : Redaction for node 94602460 v1 hidden
I, [2012-07-16T10:51:29.764063 #10938] INFO -- : Redaction for node 94974752 v1 hidden
I, [2012-07-16T10:51:29.882024 #10936] INFO -- : Redaction for node 94968368 v1 hidden
I, [2012-07-16T10:51:29.995256 #10936] INFO -- : Redaction for node 94968368 v2 visible
I, [2012-07-16T10:51:30.099504 #10936] INFO -- : Redaction for node 94968368 v3 visible
I, [2012-07-16T10:51:30.233665 #10936] INFO -- : Redaction for node 94968368 v4 visible
I, [2012-07-16T10:51:30.292431 #10938] INFO -- : Redaction for node 94974752 v2 visible
I, [2012-07-16T10:51:30.377739 #10936] INFO -- : Redaction for node 94968368 v5 visible
I, [2012-07-16T10:51:30.406834 #10938] INFO -- : Redaction for node 94974752 v3 visible
I, [2012-07-16T10:51:30.505727 #10936] INFO -- : Redaction for node 94968368 v6 visible
I, [2012-07-16T10:51:30.603606 #10936] INFO -- : Redaction for node 94968368 v7 visible
I, [2012-07-16T10:51:30.698527 #10936] INFO -- : Redaction for node 94968368 v8 visible
I, [2012-07-16T10:51:30.840685 #10938] INFO -- : Redaction for node 94974752 v4 visible
I, [2012-07-16T10:51:30.932162 #10938] INFO -- : Redaction for node 94974752 v5 visible
I, [2012-07-16T10:51:31.032476 #10938] INFO -- : Redaction for node 94974752 v6 visible
I, [2012-07-16T10:51:31.125742 #10936] INFO -- : Redaction for node 94968368 v9 visible
I, [2012-07-16T10:51:31.140755 #10938] INFO -- : Redaction for node 94974752 v7 visible
I, [2012-07-16T10:51:31.265670 #10936] INFO -- : Redaction for node 94968368 v10 visible
I, [2012-07-16T10:51:31.273719 #10938] INFO -- : Redaction for node 94974752 v8 visible
I, [2012-07-16T10:51:31.363706 #10936] INFO -- : Redaction for node 94968368 v11 visible
I, [2012-07-16T10:51:31.379424 #10938] INFO -- : Redaction for node 94974752 v9 visible
I, [2012-07-16T10:51:31.499152 #10938] INFO -- : Redaction for node 94974752 v10 visible
I, [2012-07-16T10:51:31.597908 #10938] INFO -- : Redaction for node 94974752 v11 visible
I, [2012-07-16T10:51:31.803086 #10936] INFO -- : Redaction for node 94968368 v12 visible
I, [2012-07-16T10:51:31.932211 #10936] INFO -- : Redaction for node 94968368 v13 visible
I, [2012-07-16T10:51:32.037069 #10936] INFO -- : Redaction for node 94968368 v14 visible
I, [2012-07-16T10:51:32.119960 #10938] INFO -- : Redaction for node 94974752 v12 visible
I, [2012-07-16T10:51:32.194593 #10936] INFO -- : Redaction for node 94598488 v1 hidden
I, [2012-07-16T10:51:32.224654 #10938] INFO -- : Redaction for node 94969338 v1 hidden
I, [2012-07-16T10:51:32.320026 #10938] INFO -- : Redaction for node 94969338 v2 visible
I, [2012-07-16T10:51:32.425509 #10938] INFO -- : Redaction for node 94969338 v3 visible
I, [2012-07-16T10:51:37.293389 #10936] INFO -- : Redaction for node 94598488 v2 visible
I, [2012-07-16T10:51:37.379814 #10936] INFO -- : Redaction for node 94598488 v3 visible
I, [2012-07-16T10:51:37.491596 #10936] INFO -- : Redaction for node 94598486 v1 hidden
I, [2012-07-16T10:51:37.513577 #10938] INFO -- : Redaction for node 94974754 v1 hidden
I, [2012-07-16T10:51:37.584337 #10936] INFO -- : Redaction for node 94598486 v2 visible
I, [2012-07-16T10:51:37.609384 #10938] INFO -- : Redaction for node 94974754 v2 visible
I, [2012-07-16T10:51:37.691530 #10936] INFO -- : Redaction for node 94598486 v3 visible
I, [2012-07-16T10:51:37.708112 #10938] INFO -- : Redaction for node 94974754 v3 visible
I, [2012-07-16T10:51:37.789783 #10936] INFO -- : Redaction for node 94598486 v4 visible
I, [2012-07-16T10:51:37.883108 #10936] INFO -- : Redaction for node 94598486 v5 hidden
I, [2012-07-16T10:51:37.991364 #10936] INFO -- : Redaction for node 94598486 v6 visible
I, [2012-07-16T10:51:38.138684 #10936] INFO -- : Redaction for node 94968367 v1 hidden
I, [2012-07-16T10:51:38.241655 #10936] INFO -- : Redaction for node 94968367 v2 visible
I, [2012-07-16T10:51:38.659950 #10936] INFO -- : Redaction for node 94968367 v3 visible
I, [2012-07-16T10:51:38.750839 #10936] INFO -- : Redaction for node 94968367 v4 visible
I, [2012-07-16T10:51:38.837294 #10936] INFO -- : Redaction for node 94968367 v5 visible
I, [2012-07-16T10:51:38.924791 #10936] INFO -- : Redaction for node 94968367 v6 visible
I, [2012-07-16T10:51:39.263680 #10936] INFO -- : Redaction for node 94968367 v7 visible
I, [2012-07-16T10:51:39.355521 #10936] INFO -- : Redaction for node 94968367 v8 visible
I, [2012-07-16T10:51:39.438794 #10936] INFO -- : Redaction for node 94968367 v9 visible
I, [2012-07-16T10:51:39.521242 #10936] INFO -- : Redaction for node 94968367 v10 visible
I, [2012-07-16T10:51:39.941137 #10936] INFO -- : Redaction for node 94968367 v11 visible
I, [2012-07-16T10:51:40.031361 #10936] INFO -- : Redaction for node 94968367 v12 visible
I, [2012-07-16T10:51:40.118143 #10936] INFO -- : Redaction for node 94968367 v13 visible
I, [2012-07-16T10:51:40.208656 #10936] INFO -- : Redaction for node 94968367 v14 visible
I, [2012-07-16T10:51:40.306994 #10936] INFO -- : Redaction for node 94968365 v1 hidden
I, [2012-07-16T10:51:40.748715 #10936] INFO -- : Redaction for node 94968365 v2 visible
I, [2012-07-16T10:51:40.836748 #10936] INFO -- : Redaction for node 94968365 v3 visible
I, [2012-07-16T10:51:40.922465 #10936] INFO -- : Redaction for node 94968365 v4 visible
I, [2012-07-16T10:51:41.010414 #10936] INFO -- : Redaction for node 94968365 v5 visible
I, [2012-07-16T10:51:41.101675 #10936] INFO -- : Redaction for node 94968365 v6 visible
I, [2012-07-16T10:51:41.190443 #10936] INFO -- : Redaction for node 94968365 v7 visible
I, [2012-07-16T10:51:41.275672 #10936] INFO -- : Redaction for node 94968365 v8 visible
I, [2012-07-16T10:51:41.378179 #10936] INFO -- : Redaction for node 94968365 v9 visible
I, [2012-07-16T10:51:41.481659 #10936] INFO -- : Redaction for node 94968365 v10 visible
I, [2012-07-16T10:51:42.800198 #10938] INFO -- : Redaction for node 94974754 v4 visible
I, [2012-07-16T10:51:42.899263 #10938] INFO -- : Redaction for node 94974754 v5 visible
I, [2012-07-16T10:51:43.296837 #10938] INFO -- : Redaction for node 94974754 v6 visible
I, [2012-07-16T10:51:43.393101 #10938] INFO -- : Redaction for node 94974754 v7 visible
I, [2012-07-16T10:51:46.574439 #10936] INFO -- : Redaction for node 94968365 v11 visible
I, [2012-07-16T10:51:46.664077 #10936] INFO -- : Redaction for node 94968365 v12 visible
I, [2012-07-16T10:51:46.759824 #10936] INFO -- : Redaction for node 94968365 v13 visible
I, [2012-07-16T10:51:46.884921 #10936] INFO -- : Redaction for node 94968365 v14 visible
I, [2012-07-16T10:51:47.027902 #10936] INFO -- : Redaction for node 94968364 v1 hidden
I, [2012-07-16T10:51:47.544111 #10936] INFO -- : Redaction for node 94968364 v2 visible
I, [2012-07-16T10:51:47.629412 #10936] INFO -- : Redaction for node 94968364 v3 visible
I, [2012-07-16T10:51:47.724054 #10936] INFO -- : Redaction for node 94968364 v4 visible
I, [2012-07-16T10:51:47.812262 #10936] INFO -- : Redaction for node 94968364 v5 visible
I, [2012-07-16T10:51:47.912928 #10936] INFO -- : Redaction for node 94968364 v6 visible
I, [2012-07-16T10:51:48.018610 #10936] INFO -- : Redaction for node 94968364 v7 visible
I, [2012-07-16T10:51:48.107575 #10936] INFO -- : Redaction for node 94968364 v8 visible
I, [2012-07-16T10:51:48.201246 #10936] INFO -- : Redaction for node 94968364 v9 visible
I, [2012-07-16T10:51:48.301891 #10936] INFO -- : Redaction for node 94968364 v10 visible
I, [2012-07-16T10:51:48.403184 #10936] INFO -- : Redaction for node 94968364 v11 visible
I, [2012-07-16T10:51:48.513704 #10938] INFO -- : Redaction for node 94974754 v8 visible
I, [2012-07-16T10:51:48.605958 #10938] INFO -- : Redaction for node 94974754 v9 visible
I, [2012-07-16T10:51:48.719275 #10938] INFO -- : Redaction for node 94974754 v10 visible
I, [2012-07-16T10:51:49.125436 #10938] INFO -- : Redaction for node 94974754 v11 visible
I, [2012-07-16T10:51:49.216147 #10938] INFO -- : Redaction for node 94974754 v12 visible
I, [2012-07-16T10:51:49.309835 #10938] INFO -- : Redaction for node 94974755 v1 hidden
I, [2012-07-16T10:51:49.396087 #10938] INFO -- : Redaction for node 94974755 v2 visible
I, [2012-07-16T10:51:49.487443 #10938] INFO -- : Redaction for node 94974755 v3 visible
I, [2012-07-16T10:51:49.598891 #10938] INFO -- : Redaction for node 94974755 v4 visible
I, [2012-07-16T10:51:49.707744 #10938] INFO -- : Redaction for node 94974755 v5 visible
I, [2012-07-16T10:51:49.844050 #10938] INFO -- : Redaction for node 94974755 v6 visible
I, [2012-07-16T10:51:49.981664 #10938] INFO -- : Redaction for node 94974755 v7 visible
I, [2012-07-16T10:51:50.140441 #10938] INFO -- : Redaction for node 94974755 v8 visible
I, [2012-07-16T10:51:50.260541 #10938] INFO -- : Redaction for node 94974755 v9 visible
I, [2012-07-16T10:51:50.708316 #10938] INFO -- : Redaction for node 94974755 v10 visible
I, [2012-07-16T10:51:50.800591 #10938] INFO -- : Redaction for node 94974755 v11 visible
I, [2012-07-16T10:51:50.892702 #10938] INFO -- : Redaction for node 94974755 v12 visible
I, [2012-07-16T10:51:50.988087 #10938] INFO -- : Redaction for node 94974757 v1 hidden
I, [2012-07-16T10:51:51.077019 #10938] INFO -- : Redaction for node 94974757 v2 visible
I, [2012-07-16T10:51:51.165061 #10938] INFO -- : Redaction for node 94974757 v3 visible
I, [2012-07-16T10:51:51.265369 #10938] INFO -- : Redaction for node 94974757 v4 visible
I, [2012-07-16T10:51:51.357509 #10938] INFO -- : Redaction for node 94974757 v5 visible
I, [2012-07-16T10:51:51.455282 #10938] INFO -- : Redaction for node 94974757 v6 visible
I, [2012-07-16T10:51:53.514563 #10936] INFO -- : Redaction for node 94968364 v12 visible
I, [2012-07-16T10:51:53.624709 #10936] INFO -- : Redaction for node 94968364 v13 visible
I, [2012-07-16T10:51:53.713127 #10936] INFO -- : Redaction for node 94968364 v14 visible
I, [2012-07-16T10:51:53.803919 #10936] INFO -- : Redaction for node 94598487 v1 hidden
I, [2012-07-16T10:51:53.888169 #10936] INFO -- : Redaction for node 94598487 v2 visible
I, [2012-07-16T10:51:53.987750 #10936] INFO -- : Redaction for node 94598487 v3 visible
I, [2012-07-16T10:51:54.084552 #10936] INFO -- : Redaction for way 10708163 v1 hidden
I, [2012-07-16T10:51:54.189507 #10936] INFO -- : Redaction for way 10708163 v2 visible
I, [2012-07-16T10:51:54.295823 #10936] INFO -- : Redaction for way 10708163 v3 visible
I, [2012-07-16T10:51:54.680641 #10936] INFO -- : Redaction for way 10708163 v4 visible
I, [2012-07-16T10:51:54.772334 #10936] INFO -- : Redaction for way 10708163 v5 visible
I, [2012-07-16T10:51:54.866590 #10936] INFO -- : Redaction for way 10708163 v6 visible
I, [2012-07-16T10:51:54.953218 #10936] INFO -- : Redaction for way 10708163 v7 visible
I, [2012-07-16T10:51:55.048461 #10936] INFO -- : Redaction for way 10708163 v8 visible
I, [2012-07-16T10:51:55.147968 #10936] INFO -- : Redaction for way 10708163 v9 visible
I, [2012-07-16T10:51:55.240613 #10936] INFO -- : Redaction for way 10681142 v1 hidden
I, [2012-07-16T10:51:55.393227 #10936] INFO -- : Redaction for way 10681142 v2 hidden
I, [2012-07-16T10:51:55.484464 #10936] INFO -- : Redaction for way 10681142 v3 visible
I, [2012-07-16T10:51:55.578286 #10936] INFO -- : Redaction for way 10681142 v4 visible
I, [2012-07-16T10:51:55.669847 #10936] INFO -- : Redaction for way 10681142 v5 visible
I, [2012-07-16T10:51:55.754771 #10936] INFO -- : Redaction for way 10681142 v6 visible
I, [2012-07-16T10:51:55.849220 #10936] INFO -- : Redaction for way 10681142 v7 visible
I, [2012-07-16T10:51:55.935584 #10936] INFO -- : Redaction for way 10681139 v1 hidden
I, [2012-07-16T10:51:56.037049 #10936] INFO -- : Redaction for way 10681139 v2 hidden
I, [2012-07-16T10:51:56.132474 #10936] INFO -- : Redaction for way 10681139 v3 visible
I, [2012-07-16T10:51:56.247409 #10936] INFO -- : Redaction for way 10681139 v4 visible
I, [2012-07-16T10:51:56.337776 #10936] INFO -- : Redaction for way 10681139 v5 visible
I, [2012-07-16T10:51:56.441082 #10936] INFO -- : Redaction for way 10681139 v6 visible
I, [2012-07-16T10:51:56.543213 #10936] INFO -- : Redaction for way 10681139 v7 visible
I, [2012-07-16T10:51:56.543257 #10938] INFO -- : Redaction for node 94974757 v7 visible
I, [2012-07-16T10:51:56.635257 #10936] INFO -- : Redaction for way 10681139 v8 visible
I, [2012-07-16T10:51:56.724555 #10936] INFO -- : Redaction for way 10681139 v9 visible
I, [2012-07-16T10:51:56.922175 #10938] INFO -- : Redaction for node 94974757 v8 visible
I, [2012-07-16T10:52:01.830589 #10936] INFO -- : Redaction for way 10681139 v10 visible
I, [2012-07-16T10:52:01.957169 #10936] INFO -- : Redaction for way 10681139 v11 visible
I, [2012-07-16T10:52:02.009727 #10938] INFO -- : Redaction for node 94974757 v9 visible
I, [2012-07-16T10:52:02.107992 #10938] INFO -- : Redaction for node 94974757 v10 visible
I, [2012-07-16T10:52:02.196977 #10938] INFO -- : Redaction for node 94974757 v11 visible
I, [2012-07-16T10:52:02.288794 #10938] INFO -- : Redaction for node 94974757 v12 visible
I, [2012-07-16T10:52:02.383301 #10938] INFO -- : Redaction for node 94974758 v1 hidden
I, [2012-07-16T10:52:02.474902 #10938] INFO -- : Redaction for node 94974758 v2 visible
I, [2012-07-16T10:52:02.560934 #10938] INFO -- : Redaction for node 94974758 v3 visible
I, [2012-07-16T10:52:02.650663 #10938] INFO -- : Redaction for node 94974758 v4 visible
I, [2012-07-16T10:52:02.736636 #10938] INFO -- : Redaction for node 94974758 v5 visible
I, [2012-07-16T10:52:02.830580 #10938] INFO -- : Redaction for node 94974758 v6 visible
I, [2012-07-16T10:52:02.914429 #10938] INFO -- : Redaction for node 94974758 v7 visible
I, [2012-07-16T10:52:03.015708 #10938] INFO -- : Redaction for node 94974758 v8 visible
I, [2012-07-16T10:52:03.111749 #10938] INFO -- : Redaction for node 94974758 v9 visible
I, [2012-07-16T10:52:03.196580 #10938] INFO -- : Redaction for node 94974758 v10 visible
I, [2012-07-16T10:52:03.279795 #10938] INFO -- : Redaction for node 94974758 v11 visible
I, [2012-07-16T10:52:03.367236 #10938] INFO -- : Redaction for node 94974758 v12 visible
I, [2012-07-16T10:52:03.464355 #10938] INFO -- : Redaction for node 94969337 v1 hidden
I, [2012-07-16T10:52:03.563289 #10938] INFO -- : Redaction for node 94969337 v2 visible
I, [2012-07-16T10:52:03.659419 #10938] INFO -- : Redaction for node 94969337 v3 visible
I, [2012-07-16T10:52:03.748632 #10938] INFO -- : Redaction for node 94974759 v1 hidden
I, [2012-07-16T10:52:03.836722 #10938] INFO -- : Redaction for node 94974759 v2 visible
I, [2012-07-16T10:52:04.207083 #10938] INFO -- : Redaction for node 94974759 v3 visible
I, [2012-07-16T10:52:04.292335 #10938] INFO -- : Redaction for node 94974759 v4 visible
I, [2012-07-16T10:52:04.382351 #10938] INFO -- : Redaction for node 94974759 v5 visible
I, [2012-07-16T10:52:04.466640 #10938] INFO -- : Redaction for node 94974759 v6 visible
I, [2012-07-16T10:52:04.823038 #10938] INFO -- : Redaction for node 94974759 v7 visible
I, [2012-07-16T10:52:04.911921 #10938] INFO -- : Redaction for node 94974759 v8 visible
I, [2012-07-16T10:52:05.003881 #10938] INFO -- : Redaction for node 94974759 v9 visible
I, [2012-07-16T10:52:05.095930 #10938] INFO -- : Redaction for node 94974759 v10 visible
I, [2012-07-16T10:52:05.184054 #10938] INFO -- : Redaction for node 94974759 v11 visible
I, [2012-07-16T10:52:05.283763 #10938] INFO -- : Redaction for node 94974759 v12 visible
I, [2012-07-16T10:52:05.669291 #10938] INFO -- : Redaction for node 94974760 v1 hidden
I, [2012-07-16T10:52:05.756856 #10938] INFO -- : Redaction for node 94974760 v2 visible
I, [2012-07-16T10:52:05.854689 #10938] INFO -- : Redaction for node 94974760 v3 visible
I, [2012-07-16T10:52:05.958034 #10938] INFO -- : Redaction for node 94974760 v4 visible
I, [2012-07-16T10:52:06.047975 #10938] INFO -- : Redaction for node 94974760 v5 visible
I, [2012-07-16T10:52:06.502042 #10938] INFO -- : Redaction for node 94974760 v6 visible
I, [2012-07-16T10:52:06.592368 #10938] INFO -- : Redaction for node 94974760 v7 visible
I, [2012-07-16T10:52:06.688059 #10938] INFO -- : Redaction for node 94974760 v8 visible
I, [2012-07-16T10:52:06.778896 #10938] INFO -- : Redaction for node 94974760 v9 visible
I, [2012-07-16T10:52:06.881381 #10938] INFO -- : Redaction for node 94974760 v10 visible
I, [2012-07-16T10:52:07.401167 #10936] INFO -- : Redaction for way 10703961 v1 hidden
I, [2012-07-16T10:52:07.511522 #10936] INFO -- : Redaction for way 10703961 v2 visible
I, [2012-07-16T10:52:07.608788 #10936] INFO -- : Redaction for way 10682371 v1 hidden
I, [2012-07-16T10:52:07.718319 #10936] INFO -- : Redaction for way 10681055 v1 hidden
I, [2012-07-16T10:52:11.975177 #10938] INFO -- : Redaction for node 94974760 v11 visible
I, [2012-07-16T10:52:12.065342 #10938] INFO -- : Redaction for node 94974760 v12 visible
I, [2012-07-16T10:52:12.163342 #10938] INFO -- : Redaction for node 94974761 v1 hidden
I, [2012-07-16T10:52:12.252236 #10938] INFO -- : Redaction for node 94974761 v2 visible
I, [2012-07-16T10:52:12.338991 #10938] INFO -- : Redaction for node 94974761 v3 visible
I, [2012-07-16T10:52:12.429918 #10938] INFO -- : Redaction for node 94974761 v4 visible
I, [2012-07-16T10:52:12.530943 #10938] INFO -- : Redaction for node 94974761 v5 visible
I, [2012-07-16T10:52:12.619427 #10938] INFO -- : Redaction for node 94974761 v6 visible
I, [2012-07-16T10:52:12.831898 #10936] INFO -- : Redaction for way 10681055 v2 hidden
I, [2012-07-16T10:52:12.975388 #10936] INFO -- : Redaction for way 10681055 v3 visible
I, [2012-07-16T10:52:13.148161 #10936] INFO -- : Redaction for way 10681055 v4 hidden
I, [2012-07-16T10:52:13.253953 #10936] INFO -- : Redaction for way 10681055 v5 visible
I, [2012-07-16T10:52:13.316237 #10938] INFO -- : Redaction for node 94974761 v7 visible
I, [2012-07-16T10:52:13.448023 #10938] INFO -- : Redaction for node 94974761 v8 visible
I, [2012-07-16T10:52:13.455773 #10936] INFO -- : Redaction for way 10681055 v6 visible
I, [2012-07-16T10:52:13.624060 #10938] INFO -- : Redaction for node 94974761 v9 visible
I, [2012-07-16T10:52:13.651069 #10936] INFO -- : Redaction for way 10681055 v7 visible
I, [2012-07-16T10:52:13.852238 #10936] INFO -- : Redaction for way 10681055 v8 visible
I, [2012-07-16T10:52:14.061929 #10936] INFO -- : Redaction for way 10681055 v9 visible
I, [2012-07-16T10:52:14.781502 #10938] INFO -- : Redaction for node 94974761 v10 visible
I, [2012-07-16T10:52:14.949184 #10938] INFO -- : Redaction for node 94974761 v11 visible
I, [2012-07-16T10:52:15.138009 #10938] INFO -- : Redaction for node 94974761 v12 visible
I, [2012-07-16T10:52:15.160132 #10936] INFO -- : Redaction for way 10681055 v10 visible
I, [2012-07-16T10:52:15.272017 #10938] INFO -- : Redaction for node 94974762 v1 hidden
I, [2012-07-16T10:52:15.326877 #10936] INFO -- : Redaction for way 10681055 v11 visible
I, [2012-07-16T10:52:15.404231 #10938] INFO -- : Redaction for node 94974762 v2 visible
I, [2012-07-16T10:52:15.455437 #10936] INFO -- : Redaction for way 10681055 v12 visible
I, [2012-07-16T10:52:15.600412 #10936] INFO -- : Redaction for way 10681055 v13 visible
I, [2012-07-16T10:52:15.627161 #10938] INFO -- : Redaction for node 94974762 v3 visible
I, [2012-07-16T10:52:15.741849 #10936] INFO -- : Redaction for way 10681055 v14 visible
I, [2012-07-16T10:52:15.751762 #10938] INFO -- : Redaction for node 94974762 v4 visible
I, [2012-07-16T10:52:15.868039 #10938] INFO -- : Redaction for node 94974762 v5 visible
I, [2012-07-16T10:52:16.034953 #10938] INFO -- : Redaction for node 94974762 v6 visible
I, [2012-07-16T10:52:16.163978 #10938] INFO -- : Redaction for node 94974762 v7 visible
I, [2012-07-16T10:52:16.288893 #10938] INFO -- : Redaction for node 94974762 v8 visible
I, [2012-07-16T10:52:16.432162 #10938] INFO -- : Redaction for node 94974762 v9 visible
I, [2012-07-16T10:52:16.464197 #10936] INFO -- : Redaction for way 10681055 v15 visible
I, [2012-07-16T10:52:16.579168 #10938] INFO -- : Redaction for node 94974762 v10 visible
I, [2012-07-16T10:52:16.611503 #10936] INFO -- : Redaction for way 10681055 v16 visible
I, [2012-07-16T10:52:16.695262 #10938] INFO -- : Redaction for node 94974762 v11 visible
I, [2012-07-16T10:52:16.768103 #10936] INFO -- : Redaction for way 10681282 v1 hidden
I, [2012-07-16T10:52:16.852085 #10938] INFO -- : Redaction for node 94974762 v12 visible
I, [2012-07-16T10:52:16.920218 #10936] INFO -- : Redaction for way 10681282 v2 hidden
I, [2012-07-16T10:52:17.027908 #10936] INFO -- : Redaction for way 10681282 v3 visible
I, [2012-07-16T10:52:17.127947 #10936] INFO -- : Redaction for way 10681282 v4 visible
I, [2012-07-16T10:52:17.268117 #10936] INFO -- : Redaction for way 10681282 v5 visible
I, [2012-07-16T10:52:17.427069 #10936] INFO -- : Redaction for way 10681282 v6 visible
I, [2012-07-16T10:52:17.556177 #10936] INFO -- : Redaction for way 10681362 v1 hidden
I, [2012-07-16T10:52:17.695156 #10936] INFO -- : Redaction for way 10681362 v2 hidden
I, [2012-07-16T10:52:17.839718 #10936] INFO -- : Redaction for way 10681362 v3 hidden
I, [2012-07-16T10:52:18.612107 #10936] INFO -- : Redaction for way 10681362 v4 hidden
I, [2012-07-16T10:52:19.122084 #10936] INFO -- : Redaction for way 10681362 v5 visible
I, [2012-07-16T10:52:19.225315 #10936] INFO -- : Redaction for way 10681079 v1 hidden
I, [2012-07-16T10:52:19.332837 #10936] INFO -- : Redaction for way 10681079 v2 hidden
I, [2012-07-16T10:52:19.448233 #10936] INFO -- : Redaction for way 10681079 v3 hidden
I, [2012-07-16T10:52:19.551528 #10936] INFO -- : Redaction for way 10681079 v4 visible
D, [2012-07-16T10:52:19.984504 #10936] DEBUG -- : Marking entities succeeded: 66 / 9 / 0
D, [2012-07-16T10:52:19.984677 #10936] DEBUG -- : Nodes: 1587776625,1179150012,95043346,95043347,94600680,94600678,94600677,95043350,94600676,94561975,94561976,94600719,94600720,94600721,94561982,94561981,94610037,94600675,94561977,94600723,94610036,94610038,94600726,94600725,94610035,94610033,94610034,94561980,94598000,94601904,94601903,94561979,94601902,94601901,94601900,94601681,94598477,94598478,94598479,94598480,94598482,94598483,94598484,94598485,94965989,94965988,94965987,94602454,94968374,94968377,94968373,94602453,94968372,94602462,94968371,94968370,94602461,94968369,94602460,94968368,94598488,94598486,94968367,94968365,94968364,94598487
D, [2012-07-16T10:52:19.984717 #10936] DEBUG -- : Ways: 10708163,10681142,10681139,10703961,10682371,10681055,10681282,10681362,10681079
D, [2012-07-16T10:52:19.984746 #10936] DEBUG -- : Relations:
D, [2012-07-16T10:52:19.987482 #10936] DEBUG -- : 4 areas remaining
I, [2012-07-16T10:52:19.987557 #10936] INFO -- : Processing {:minlat=>46.625, :maxlat=>46.75, :minlon=>16.125, :maxlon=>16.1875}
D, [2012-07-16T10:52:20.032251 #10936] DEBUG -- : Processing Entities: 109 / 4 / 0
D, [2012-07-16T10:52:21.050559 #10936] DEBUG -- : No changeset to apply
I, [2012-07-16T10:52:21.050733 #10936] INFO -- : Redaction for node 52589347 v2 hidden
I, [2012-07-16T10:52:26.142667 #10936] INFO -- : Redaction for node 52589347 v3 visible
I, [2012-07-16T10:52:26.229494 #10936] INFO -- : Redaction for node 52589347 v4 visible
I, [2012-07-16T10:52:26.320084 #10936] INFO -- : Redaction for node 52589347 v5 visible
I, [2012-07-16T10:52:26.418241 #10936] INFO -- : Redaction for node 52589347 v6 visible
I, [2012-07-16T10:52:26.507296 #10936] INFO -- : Redaction for node 29524465 v2 hidden
I, [2012-07-16T10:52:26.608069 #10936] INFO -- : Redaction for node 94597260 v1 hidden
I, [2012-07-16T10:52:26.698453 #10936] INFO -- : Redaction for node 94597259 v1 hidden
I, [2012-07-16T10:52:26.799410 #10936] INFO -- : Redaction for node 94597258 v1 hidden
I, [2012-07-16T10:52:26.962184 #10938] INFO -- : Redaction for node 94974763 v1 hidden
I, [2012-07-16T10:52:27.060654 #10938] INFO -- : Redaction for node 94974763 v2 visible
I, [2012-07-16T10:52:27.159590 #10938] INFO -- : Redaction for node 94974763 v3 visible
I, [2012-07-16T10:52:27.227826 #10936] INFO -- : Redaction for node 94562003 v2 hidden
I, [2012-07-16T10:52:27.273632 #10938] INFO -- : Redaction for node 94974763 v4 visible
I, [2012-07-16T10:52:27.318796 #10936] INFO -- : Redaction for node 94562003 v3 hidden
I, [2012-07-16T10:52:27.381821 #10938] INFO -- : Redaction for node 94974763 v5 visible
I, [2012-07-16T10:52:27.419487 #10936] INFO -- : Redaction for node 94562003 v4 visible
I, [2012-07-16T10:52:27.478972 #10938] INFO -- : Redaction for node 94974763 v6 visible
I, [2012-07-16T10:52:27.503283 #10936] INFO -- : Redaction for node 94562003 v5 visible
I, [2012-07-16T10:52:27.568648 #10938] INFO -- : Redaction for node 94974763 v7 visible
I, [2012-07-16T10:52:27.599837 #10936] INFO -- : Redaction for node 94562002 v2 hidden
I, [2012-07-16T10:52:27.663862 #10938] INFO -- : Redaction for node 94974763 v8 visible
I, [2012-07-16T10:52:27.700222 #10936] INFO -- : Redaction for node 94562002 v3 visible
I, [2012-07-16T10:52:27.754293 #10938] INFO -- : Redaction for node 94974763 v9 visible
I, [2012-07-16T10:52:27.796664 #10936] INFO -- : Redaction for node 94562002 v4 visible
I, [2012-07-16T10:52:27.841169 #10938] INFO -- : Redaction for node 94974763 v10 visible
I, [2012-07-16T10:52:27.892973 #10936] INFO -- : Redaction for node 94974727 v1 hidden
I, [2012-07-16T10:52:27.939286 #10938] INFO -- : Redaction for node 94974763 v11 visible
I, [2012-07-16T10:52:27.984304 #10936] INFO -- : Redaction for node 94974727 v2 visible
I, [2012-07-16T10:52:28.042915 #10938] INFO -- : Redaction for node 94974763 v12 visible
I, [2012-07-16T10:52:28.090602 #10936] INFO -- : Redaction for node 94974727 v3 visible
I, [2012-07-16T10:52:28.183714 #10938] INFO -- : Redaction for node 94974764 v1 hidden
I, [2012-07-16T10:52:28.226680 #10936] INFO -- : Redaction for node 94974727 v4 visible
I, [2012-07-16T10:52:28.310960 #10938] INFO -- : Redaction for node 94974764 v2 visible
I, [2012-07-16T10:52:28.483741 #10938] INFO -- : Redaction for node 94974764 v3 visible
I, [2012-07-16T10:52:28.616850 #10938] INFO -- : Redaction for node 94974764 v4 visible
I, [2012-07-16T10:52:28.728792 #10938] INFO -- : Redaction for node 94974764 v5 visible
I, [2012-07-16T10:52:29.088681 #10938] INFO -- : Redaction for node 94974764 v6 visible
I, [2012-07-16T10:52:29.178025 #10938] INFO -- : Redaction for node 94974764 v7 visible
I, [2012-07-16T10:52:29.280095 #10938] INFO -- : Redaction for node 94974764 v8 visible
I, [2012-07-16T10:52:29.376245 #10938] INFO -- : Redaction for node 94974764 v9 visible
I, [2012-07-16T10:52:29.470326 #10938] INFO -- : Redaction for node 94974764 v10 visible
I, [2012-07-16T10:52:29.556384 #10938] INFO -- : Redaction for node 94974764 v11 visible
I, [2012-07-16T10:52:29.653214 #10938] INFO -- : Redaction for node 94974764 v12 visible
I, [2012-07-16T10:52:29.743117 #10938] INFO -- : Redaction for node 94974765 v1 hidden
I, [2012-07-16T10:52:29.842340 #10938] INFO -- : Redaction for node 94974765 v2 visible
I, [2012-07-16T10:52:29.930871 #10938] INFO -- : Redaction for node 94974765 v3 visible
I, [2012-07-16T10:52:30.032406 #10938] INFO -- : Redaction for node 94974765 v4 visible
I, [2012-07-16T10:52:30.114988 #10938] INFO -- : Redaction for node 94974765 v5 visible
I, [2012-07-16T10:52:30.215373 #10938] INFO -- : Redaction for node 94974765 v6 visible
I, [2012-07-16T10:52:30.307766 #10938] INFO -- : Redaction for node 94974765 v7 visible
I, [2012-07-16T10:52:30.404590 #10938] INFO -- : Redaction for node 94974765 v8 visible
I, [2012-07-16T10:52:30.495353 #10938] INFO -- : Redaction for node 94974765 v9 visible
I, [2012-07-16T10:52:30.585166 #10938] INFO -- : Redaction for node 94974765 v10 visible
I, [2012-07-16T10:52:30.684321 #10938] INFO -- : Redaction for node 94974765 v11 visible
I, [2012-07-16T10:52:30.772494 #10938] INFO -- : Redaction for node 94974765 v12 visible
I, [2012-07-16T10:52:30.861459 #10938] INFO -- : Redaction for node 94974766 v1 hidden
I, [2012-07-16T10:52:30.963957 #10938] INFO -- : Redaction for node 94974766 v2 visible
I, [2012-07-16T10:52:31.059105 #10938] INFO -- : Redaction for node 94974766 v3 visible
I, [2012-07-16T10:52:31.146468 #10938] INFO -- : Redaction for node 94974766 v4 visible
I, [2012-07-16T10:52:31.239043 #10938] INFO -- : Redaction for node 94974766 v5 visible
I, [2012-07-16T10:52:31.329992 #10938] INFO -- : Redaction for node 94974766 v6 visible
I, [2012-07-16T10:52:31.419877 #10938] INFO -- : Redaction for node 94974766 v7 visible
I, [2012-07-16T10:52:31.878058 #10938] INFO -- : Redaction for node 94974766 v8 visible
I, [2012-07-16T10:52:31.974948 #10938] INFO -- : Redaction for node 94974766 v9 visible
I, [2012-07-16T10:52:32.068605 #10938] INFO -- : Redaction for node 94974766 v10 visible
I, [2012-07-16T10:52:32.160860 #10938] INFO -- : Redaction for node 94974766 v11 visible
I, [2012-07-16T10:52:32.243929 #10938] INFO -- : Redaction for node 94974766 v12 visible
I, [2012-07-16T10:52:32.332980 #10938] INFO -- : Redaction for node 94974767 v1 hidden
I, [2012-07-16T10:52:32.420573 #10938] INFO -- : Redaction for node 94974767 v2 visible
I, [2012-07-16T10:52:32.507850 #10938] INFO -- : Redaction for node 94974767 v3 visible
I, [2012-07-16T10:52:32.597427 #10938] INFO -- : Redaction for node 94974767 v4 visible
I, [2012-07-16T10:52:33.318767 #10936] INFO -- : Redaction for node 94974727 v5 visible
I, [2012-07-16T10:52:33.407778 #10936] INFO -- : Redaction for node 94974727 v6 visible
I, [2012-07-16T10:52:33.497270 #10936] INFO -- : Redaction for node 94974727 v7 visible
I, [2012-07-16T10:52:33.598869 #10936] INFO -- : Redaction for node 94974727 v8 visible
I, [2012-07-16T10:52:33.712304 #10936] INFO -- : Redaction for node 94974727 v9 visible
I, [2012-07-16T10:52:33.800369 #10936] INFO -- : Redaction for node 94974727 v10 visible
I, [2012-07-16T10:52:33.905963 #10936] INFO -- : Redaction for node 94974727 v11 visible
I, [2012-07-16T10:52:37.687808 #10938] INFO -- : Redaction for node 94974767 v5 visible
