I, [2012-07-16T10:56:37.969406 #10938] INFO -- : Redaction for way 26316230 v4 visible
I, [2012-07-16T10:56:38.055885 #10938] INFO -- : Redaction for way 26316230 v5 visible
I, [2012-07-16T10:56:38.146939 #10938] INFO -- : Redaction for way 26316230 v6 visible
I, [2012-07-16T10:56:38.271723 #10938] INFO -- : Redaction for way 26316230 v7 visible
I, [2012-07-16T10:56:38.369546 #10938] INFO -- : Redaction for way 26316230 v8 visible
D, [2012-07-16T10:56:38.488893 #10938] DEBUG -- : Marking entities succeeded: 40 / 2 / 0
D, [2012-07-16T10:56:38.489003 #10938] DEBUG -- : Nodes: 297573494,1587310505,262672661,262672660,262672663,262672662,262672659,262672657,262672658,262672656,262672655,262672653,262672654,262672647,262672646,262672645,262672644,262672643,262672642,288323799,288323798,288323797,288323800,288323796,288323795,288323794,288323801,288323793,288323802,288323803,288323804,288323806,288323808,288323810,288323812,288323814,288323816,288323818,288323820,288323822
D, [2012-07-16T10:56:38.489055 #10938] DEBUG -- : Ways: 13978937,26316230
D, [2012-07-16T10:56:38.489086 #10938] DEBUG -- : Relations:
D, [2012-07-16T10:56:38.491802 #10938] DEBUG -- : 2 areas remaining
D, [2012-07-16T10:56:38.491866 #10938] DEBUG -- : 3 areas remaining
D, [2012-07-16T10:56:38.491912 #10938] DEBUG -- : 4 areas remaining
I, [2012-07-16T10:56:38.491973 #10938] INFO -- : Processing {:minlat=>46.625, :maxlat=>46.75, :minlon=>16.0625, :maxlon=>16.125}
D, [2012-07-16T10:56:38.534165 #10938] DEBUG -- : Processing Entities: 0 / 0 / 0
D, [2012-07-16T10:56:38.534315 #10938] DEBUG -- : No changeset to apply
D, [2012-07-16T10:56:38.534355 #10938] DEBUG -- : Marking entities succeeded: 0 / 0 / 0
D, [2012-07-16T10:56:38.534400 #10938] DEBUG -- : Nodes:
D, [2012-07-16T10:56:38.534430 #10938] DEBUG -- : Ways:
D, [2012-07-16T10:56:38.534459 #10938] DEBUG -- : Relations:
D, [2012-07-16T10:56:38.534490 #10938] DEBUG -- : 3 areas remaining
I, [2012-07-16T10:56:38.534541 #10938] INFO -- : Processing {:minlat=>46.625, :maxlat=>46.75, :minlon=>16.0, :maxlon=>16.0625}
D, [2012-07-16T10:56:38.578688 #10938] DEBUG -- : Processing Entities: 4 / 0 / 0
D, [2012-07-16T10:56:38.629955 #10938] DEBUG -- : No changeset to apply
I, [2012-07-16T10:56:38.630134 #10938] INFO -- : Redaction for node 1179149484 v1 hidden
I, [2012-07-16T10:56:38.730789 #10938] INFO -- : Redaction for node 1179149484 v2 hidden
D, [2012-07-16T10:56:38.820355 #10938] DEBUG -- : Marking entities succeeded: 4 / 0 / 0
D, [2012-07-16T10:56:38.820452 #10938] DEBUG -- : Nodes: 299729797,1587776628,1179149484,1587776631
D, [2012-07-16T10:56:38.820483 #10938] DEBUG -- : Ways:
D, [2012-07-16T10:56:38.820529 #10938] DEBUG -- : Relations:
D, [2012-07-16T10:56:38.821598 #10938] DEBUG -- : 2 areas remaining
D, [2012-07-16T10:56:38.821689 #10938] DEBUG -- : 3 areas remaining
I, [2012-07-16T10:56:38.821750 #10938] INFO -- : Processing {:minlat=>46.5, :maxlat=>46.625, :minlon=>16.0625, :maxlon=>16.125}
D, [2012-07-16T10:56:38.868149 #10938] DEBUG -- : Processing Entities: 92 / 1 / 0
I, [2012-07-16T10:56:39.621712 #10936] INFO -- : Redaction for node 94974774 v6 visible
I, [2012-07-16T10:56:39.710227 #10936] INFO -- : Redaction for node 94974774 v7 visible
I, [2012-07-16T10:56:39.794037 #10936] INFO -- : Redaction for node 94974774 v8 visible
D, [2012-07-16T10:56:39.797978 #10938] DEBUG -- : Changeset:
I, [2012-07-16T10:56:39.881416 #10936] INFO -- : Redaction for node 94974774 v9 visible
I, [2012-07-16T10:56:39.970840 #10936] INFO -- : Redaction for node 94974774 v10 visible
I, [2012-07-16T10:56:40.086952 #10936] INFO -- : Redaction for node 94974774 v11 visible
I, [2012-07-16T10:56:40.204135 #10936] INFO -- : Redaction for node 94974774 v12 visible
I, [2012-07-16T10:56:40.317299 #10936] INFO -- : Redaction for node 94974775 v1 hidden
I, [2012-07-16T10:56:40.407006 #10936] INFO -- : Redaction for node 94974775 v2 visible
I, [2012-07-16T10:56:45.012357 #10938] INFO -- : Uploaded changeset 12242104
I, [2012-07-16T10:56:45.012452 #10938] INFO -- : Redaction for node 262672667 v1 hidden
I, [2012-07-16T10:56:45.092295 #10938] INFO -- : Redaction for node 262672667 v2 visible
I, [2012-07-16T10:56:45.190816 #10938] INFO -- : Redaction for node 262672668 v1 hidden
I, [2012-07-16T10:56:45.280992 #10938] INFO -- : Redaction for node 262672668 v2 visible
I, [2012-07-16T10:56:45.401036 #10938] INFO -- : Redaction for node 262672665 v1 hidden
I, [2012-07-16T10:56:45.516262 #10936] INFO -- : Redaction for node 94974775 v3 visible
I, [2012-07-16T10:56:45.531564 #10938] INFO -- : Redaction for node 262672665 v2 visible
I, [2012-07-16T10:56:45.655286 #10936] INFO -- : Redaction for node 94974775 v4 visible
I, [2012-07-16T10:56:45.672442 #10938] INFO -- : Redaction for node 262672666 v1 hidden
I, [2012-07-16T10:56:45.800166 #10938] INFO -- : Redaction for node 262672666 v2 visible
I, [2012-07-16T10:56:45.822363 #10936] INFO -- : Redaction for node 94974775 v5 visible
I, [2012-07-16T10:56:45.961025 #10938] INFO -- : Redaction for node 262672671 v1 hidden
I, [2012-07-16T10:56:45.967532 #10936] INFO -- : Redaction for node 94974775 v6 visible
I, [2012-07-16T10:56:46.110210 #10936] INFO -- : Redaction for node 94974775 v7 visible
I, [2012-07-16T10:56:46.305839 #10936] INFO -- : Redaction for node 94974775 v8 visible
I, [2012-07-16T10:56:46.699125 #10938] INFO -- : Redaction for node 262672671 v2 visible
I, [2012-07-16T10:56:46.807341 #10938] INFO -- : Redaction for node 262672669 v1 hidden
I, [2012-07-16T10:56:46.927247 #10938] INFO -- : Redaction for node 262672669 v2 visible
I, [2012-07-16T10:56:47.086057 #10938] INFO -- : Redaction for node 262672664 v1 hidden
I, [2012-07-16T10:56:47.261064 #10938] INFO -- : Redaction for node 262672664 v2 visible
I, [2012-07-16T10:56:47.445992 #10938] INFO -- : Redaction for node 262672670 v1 hidden
I, [2012-07-16T10:56:47.619217 #10938] INFO -- : Redaction for node 262672670 v2 visible
I, [2012-07-16T10:56:51.414198 #10936] INFO -- : Redaction for node 94974775 v9 visible
I, [2012-07-16T10:56:51.489720 #10936] INFO -- : Redaction for node 94974775 v10 visible
I, [2012-07-16T10:56:51.567048 #10936] INFO -- : Redaction for node 94974775 v11 visible
I, [2012-07-16T10:56:51.650932 #10936] INFO -- : Redaction for node 94974775 v12 visible
I, [2012-07-16T10:56:51.747297 #10936] INFO -- : Redaction for node 94974776 v1 hidden
I, [2012-07-16T10:56:51.844551 #10936] INFO -- : Redaction for node 94974776 v2 visible
I, [2012-07-16T10:56:51.979193 #10936] INFO -- : Redaction for node 94974776 v3 visible
I, [2012-07-16T10:56:52.506070 #10936] INFO -- : Redaction for node 94974776 v4 visible
I, [2012-07-16T10:56:52.642099 #10936] INFO -- : Redaction for node 94974776 v5 visible
I, [2012-07-16T10:56:52.778695 #10936] INFO -- : Redaction for node 94974776 v6 visible
I, [2012-07-16T10:56:52.789355 #10938] INFO -- : Redaction for node 262672680 v1 hidden
I, [2012-07-16T10:56:52.887815 #10936] INFO -- : Redaction for node 94974776 v7 visible
I, [2012-07-16T10:56:52.899504 #10938] INFO -- : Redaction for node 262672680 v2 visible
I, [2012-07-16T10:56:52.977146 #10936] INFO -- : Redaction for node 94974776 v8 visible
I, [2012-07-16T10:56:53.086258 #10936] INFO -- : Redaction for node 94974776 v9 visible
I, [2012-07-16T10:56:53.191820 #10936] INFO -- : Redaction for node 94974776 v10 visible
I, [2012-07-16T10:56:53.322699 #10936] INFO -- : Redaction for node 94974776 v11 visible
I, [2012-07-16T10:56:53.434798 #10936] INFO -- : Redaction for node 94974776 v12 visible
I, [2012-07-16T10:56:57.984398 #10938] INFO -- : Redaction for node 262672679 v1 hidden
I, [2012-07-16T10:56:58.085966 #10938] INFO -- : Redaction for node 262672679 v2 visible
I, [2012-07-16T10:56:58.212309 #10938] INFO -- : Redaction for node 262672674 v1 hidden
I, [2012-07-16T10:56:58.322583 #10938] INFO -- : Redaction for node 262672674 v2 visible
I, [2012-07-16T10:56:58.440090 #10938] INFO -- : Redaction for node 262672672 v1 hidden
I, [2012-07-16T10:56:58.565078 #10936] INFO -- : Redaction for node 94974777 v1 hidden
I, [2012-07-16T10:56:58.570542 #10938] INFO -- : Redaction for node 262672672 v2 visible
I, [2012-07-16T10:56:58.651573 #10936] INFO -- : Redaction for node 94974777 v2 visible
I, [2012-07-16T10:56:58.661519 #10938] INFO -- : Redaction for node 262672678 v1 hidden
I, [2012-07-16T10:56:58.752315 #10936] INFO -- : Redaction for node 94974777 v3 visible
I, [2012-07-16T10:56:58.780724 #10938] INFO -- : Redaction for node 262672678 v2 visible
I, [2012-07-16T10:56:58.879860 #10938] INFO -- : Redaction for node 262672681 v1 hidden
I, [2012-07-16T10:56:58.980238 #10938] INFO -- : Redaction for node 262672681 v2 visible
I, [2012-07-16T10:56:59.076498 #10938] INFO -- : Redaction for node 262672675 v1 hidden
I, [2012-07-16T10:56:59.152438 #10936] INFO -- : Redaction for node 94974779 v1 hidden
I, [2012-07-16T10:56:59.162074 #10938] INFO -- : Redaction for node 262672675 v2 visible
I, [2012-07-16T10:56:59.238643 #10936] INFO -- : Redaction for node 94974779 v2 visible
I, [2012-07-16T10:56:59.240329 #10938] INFO -- : Redaction for node 262672673 v1 hidden
I, [2012-07-16T10:56:59.321214 #10938] INFO -- : Redaction for node 262672673 v2 visible
I, [2012-07-16T10:56:59.321945 #10936] INFO -- : Redaction for node 94974779 v3 visible
I, [2012-07-16T10:56:59.404385 #10938] INFO -- : Redaction for node 262672652 v1 hidden
I, [2012-07-16T10:56:59.482879 #10938] INFO -- : Redaction for node 262672652 v2 visible
I, [2012-07-16T10:56:59.560092 #10938] INFO -- : Redaction for node 262672682 v1 hidden
I, [2012-07-16T10:56:59.644102 #10938] INFO -- : Redaction for node 262672682 v2 visible
I, [2012-07-16T10:56:59.732871 #10938] INFO -- : Redaction for node 262672683 v1 hidden
I, [2012-07-16T10:56:59.825265 #10938] INFO -- : Redaction for node 262672683 v2 visible
I, [2012-07-16T10:56:59.917348 #10938] INFO -- : Redaction for node 262672676 v1 hidden
I, [2012-07-16T10:57:00.003857 #10938] INFO -- : Redaction for node 262672676 v2 visible
I, [2012-07-16T10:57:00.080487 #10938] INFO -- : Redaction for node 262672651 v1 hidden
I, [2012-07-16T10:57:00.160100 #10938] INFO -- : Redaction for node 262672651 v2 visible
I, [2012-07-16T10:57:00.243437 #10938] INFO -- : Redaction for node 262672677 v1 hidden
I, [2012-07-16T10:57:00.326504 #10938] INFO -- : Redaction for node 262672677 v2 visible
I, [2012-07-16T10:57:00.414192 #10938] INFO -- : Redaction for node 262672648 v1 hidden
I, [2012-07-16T10:57:00.499552 #10938] INFO -- : Redaction for node 262672648 v2 visible
I, [2012-07-16T10:57:00.579913 #10938] INFO -- : Redaction for node 262672650 v1 hidden
I, [2012-07-16T10:57:00.684813 #10938] INFO -- : Redaction for node 262672650 v2 visible
I, [2012-07-16T10:57:00.784934 #10938] INFO -- : Redaction for node 262672649 v1 hidden
I, [2012-07-16T10:57:00.867652 #10938] INFO -- : Redaction for node 262672649 v2 visible
I, [2012-07-16T10:57:00.948716 #10938] INFO -- : Redaction for node 262672684 v1 hidden
I, [2012-07-16T10:57:01.023433 #10938] INFO -- : Redaction for node 262672684 v2 visible
I, [2012-07-16T10:57:01.105345 #10938] INFO -- : Redaction for node 262672690 v1 hidden
I, [2012-07-16T10:57:01.186893 #10938] INFO -- : Redaction for node 262672690 v2 visible
I, [2012-07-16T10:57:01.267855 #10938] INFO -- : Redaction for node 262672691 v1 hidden
I, [2012-07-16T10:57:01.348227 #10938] INFO -- : Redaction for node 262672691 v2 visible
I, [2012-07-16T10:57:01.422973 #10938] INFO -- : Redaction for node 262672694 v1 hidden
I, [2012-07-16T10:57:01.507674 #10938] INFO -- : Redaction for node 262672694 v2 visible
I, [2012-07-16T10:57:01.586014 #10938] INFO -- : Redaction for node 262672689 v1 hidden
I, [2012-07-16T10:57:01.665831 #10938] INFO -- : Redaction for node 262672689 v2 visible
I, [2012-07-16T10:57:01.748471 #10938] INFO -- : Redaction for node 262672688 v1 hidden
I, [2012-07-16T10:57:01.845973 #10938] INFO -- : Redaction for node 262672688 v2 visible
I, [2012-07-16T10:57:02.235929 #10938] INFO -- : Redaction for node 262672695 v1 hidden
I, [2012-07-16T10:57:02.315288 #10938] INFO -- : Redaction for node 262672695 v2 visible
I, [2012-07-16T10:57:02.404638 #10938] INFO -- : Redaction for node 262672692 v1 hidden
I, [2012-07-16T10:57:02.480593 #10938] INFO -- : Redaction for node 262672692 v2 visible
I, [2012-07-16T10:57:02.567067 #10938] INFO -- : Redaction for node 262672698 v1 hidden
I, [2012-07-16T10:57:04.442076 #10936] INFO -- : Redaction for node 94974780 v1 hidden
I, [2012-07-16T10:57:04.575666 #10936] INFO -- : Redaction for node 94974780 v2 visible
I, [2012-07-16T10:57:04.678935 #10936] INFO -- : Redaction for node 94974780 v3 visible
I, [2012-07-16T10:57:04.782568 #10936] INFO -- : Redaction for node 94974781 v1 hidden
I, [2012-07-16T10:57:04.877900 #10936] INFO -- : Redaction for node 94974781 v2 visible
I, [2012-07-16T10:57:04.988716 #10936] INFO -- : Redaction for node 94974781 v3 visible
I, [2012-07-16T10:57:05.120151 #10936] INFO -- : Redaction for node 94974781 v4 visible
I, [2012-07-16T10:57:05.253881 #10936] INFO -- : Redaction for node 94974781 v5 visible
I, [2012-07-16T10:57:05.879771 #10936] INFO -- : Redaction for node 94974781 v6 visible
I, [2012-07-16T10:57:05.983317 #10936] INFO -- : Redaction for node 94974781 v7 visible
I, [2012-07-16T10:57:06.085371 #10936] INFO -- : Redaction for node 94974781 v8 visible
I, [2012-07-16T10:57:06.165596 #10936] INFO -- : Redaction for node 94974781 v9 visible
I, [2012-07-16T10:57:06.246645 #10936] INFO -- : Redaction for node 94974781 v10 visible
I, [2012-07-16T10:57:06.322224 #10936] INFO -- : Redaction for node 94974781 v11 visible
I, [2012-07-16T10:57:06.401313 #10936] INFO -- : Redaction for node 94974781 v12 visible
I, [2012-07-16T10:57:06.483936 #10936] INFO -- : Redaction for node 94974781 v13 visible
I, [2012-07-16T10:57:06.562576 #10936] INFO -- : Redaction for node 94974782 v1 hidden
I, [2012-07-16T10:57:06.639856 #10936] INFO -- : Redaction for node 94974782 v2 visible
I, [2012-07-16T10:57:06.719165 #10936] INFO -- : Redaction for node 94974782 v3 visible
I, [2012-07-16T10:57:06.797671 #10936] INFO -- : Redaction for node 94974782 v4 visible
I, [2012-07-16T10:57:06.876750 #10936] INFO -- : Redaction for node 94974782 v5 visible
I, [2012-07-16T10:57:07.231425 #10936] INFO -- : Redaction for node 94974782 v6 visible
I, [2012-07-16T10:57:07.311055 #10936] INFO -- : Redaction for node 94974782 v7 visible
I, [2012-07-16T10:57:07.395158 #10936] INFO -- : Redaction for node 94974782 v8 visible
I, [2012-07-16T10:57:07.476236 #10936] INFO -- : Redaction for node 94974782 v9 visible
I, [2012-07-16T10:57:07.560191 #10936] INFO -- : Redaction for node 94974782 v10 visible
I, [2012-07-16T10:57:07.643778 #10936] INFO -- : Redaction for node 94974782 v11 visible
I, [2012-07-16T10:57:07.655039 #10938] INFO -- : Redaction for node 262672698 v2 visible
I, [2012-07-16T10:57:07.721746 #10936] INFO -- : Redaction for node 94974782 v12 visible
I, [2012-07-16T10:57:07.745994 #10938] INFO -- : Redaction for node 262672687 v1 hidden
I, [2012-07-16T10:57:07.810539 #10936] INFO -- : Redaction for node 94969333 v1 hidden
I, [2012-07-16T10:57:07.827986 #10938] INFO -- : Redaction for node 262672687 v2 visible
I, [2012-07-16T10:57:07.899048 #10936] INFO -- : Redaction for node 94969333 v2 visible
I, [2012-07-16T10:57:07.915168 #10938] INFO -- : Redaction for node 262672685 v1 hidden
I, [2012-07-16T10:57:07.989744 #10936] INFO -- : Redaction for node 94969333 v3 visible
I, [2012-07-16T10:57:08.003782 #10938] INFO -- : Redaction for node 262672685 v2 visible
I, [2012-07-16T10:57:08.086412 #10936] INFO -- : Redaction for node 94974783 v1 hidden
I, [2012-07-16T10:57:08.087658 #10938] INFO -- : Redaction for node 262672693 v1 hidden
I, [2012-07-16T10:57:08.177252 #10936] INFO -- : Redaction for node 94974783 v2 visible
I, [2012-07-16T10:57:08.177261 #10938] INFO -- : Redaction for node 262672693 v2 visible
I, [2012-07-16T10:57:08.294477 #10938] INFO -- : Redaction for node 262672697 v1 hidden
I, [2012-07-16T10:57:08.383308 #10938] INFO -- : Redaction for node 262672697 v2 visible
I, [2012-07-16T10:57:08.494893 #10938] INFO -- : Redaction for node 262672696 v1 hidden
I, [2012-07-16T10:57:08.611232 #10938] INFO -- : Redaction for node 262672696 v2 visible
I, [2012-07-16T10:57:08.645503 #10936] INFO -- : Redaction for node 94974783 v3 visible
I, [2012-07-16T10:57:08.708873 #10938] INFO -- : Redaction for node 262672686 v1 hidden
I, [2012-07-16T10:57:08.735035 #10936] INFO -- : Redaction for node 94974783 v4 visible
I, [2012-07-16T10:57:08.812166 #10938] INFO -- : Redaction for node 262672686 v2 visible
I, [2012-07-16T10:57:08.829180 #10936] INFO -- : Redaction for node 94974783 v5 visible
I, [2012-07-16T10:57:08.898118 #10938] INFO -- : Redaction for node 262672639 v1 hidden
I, [2012-07-16T10:57:08.913683 #10936] INFO -- : Redaction for node 94974783 v6 visible
I, [2012-07-16T10:57:08.977812 #10938] INFO -- : Redaction for node 262672639 v2 visible
I, [2012-07-16T10:57:08.995399 #10936] INFO -- : Redaction for node 94974783 v7 visible
I, [2012-07-16T10:57:09.063879 #10938] INFO -- : Redaction for node 262672640 v1 hidden
I, [2012-07-16T10:57:09.079978 #10936] INFO -- : Redaction for node 94974783 v8 visible
I, [2012-07-16T10:57:09.159357 #10938] INFO -- : Redaction for node 262672640 v2 visible
I, [2012-07-16T10:57:09.170313 #10936] INFO -- : Redaction for node 94974783 v9 visible
I, [2012-07-16T10:57:09.243842 #10938] INFO -- : Redaction for node 262672700 v1 hidden
I, [2012-07-16T10:57:09.257332 #10936] INFO -- : Redaction for node 94974783 v10 visible
I, [2012-07-16T10:57:09.332997 #10938] INFO -- : Redaction for node 262672700 v2 visible
I, [2012-07-16T10:57:09.342708 #10936] INFO -- : Redaction for node 94974783 v11 visible
I, [2012-07-16T10:57:09.436645 #10936] INFO -- : Redaction for node 94974783 v12 visible
I, [2012-07-16T10:57:09.559157 #10936] INFO -- : Redaction for node 94974784 v1 hidden
I, [2012-07-16T10:57:09.658621 #10936] INFO -- : Redaction for node 94974784 v2 visible
I, [2012-07-16T10:57:09.747050 #10936] INFO -- : Redaction for node 94974784 v3 visible
I, [2012-07-16T10:57:09.755135 #10938] INFO -- : Redaction for node 262672699 v1 hidden
I, [2012-07-16T10:57:09.844719 #10936] INFO -- : Redaction for node 94974784 v4 visible
I, [2012-07-16T10:57:09.858897 #10938] INFO -- : Redaction for node 262672699 v2 visible
I, [2012-07-16T10:57:09.940271 #10936] INFO -- : Redaction for node 94974784 v5 visible
I, [2012-07-16T10:57:09.961838 #10938] INFO -- : Redaction for node 262672638 v1 hidden
I, [2012-07-16T10:57:10.018623 #10936] INFO -- : Redaction for node 94974784 v6 visible
I, [2012-07-16T10:57:10.046246 #10938] INFO -- : Redaction for node 262672638 v2 visible
I, [2012-07-16T10:57:10.104367 #10936] INFO -- : Redaction for node 94974784 v7 visible
I, [2012-07-16T10:57:10.137804 #10938] INFO -- : Redaction for node 262672641 v1 hidden
I, [2012-07-16T10:57:10.192783 #10936] INFO -- : Redaction for node 94974784 v8 visible
I, [2012-07-16T10:57:10.229274 #10938] INFO -- : Redaction for node 262672641 v2 visible
I, [2012-07-16T10:57:10.271411 #10936] INFO -- : Redaction for node 94974784 v9 visible
I, [2012-07-16T10:57:10.311538 #10938] INFO -- : Redaction for node 262672637 v1 hidden
I, [2012-07-16T10:57:10.346112 #10936] INFO -- : Redaction for node 94974784 v10 visible
I, [2012-07-16T10:57:10.409046 #10938] INFO -- : Redaction for node 262672637 v2 visible
I, [2012-07-16T10:57:10.435747 #10936] INFO -- : Redaction for node 94974784 v11 visible
I, [2012-07-16T10:57:10.863425 #10938] INFO -- : Redaction for node 262672635 v1 hidden
I, [2012-07-16T10:57:10.875910 #10936] INFO -- : Redaction for node 94974784 v12 visible
I, [2012-07-16T10:57:10.981207 #10936] INFO -- : Redaction for node 94974792 v1 hidden
I, [2012-07-16T10:57:11.121246 #10936] INFO -- : Redaction for node 94974792 v2 hidden
I, [2012-07-16T10:57:11.270013 #10936] INFO -- : Redaction for node 94974792 v3 visible
I, [2012-07-16T10:57:11.408888 #10936] INFO -- : Redaction for node 94974793 v1 hidden
I, [2012-07-16T10:57:11.515377 #10936] INFO -- : Redaction for node 94974793 v2 visible
I, [2012-07-16T10:57:15.987112 #10938] INFO -- : Redaction for node 262672635 v2 visible
I, [2012-07-16T10:57:16.102536 #10938] INFO -- : Redaction for node 262672634 v1 hidden
I, [2012-07-16T10:57:16.197091 #10938] INFO -- : Redaction for node 262672634 v2 visible
I, [2012-07-16T10:57:16.290669 #10938] INFO -- : Redaction for node 262672636 v1 hidden
I, [2012-07-16T10:57:16.385631 #10938] INFO -- : Redaction for node 262672636 v2 visible
I, [2012-07-16T10:57:16.466515 #10938] INFO -- : Redaction for node 262672633 v1 hidden
I, [2012-07-16T10:57:16.553361 #10938] INFO -- : Redaction for node 262672633 v2 visible
I, [2012-07-16T10:57:16.610997 #10936] INFO -- : Redaction for node 94974793 v3 visible
I, [2012-07-16T10:57:16.658866 #10938] INFO -- : Redaction for node 262672631 v1 hidden
I, [2012-07-16T10:57:16.713469 #10936] INFO -- : Redaction for node 94974793 v4 visible
I, [2012-07-16T10:57:16.746726 #10938] INFO -- : Redaction for node 262672631 v2 visible
I, [2012-07-16T10:57:16.847901 #10938] INFO -- : Redaction for node 262672701 v1 hidden
I, [2012-07-16T10:57:16.955363 #10938] INFO -- : Redaction for node 262672701 v2 visible
I, [2012-07-16T10:57:17.059756 #10938] INFO -- : Redaction for node 262672702 v1 hidden
I, [2012-07-16T10:57:17.072552 #10936] INFO -- : Redaction for node 94974793 v5 visible
I, [2012-07-16T10:57:17.187926 #10938] INFO -- : Redaction for node 262672702 v2 visible
I, [2012-07-16T10:57:17.267302 #10936] INFO -- : Redaction for node 94974793 v6 visible
I, [2012-07-16T10:57:17.353835 #10938] INFO -- : Redaction for node 1179149692 v1 hidden
I, [2012-07-16T10:57:17.524847 #10938] INFO -- : Redaction for node 1179149692 v2 hidden
I, [2012-07-16T10:57:17.619230 #10938] INFO -- : Redaction for node 262672632 v1 hidden
I, [2012-07-16T10:57:17.822085 #10938] INFO -- : Redaction for node 262672632 v2 visible
I, [2012-07-16T10:57:17.920661 #10936] INFO -- : Redaction for node 94974793 v7 visible
I, [2012-07-16T10:57:17.941527 #10938] INFO -- : Redaction for node 262672703 v1 hidden
I, [2012-07-16T10:57:18.005726 #10936] INFO -- : Redaction for node 94974793 v8 visible
I, [2012-07-16T10:57:18.038763 #10938] INFO -- : Redaction for node 262672703 v2 visible
I, [2012-07-16T10:57:18.093739 #10936] INFO -- : Redaction for node 94974793 v9 visible
I, [2012-07-16T10:57:18.135417 #10938] INFO -- : Redaction for node 262672630 v1 hidden
I, [2012-07-16T10:57:18.185267 #10936] INFO -- : Redaction for node 94974793 v10 visible
I, [2012-07-16T10:57:18.229797 #10938] INFO -- : Redaction for node 262672630 v2 visible
I, [2012-07-16T10:57:18.335790 #10938] INFO -- : Redaction for node 262672707 v1 hidden
I, [2012-07-16T10:57:18.416900 #10938] INFO -- : Redaction for node 262672707 v2 visible
I, [2012-07-16T10:57:18.506999 #10938] INFO -- : Redaction for node 262672629 v1 hidden
I, [2012-07-16T10:57:18.582835 #10938] INFO -- : Redaction for node 262672629 v2 visible
I, [2012-07-16T10:57:18.662951 #10938] INFO -- : Redaction for node 262672706 v1 hidden
I, [2012-07-16T10:57:18.743238 #10938] INFO -- : Redaction for node 262672706 v2 visible
I, [2012-07-16T10:57:18.830816 #10938] INFO -- : Redaction for node 262672709 v1 hidden
I, [2012-07-16T10:57:18.917275 #10938] INFO -- : Redaction for node 262672709 v2 visible
I, [2012-07-16T10:57:19.001193 #10938] INFO -- : Redaction for node 262672708 v1 hidden
I, [2012-07-16T10:57:19.089503 #10938] INFO -- : Redaction for node 262672708 v2 visible
I, [2012-07-16T10:57:19.178480 #10938] INFO -- : Redaction for node 262672705 v1 hidden
I, [2012-07-16T10:57:19.263575 #10938] INFO -- : Redaction for node 262672705 v2 visible
I, [2012-07-16T10:57:19.356087 #10938] INFO -- : Redaction for node 262672704 v1 hidden
I, [2012-07-16T10:57:19.445862 #10938] INFO -- : Redaction for node 262672704 v2 visible
I, [2012-07-16T10:57:19.853649 #10938] INFO -- : Redaction for node 262672628 v1 hidden
I, [2012-07-16T10:57:19.932253 #10938] INFO -- : Redaction for node 262672628 v2 visible
I, [2012-07-16T10:57:20.019461 #10938] INFO -- : Redaction for node 262672710 v1 hidden
I, [2012-07-16T10:57:20.106588 #10938] INFO -- : Redaction for node 262672710 v2 visible
I, [2012-07-16T10:57:20.194759 #10938] INFO -- : Redaction for node 262672627 v1 hidden
I, [2012-07-16T10:57:20.270913 #10938] INFO -- : Redaction for node 262672627 v2 visible
I, [2012-07-16T10:57:20.362082 #10938] INFO -- : Redaction for node 262672626 v1 hidden
I, [2012-07-16T10:57:20.446808 #10938] INFO -- : Redaction for node 262672626 v2 visible
I, [2012-07-16T10:57:20.554855 #10938] INFO -- : Redaction for node 262672625 v1 hidden
I, [2012-07-16T10:57:20.640134 #10938] INFO -- : Redaction for node 262672625 v2 visible
I, [2012-07-16T10:57:20.729937 #10938] INFO -- : Redaction for node 262672711 v1 hidden
I, [2012-07-16T10:57:20.815211 #10938] INFO -- : Redaction for node 262672711 v2 visible
I, [2012-07-16T10:57:20.895607 #10938] INFO -- : Redaction for node 262672717 v1 hidden
I, [2012-07-16T10:57:20.987995 #10938] INFO -- : Redaction for node 262672717 v2 visible
I, [2012-07-16T10:57:21.073329 #10938] INFO -- : Redaction for node 262672716 v1 hidden
I, [2012-07-16T10:57:21.157813 #10938] INFO -- : Redaction for node 262672716 v2 visible
I, [2012-07-16T10:57:21.244605 #10938] INFO -- : Redaction for node 262672712 v1 hidden
I, [2012-07-16T10:57:21.331603 #10938] INFO -- : Redaction for node 262672712 v2 visible
I, [2012-07-16T10:57:21.417775 #10938] INFO -- : Redaction for node 262672713 v1 hidden
I, [2012-07-16T10:57:21.502102 #10938] INFO -- : Redaction for node 262672713 v2 visible
I, [2012-07-16T10:57:21.586569 #10938] INFO -- : Redaction for node 262672715 v1 hidden
I, [2012-07-16T10:57:21.674379 #10938] INFO -- : Redaction for node 262672715 v2 visible
I, [2012-07-16T10:57:21.755878 #10938] INFO -- : Redaction for node 262672718 v1 hidden
I, [2012-07-16T10:57:21.841584 #10938] INFO -- : Redaction for node 262672718 v2 visible
I, [2012-07-16T10:57:21.919087 #10938] INFO -- : Redaction for node 262672624 v1 hidden
I, [2012-07-16T10:57:21.993166 #10938] INFO -- : Redaction for node 262672624 v2 visible
I, [2012-07-16T10:57:22.073215 #10938] INFO -- : Redaction for node 262672623 v1 hidden
I, [2012-07-16T10:57:22.160375 #10938] INFO -- : Redaction for node 262672623 v2 visible
I, [2012-07-16T10:57:22.245849 #10938] INFO -- : Redaction for node 262672714 v1 hidden
I, [2012-07-16T10:57:22.337604 #10938] INFO -- : Redaction for node 262672714 v2 visible
I, [2012-07-16T10:57:22.431402 #10938] INFO -- : Redaction for node 262672622 v1 hidden
I, [2012-07-16T10:57:22.529450 #10938] INFO -- : Redaction for node 262672622 v2 visible
I, [2012-07-16T10:57:22.622170 #10938] INFO -- : Redaction for node 262672719 v1 hidden
I, [2012-07-16T10:57:22.712258 #10938] INFO -- : Redaction for node 262672719 v2 visible
I, [2012-07-16T10:57:22.809106 #10938] INFO -- : Redaction for node 262672721 v1 hidden
I, [2012-07-16T10:57:22.896019 #10938] INFO -- : Redaction for node 262672721 v2 visible
I, [2012-07-16T10:57:22.991287 #10938] INFO -- : Redaction for node 262672720 v1 hidden
I, [2012-07-16T10:57:23.074019 #10938] INFO -- : Redaction for node 262672720 v2 visible
I, [2012-07-16T10:57:23.172427 #10938] INFO -- : Redaction for node 262672621 v1 hidden
I, [2012-07-16T10:57:23.259121 #10938] INFO -- : Redaction for node 262672621 v2 visible
I, [2012-07-16T10:57:23.280491 #10936] INFO -- : Redaction for node 94974793 v11 visible
I, [2012-07-16T10:57:23.356300 #10938] INFO -- : Redaction for node 262672620 v1 hidden
I, [2012-07-16T10:57:23.369513 #10936] INFO -- : Redaction for node 94974793 v12 visible
I, [2012-07-16T10:57:23.461153 #10938] INFO -- : Redaction for node 262672620 v2 visible
I, [2012-07-16T10:57:23.471621 #10936] INFO -- : Redaction for node 94974794 v1 hidden
I, [2012-07-16T10:57:23.552263 #10938] INFO -- : Redaction for node 262672620 v3 visible
I, [2012-07-16T10:57:23.630370 #10938] INFO -- : Redaction for node 262672722 v1 hidden
I, [2012-07-16T10:57:28.559506 #10936] INFO -- : Redaction for node 94974794 v2 visible
I, [2012-07-16T10:57:28.719966 #10938] INFO -- : Redaction for node 262672722 v2 visible
I, [2012-07-16T10:57:28.827804 #10938] INFO -- : Redaction for node 262672723 v1 hidden
I, [2012-07-16T10:57:28.937119 #10938] INFO -- : Redaction for node 262672723 v2 visible
I, [2012-07-16T10:57:29.058975 #10936] INFO -- : Redaction for node 94974794 v3 visible
I, [2012-07-16T10:57:29.094568 #10938] INFO -- : Redaction for node 262672724 v1 hidden
I, [2012-07-16T10:57:29.176991 #10936] INFO -- : Redaction for node 94974794 v4 visible
I, [2012-07-16T10:57:29.202967 #10938] INFO -- : Redaction for node 262672724 v2 visible
I, [2012-07-16T10:57:29.280010 #10936] INFO -- : Redaction for node 94974794 v5 visible
I, [2012-07-16T10:57:29.338121 #10938] INFO -- : Redaction for node 262672726 v1 hidden
I, [2012-07-16T10:57:29.455686 #10936] INFO -- : Redaction for node 94974794 v6 visible
I, [2012-07-16T10:57:29.485814 #10938] INFO -- : Redaction for node 262672726 v2 visible
I, [2012-07-16T10:57:29.583491 #10936] INFO -- : Redaction for node 94974794 v7 visible
I, [2012-07-16T10:57:29.605361 #10938] INFO -- : Redaction for node 262672725 v1 hidden
I, [2012-07-16T10:57:29.672141 #10936] INFO -- : Redaction for node 94974794 v8 visible
I, [2012-07-16T10:57:29.713237 #10938] INFO -- : Redaction for node 262672725 v2 visible
I, [2012-07-16T10:57:29.786563 #10936] INFO -- : Redaction for node 94974794 v9 visible
I, [2012-07-16T10:57:29.908896 #10936] INFO -- : Redaction for node 94974794 v10 visible
I, [2012-07-16T10:57:30.712577 #10936] INFO -- : Redaction for node 94974794 v11 visible
I, [2012-07-16T10:57:30.836864 #10936] INFO -- : Redaction for node 94974794 v12 visible
I, [2012-07-16T10:57:30.948799 #10936] INFO -- : Redaction for node 94974796 v1 hidden
I, [2012-07-16T10:57:31.072840 #10936] INFO -- : Redaction for node 94974796 v2 visible
I, [2012-07-16T10:57:31.152392 #10936] INFO -- : Redaction for node 94974796 v3 visible
I, [2012-07-16T10:57:31.247608 #10936] INFO -- : Redaction for node 94974796 v4 visible
I, [2012-07-16T10:57:31.364747 #10936] INFO -- : Redaction for node 94974796 v5 visible
I, [2012-07-16T10:57:31.460704 #10936] INFO -- : Redaction for node 94974796 v6 visible
I, [2012-07-16T10:57:31.542659 #10936] INFO -- : Redaction for node 94974796 v7 visible
I, [2012-07-16T10:57:31.618663 #10936] INFO -- : Redaction for node 94974796 v8 visible
I, [2012-07-16T10:57:31.713037 #10936] INFO -- : Redaction for node 94974796 v9 visible
I, [2012-07-16T10:57:31.789183 #10936] INFO -- : Redaction for node 94974796 v10 visible
I, [2012-07-16T10:57:31.870696 #10936] INFO -- : Redaction for node 94974796 v11 visible
I, [2012-07-16T10:57:31.950009 #10936] INFO -- : Redaction for node 94974796 v12 visible
I, [2012-07-16T10:57:32.031887 #10936] INFO -- : Redaction for node 94974801 v1 hidden
I, [2012-07-16T10:57:32.104445 #10936] INFO -- : Redaction for node 94974801 v2 visible
I, [2012-07-16T10:57:32.191924 #10936] INFO -- : Redaction for node 94974801 v3 visible
I, [2012-07-16T10:57:32.657257 #10936] INFO -- : Redaction for node 94974801 v4 visible
I, [2012-07-16T10:57:33.022798 #10936] INFO -- : Redaction for node 94974801 v5 visible
I, [2012-07-16T10:57:33.102984 #10936] INFO -- : Redaction for node 94974801 v6 visible
I, [2012-07-16T10:57:33.179237 #10936] INFO -- : Redaction for node 94974801 v7 visible
I, [2012-07-16T10:57:33.262437 #10936] INFO -- : Redaction for node 94974801 v8 visible
I, [2012-07-16T10:57:33.348950 #10936] INFO -- : Redaction for node 94974801 v9 visible
I, [2012-07-16T10:57:33.424040 #10936] INFO -- : Redaction for node 94974801 v10 visible
I, [2012-07-16T10:57:33.498196 #10936] INFO -- : Redaction for node 94974801 v11 visible
I, [2012-07-16T10:57:33.577110 #10936] INFO -- : Redaction for node 94974801 v12 visible
I, [2012-07-16T10:57:33.658033 #10936] INFO -- : Redaction for node 94974802 v1 hidden
I, [2012-07-16T10:57:33.745607 #10936] INFO -- : Redaction for node 94974802 v2 visible
I, [2012-07-16T10:57:33.838012 #10936] INFO -- : Redaction for node 94974802 v3 visible
I, [2012-07-16T10:57:33.916254 #10936] INFO -- : Redaction for node 94974802 v4 visible
I, [2012-07-16T10:57:34.030381 #10936] INFO -- : Redaction for node 94974802 v5 visible
I, [2012-07-16T10:57:34.112979 #10936] INFO -- : Redaction for node 94974802 v6 visible
I, [2012-07-16T10:57:34.215859 #10936] INFO -- : Redaction for node 94974802 v7 visible
I, [2012-07-16T10:57:34.303775 #10936] INFO -- : Redaction for node 94974802 v8 visible
I, [2012-07-16T10:57:34.386880 #10936] INFO -- : Redaction for node 94974802 v9 visible
I, [2012-07-16T10:57:34.472152 #10936] INFO -- : Redaction for node 94974802 v10 visible
I, [2012-07-16T10:57:34.563143 #10936] INFO -- : Redaction for node 94974802 v11 visible
I, [2012-07-16T10:57:34.639463 #10936] INFO -- : Redaction for node 94974802 v12 visible
I, [2012-07-16T10:57:34.723559 #10936] INFO -- : Redaction for node 94974797 v1 hidden
I, [2012-07-16T10:57:34.800081 #10938] INFO -- : Redaction for way 24261126 v1 hidden
I, [2012-07-16T10:57:34.809314 #10936] INFO -- : Redaction for node 94974797 v2 visible
I, [2012-07-16T10:57:34.888931 #10936] INFO -- : Redaction for node 94974797 v3 visible
I, [2012-07-16T10:57:34.896732 #10938] INFO -- : Redaction for way 24261126 v2 visible
I, [2012-07-16T10:57:34.984026 #10936] INFO -- : Redaction for node 94974797 v4 visible
I, [2012-07-16T10:57:35.011947 #10938] INFO -- : Redaction for way 24261126 v3 visible
I, [2012-07-16T10:57:35.078715 #10936] INFO -- : Redaction for node 94974797 v5 visible
I, [2012-07-16T10:57:35.131029 #10938] INFO -- : Redaction for way 24261126 v4 visible
I, [2012-07-16T10:57:35.186275 #10936] INFO -- : Redaction for node 94974797 v6 visible
D, [2012-07-16T10:57:35.241536 #10938] DEBUG -- : Marking entities succeeded: 92 / 1 / 0
D, [2012-07-16T10:57:35.241640 #10938] DEBUG -- : Nodes: 262672667,262672668,262672665,262672666,262672671,262672669,262672664,262672670,262672680,262672679,262672674,262672672,262672678,262672681,262672675,262672673,262672652,262672682,262672683,262672676,262672651,262672677,262672648,262672650,262672649,262672684,262672690,262672691,262672694,262672689,262672688,262672695,262672692,262672698,262672687,262672685,262672693,262672697,262672696,262672686,262672639,262672640,262672700,262672699,262672638,262672641,262672637,262672635,262672634,262672636,262672633,262672631,262672701,262672702,1587776615,1179149692,262672632,262672703,262672630,262672707,262672629,262672706,262672709,262672708,262672705,262672704,262672628,262672710,262672627,262672626,262672625,262672711,262672717,262672716,262672712,262672713,262672715,262672718,262672624,262672623,262672714,262672622,262672719,262672721,262672720,262672621,262672620,262672722,262672723,262672724,262672726,262672725
D, [2012-07-16T10:57:35.241690 #10938] DEBUG -- : Ways: 24261126
D, [2012-07-16T10:57:35.241740 #10938] DEBUG -- : Relations:
D, [2012-07-16T10:57:35.245637 #10938] DEBUG -- : 2 areas remaining
I, [2012-07-16T10:57:35.245719 #10938] INFO -- : Processing {:minlat=>46.5, :maxlat=>46.625, :minlon=>16.0, :maxlon=>16.0625}
D, [2012-07-16T10:57:35.291702 #10938] DEBUG -- : Processing Entities: 2 / 0 / 0
D, [2012-07-16T10:57:35.311125 #10938] DEBUG -- : No changeset to apply
I, [2012-07-16T10:57:35.311185 #10938] INFO -- : Redaction for node 1179149590 v1 hidden
I, [2012-07-16T10:57:35.404422 #10938] INFO -- : Redaction for node 1179149590 v2 hidden
I, [2012-07-16T10:57:35.533544 #10936] INFO -- : Redaction for node 94974797 v7 visible
I, [2012-07-16T10:57:35.706069 #10936] INFO -- : Redaction for node 94974797 v8 visible
D, [2012-07-16T10:57:35.902026 #10938] DEBUG -- : Marking entities succeeded: 2 / 0 / 0
D, [2012-07-16T10:57:35.902100 #10938] DEBUG -- : Nodes: 1179149590,1587776613
D, [2012-07-16T10:57:35.902131 #10938] DEBUG -- : Ways:
D, [2012-07-16T10:57:35.902160 #10938] DEBUG -- : Relations:
D, [2012-07-16T10:57:35.902991 #10938] DEBUG -- : 1 areas remaining
D, [2012-07-16T10:57:35.903044 #10938] DEBUG -- : 2 areas remaining
D, [2012-07-16T10:57:35.903082 #10938] DEBUG -- : 3 areas remaining
D, [2012-07-16T10:57:35.903118 #10938] DEBUG -- : 4 areas remaining
D, [2012-07-16T10:57:35.903154 #10938] DEBUG -- : 5 areas remaining
D, [2012-07-16T10:57:35.903191 #10938] DEBUG -- : 6 areas remaining
I, [2012-07-16T10:57:35.903246 #10938] INFO -- : Processing {:minlat=>46.375, :maxlat=>46.5, :minlon=>16.4375, :maxlon=>16.5}
D, [2012-07-16T10:57:35.943915 #10938] DEBUG -- : Processing Entities: 802 / 102 / 10
I, [2012-07-16T10:57:36.190517 #10936] INFO -- : Redaction for node 94974797 v9 visible
I, [2012-07-16T10:57:36.332993 #10936] INFO -- : Redaction for node 94974797 v10 visible
I, [2012-07-16T10:57:36.415670 #10936] INFO -- : Redaction for node 94974803 v1 hidden
I, [2012-07-16T10:57:36.515971 #10936] INFO -- : Redaction for node 94974803 v2 visible
I, [2012-07-16T10:57:36.597585 #10936] INFO -- : Redaction for node 94974803 v3 visible
I, [2012-07-16T10:57:36.690998 #10936] INFO -- : Redaction for node 94974803 v4 visible
I, [2012-07-16T10:57:36.783139 #10936] INFO -- : Redaction for node 94974803 v5 visible
I, [2012-07-16T10:57:36.864331 #10936] INFO -- : Redaction for node 94974803 v6 visible
I, [2012-07-16T10:57:36.955074 #10936] INFO -- : Redaction for node 94974803 v7 visible
I, [2012-07-16T10:57:37.046116 #10936] INFO -- : Redaction for node 94974803 v8 visible
I, [2012-07-16T10:57:42.148074 #10936] INFO -- : Redaction for node 94974803 v9 visible
I, [2012-07-16T10:57:47.494625 #10936] INFO -- : Redaction for node 94974803 v10 visible
I, [2012-07-16T10:57:47.589688 #10936] INFO -- : Redaction for node 94974803 v11 visible
I, [2012-07-16T10:57:47.683447 #10936] INFO -- : Redaction for node 94974803 v12 visible
I, [2012-07-16T10:57:47.818292 #10936] INFO -- : Redaction for node 94974800 v1 hidden
D, [2012-07-16T10:57:47.820995 #10938] DEBUG -- : Changeset:
I, [2012-07-16T10:57:47.936892 #10938] INFO -- : Uploaded changeset 12242120
I, [2012-07-16T10:57:47.936982 #10938] INFO -- : Redaction for node 435290179 v1 hidden
I, [2012-07-16T10:57:47.938621 #10936] INFO -- : Redaction for node 94974800 v2 visible
I, [2012-07-16T10:57:48.056831 #10938] INFO -- : Redaction for node 694856264 v1 hidden
I, [2012-07-16T10:57:48.141457 #10938] INFO -- : Redaction for node 434382805 v2 hidden
I, [2012-07-16T10:57:48.269496 #10938] INFO -- : Redaction for node 694856255 v1 hidden
I, [2012-07-16T10:57:48.833818 #10938] INFO -- : Redaction for node 694856256 v1 hidden
I, [2012-07-16T10:57:48.935806 #10938] INFO -- : Redaction for node 694856257 v1 hidden
I, [2012-07-16T10:57:49.023139 #10938] INFO -- : Redaction for node 694856258 v1 hidden
I, [2012-07-16T10:57:49.097330 #10938] INFO -- : Redaction for node 502952265 v1 hidden
I, [2012-07-16T10:57:53.344711 #10936] INFO -- : Redaction for node 94974800 v3 visible
I, [2012-07-16T10:57:53.435593 #10936] INFO -- : Redaction for node 94974800 v4 visible
I, [2012-07-16T10:57:53.525160 #10936] INFO -- : Redaction for node 94974800 v5 visible
I, [2012-07-16T10:57:53.627390 #10936] INFO -- : Redaction for node 94974800 v6 visible
I, [2012-07-16T10:57:53.772963 #10936] INFO -- : Redaction for node 94974800 v7 visible
I, [2012-07-16T10:57:53.929655 #10936] INFO -- : Redaction for node 94974800 v8 visible
I, [2012-07-16T10:57:54.065570 #10936] INFO -- : Redaction for node 94974800 v9 visible
I, [2012-07-16T10:57:54.148663 #10936] INFO -- : Redaction for node 94974800 v10 visible
I, [2012-07-16T10:57:54.259183 #10938] INFO -- : Redaction for node 1568933692 v1 hidden
I, [2012-07-16T10:57:54.396793 #10938] INFO -- : Redaction for node 434130013 v1 hidden
I, [2012-07-16T10:57:54.517073 #10938] INFO -- : Redaction for node 694856259 v1 hidden
I, [2012-07-16T10:57:54.704467 #10938] INFO -- : Redaction for node 694856260 v1 hidden
I, [2012-07-16T10:57:54.788208 #10936] INFO -- : Redaction for node 94974800 v11 visible
I, [2012-07-16T10:57:54.825896 #10938] INFO -- : Redaction for node 694856261 v1 hidden
I, [2012-07-16T10:57:55.243564 #10938] INFO -- : Redaction for node 694856262 v1 hidden
I, [2012-07-16T10:57:55.340728 #10938] INFO -- : Redaction for node 694856263 v1 hidden
I, [2012-07-16T10:57:55.427972 #10938] INFO -- : Redaction for node 694856294 v1 hidden
I, [2012-07-16T10:57:55.917309 #10938] INFO -- : Redaction for node 694856295 v1 hidden
I, [2012-07-16T10:57:56.009595 #10938] INFO -- : Redaction for node 694856296 v1 hidden
I, [2012-07-16T10:57:56.107078 #10938] INFO -- : Redaction for node 694856297 v1 hidden
I, [2012-07-16T10:57:56.212023 #10938] INFO -- : Redaction for way 37340703 v1 hidden
I, [2012-07-16T10:57:56.310862 #10938] INFO -- : Redaction for way 37340703 v2 visible
I, [2012-07-16T10:57:56.407533 #10938] INFO -- : Redaction for way 37340703 v3 visible
I, [2012-07-16T10:57:56.511426 #10938] INFO -- : Redaction for way 37340703 v4 hidden
I, [2012-07-16T10:57:56.592034 #10938] INFO -- : Redaction for way 37340703 v5 visible
I, [2012-07-16T10:57:56.696481 #10938] INFO -- : Redaction for way 37340703 v6 visible
I, [2012-07-16T10:57:56.805998 #10938] INFO -- : Redaction for way 37340703 v7 visible
I, [2012-07-16T10:57:56.911214 #10938] INFO -- : Redaction for way 37340703 v8 visible
I, [2012-07-16T10:57:57.015300 #10938] INFO -- : Redaction for way 37340703 v9 visible
I, [2012-07-16T10:57:57.125691 #10938] INFO -- : Redaction for way 37340703 v10 visible
I, [2012-07-16T10:57:57.211900 #10938] INFO -- : Redaction for way 37340703 v11 visible
I, [2012-07-16T10:57:57.316874 #10938] INFO -- : Redaction for way 37340703 v12 visible
I, [2012-07-16T10:57:57.431687 #10938] INFO -- : Redaction for way 37340703 v13 visible
I, [2012-07-16T10:57:57.526401 #10938] INFO -- : Redaction for way 55316142 v1 hidden
I, [2012-07-16T10:57:57.613858 #10938] INFO -- : Redaction for way 55316142 v2 visible
I, [2012-07-16T10:57:57.702429 #10938] INFO -- : Redaction for way 55316142 v3 visible
I, [2012-07-16T10:57:57.844617 #10938] INFO -- : Redaction for way 55316142 v4 visible
I, [2012-07-16T10:57:57.962980 #10938] INFO -- : Redaction for way 55316142 v5 visible
I, [2012-07-16T10:57:58.063074 #10938] INFO -- : Redaction for way 55316142 v6 visible
I, [2012-07-16T10:57:58.174414 #10938] INFO -- : Redaction for way 55316142 v7 visible
I, [2012-07-16T10:57:58.560294 #10938] INFO -- : Redaction for way 55316142 v8 visible
I, [2012-07-16T10:58:00.174602 #10936] INFO -- : Redaction for node 94974800 v12 visible
I, [2012-07-16T10:58:00.285775 #10936] INFO -- : Redaction for node 94974799 v1 hidden
I, [2012-07-16T10:58:00.373534 #10936] INFO -- : Redaction for node 94974804 v1 hidden
I, [2012-07-16T10:58:00.464875 #10936] INFO -- : Redaction for node 94974804 v2 visible
I, [2012-07-16T10:58:00.549807 #10936] INFO -- : Redaction for node 94974804 v3 visible
I, [2012-07-16T10:58:00.636173 #10936] INFO -- : Redaction for node 94974804 v4 visible
I, [2012-07-16T10:58:00.719556 #10936] INFO -- : Redaction for node 94974804 v5 visible
I, [2012-07-16T10:58:00.801365 #10936] INFO -- : Redaction for node 94974804 v6 visible
I, [2012-07-16T10:58:00.879577 #10936] INFO -- : Redaction for node 94974804 v7 visible
I, [2012-07-16T10:58:01.000810 #10936] INFO -- : Redaction for node 94974804 v8 visible
I, [2012-07-16T10:58:01.118704 #10936] INFO -- : Redaction for node 94974804 v9 visible
I, [2012-07-16T10:58:01.256098 #10936] INFO -- : Redaction for node 94974804 v10 visible
I, [2012-07-16T10:58:01.353102 #10936] INFO -- : Redaction for node 94974804 v11 visible
I, [2012-07-16T10:58:01.441217 #10936] INFO -- : Redaction for node 94974804 v12 visible
I, [2012-07-16T10:58:01.528704 #10936] INFO -- : Redaction for node 94974805 v1 hidden
I, [2012-07-16T10:58:01.611001 #10936] INFO -- : Redaction for node 94974805 v2 visible
I, [2012-07-16T10:58:01.698110 #10936] INFO -- : Redaction for node 94974805 v3 visible
I, [2012-07-16T10:58:01.787957 #10936] INFO -- : Redaction for node 94974805 v4 visible
I, [2012-07-16T10:58:01.872404 #10936] INFO -- : Redaction for node 94974805 v5 visible
I, [2012-07-16T10:58:01.961472 #10936] INFO -- : Redaction for node 94974805 v6 visible
I, [2012-07-16T10:58:02.039352 #10936] INFO -- : Redaction for node 94974805 v7 visible
I, [2012-07-16T10:58:02.129397 #10936] INFO -- : Redaction for node 94974805 v8 visible
I, [2012-07-16T10:58:02.206165 #10936] INFO -- : Redaction for node 94974805 v9 visible
I, [2012-07-16T10:58:02.293631 #10936] INFO -- : Redaction for node 94974805 v10 visible
I, [2012-07-16T10:58:02.376989 #10936] INFO -- : Redaction for node 94974805 v11 visible
I, [2012-07-16T10:58:02.465141 #10936] INFO -- : Redaction for node 94974805 v12 visible
I, [2012-07-16T10:58:02.869142 #10936] INFO -- : Redaction for node 94974786 v1 hidden
I, [2012-07-16T10:58:02.952541 #10936] INFO -- : Redaction for node 94974786 v2 visible
I, [2012-07-16T10:58:03.047976 #10936] INFO -- : Redaction for node 94974786 v3 visible
I, [2012-07-16T10:58:03.129968 #10936] INFO -- : Redaction for node 94974786 v4 visible
I, [2012-07-16T10:58:03.207761 #10936] INFO -- : Redaction for node 94974786 v5 visible
I, [2012-07-16T10:58:03.680118 #10938] INFO -- : Redaction for way 35019839 v3 hidden
I, [2012-07-16T10:58:03.798555 #10938] INFO -- : Redaction for way 35019839 v4 visible
I, [2012-07-16T10:58:03.888664 #10938] INFO -- : Redaction for way 35019839 v5 visible
I, [2012-07-16T10:58:04.020878 #10938] INFO -- : Redaction for way 35019839 v6 visible
I, [2012-07-16T10:58:04.134956 #10938] INFO -- : Redaction for way 35019839 v8 visible
I, [2012-07-16T10:58:04.231460 #10938] INFO -- : Redaction for way 35019839 v9 visible
I, [2012-07-16T10:58:04.330394 #10938] INFO -- : Redaction for way 35019839 v10 visible
I, [2012-07-16T10:58:04.422543 #10938] INFO -- : Redaction for way 35019839 v11 visible
I, [2012-07-16T10:58:04.531697 #10938] INFO -- : Redaction for way 35337279 v3 hidden
I, [2012-07-16T10:58:04.625927 #10938] INFO -- : Redaction for way 35337279 v4 visible
I, [2012-07-16T10:58:04.721571 #10938] INFO -- : Redaction for way 35337279 v5 visible
I, [2012-07-16T10:58:05.147212 #10938] INFO -- : Redaction for way 35337279 v6 visible
I, [2012-07-16T10:58:05.252988 #10938] INFO -- : Redaction for way 35337279 v7 visible
I, [2012-07-16T10:58:05.359325 #10938] INFO -- : Redaction for way 35337279 v8 visible
I, [2012-07-16T10:58:05.803043 #10938] INFO -- : Redaction for way 35337279 v9 visible
I, [2012-07-16T10:58:05.900598 #10938] INFO -- : Redaction for way 35337270 v4 hidden
I, [2012-07-16T10:58:06.394385 #10938] INFO -- : Redaction for way 35337270 v5 visible
I, [2012-07-16T10:58:06.489724 #10938] INFO -- : Redaction for way 35337270 v6 visible
I, [2012-07-16T10:58:06.597211 #10938] INFO -- : Redaction for way 35337270 v7 visible
I, [2012-07-16T10:58:06.688770 #10938] INFO -- : Redaction for way 35337270 v8 visible
I, [2012-07-16T10:58:06.812966 #10938] INFO -- : Redaction for way 35337270 v9 visible
I, [2012-07-16T10:58:06.932619 #10938] INFO -- : Redaction for way 35337270 v10 visible
I, [2012-07-16T10:58:07.035361 #10938] INFO -- : Redaction for way 35337270 v11 visible
D, [2012-07-16T10:58:07.146462 #10938] DEBUG -- : Marking entities succeeded: 802 / 102 / 10
